{"id":1940,"date":"2021-08-04T11:28:08","date_gmt":"2021-08-04T09:28:08","guid":{"rendered":"https:\/\/commerces.clervaux.lu\/commerces\/dr-campelo-almeida-silva\/"},"modified":"2025-05-29T13:14:27","modified_gmt":"2025-05-29T11:14:27","slug":"dr-campelo-almeida-silva","status":"publish","type":"listing","link":"https:\/\/commerces.clervaux.lu\/de\/commerces\/dr-campelo-almeida-silva\/","title":{"rendered":"Zahnarztpraxis Camp\u00ealo und Tavares Clervaux"},"content":{"rendered":"\n<p>Das Team der Zahnarztpraxis mit 5 Zahn\u00e4rzten mit Sitz in\u00a0<strong>Ettelbruck<\/strong>\u00a0und\u00a0<strong>Clervaux<\/strong>\u00a0bietet von Montag bis Samstag zahn\u00e4rztliche Behandlungen an. Sie behandeln auch die Z\u00e4hne Ihrer Kinder, sobald diese ihre ersten Z\u00e4hne bekommen. F\u00fcr eine Zahnuntersuchung, einen Notfall oder eine kieferorthop\u00e4dische Behandlung wenden Sie sich bitte an Dr. Tavares und Dr. Camp\u00ealo.<\/p>\n","protected":false},"featured_media":4452,"template":"","listing_category":[716],"listing_location":[16],"listing_tag":[2147,1253,1262],"class_list":["post-1940","listing","type-listing","status-publish","has-post-thumbnail","hentry","listing_category-gesundheit","listing_location-clervaux","listing_tag-praxis","listing_tag-dentiste-de","listing_tag-soin-dentaire-de"],"acf":{"location":{"address":"12 Rte d'Eselborn L-9706 Clervaux","lat":50.0620968,"lng":6.0212115,"zoom":14,"place_id":"ChIJIwsjFlYIwEcRU1DcBxv5JJc","street_number":"12","street_name":"Route d'Eselborn","street_name_short":"Rte d'Eselborn","city":"Clervaux","state":"Clervaux","post_code":"9706","country":"Luxemburg","country_short":"LU"},"phone":"+352 92 93 44 \/ +352 661 929 344","email":"secretariatcampelotavares@gmail.com","website":"https:\/\/www.cabinet-campelo-tavares.lu","timings":"MO\t8.00 \u2013 20.30<br \/>\r\nDI\t8.00 \u2013 20.30<br \/>\r\nMI\t8.00 \u2013 20.30<br \/>\r\nDO\t8.00 \u2013 20.30<br \/>\r\nFR\t8.00 \u2013 20.30<br \/>\r\nSA\t8.00 \u2013 13.30<br \/>\r\nSO\tGeschlossen<br \/>\r\n","gallery":false,"logo":{"ID":2502,"id":2502,"title":"Test Dentiste_267804683_Preview","filename":"Test-Dentiste_267804683_Preview.jpeg","filesize":103233,"url":"https:\/\/commerces.clervaux.lu\/wp-content\/uploads\/Test-Dentiste_267804683_Preview.jpeg","link":"https:\/\/commerces.clervaux.lu\/de\/commerces\/cabinet-dentaire-campelo-tavares\/test-dentiste_267804683_preview-2\/","alt":"","author":"2","description":"","caption":"","name":"test-dentiste_267804683_preview-2","status":"inherit","uploaded_to":1953,"date":"2022-04-04 12:56:45","modified":"2022-04-06 16:17:50","menu_order":0,"mime_type":"image\/jpeg","type":"image","subtype":"jpeg","icon":"https:\/\/commerces.clervaux.lu\/wp-includes\/images\/media\/default.png","width":1000,"height":418,"sizes":{"thumbnail":"https:\/\/commerces.clervaux.lu\/wp-content\/uploads\/Test-Dentiste_267804683_Preview-150x150.jpeg","thumbnail-width":150,"thumbnail-height":150,"medium":"https:\/\/commerces.clervaux.lu\/wp-content\/uploads\/Test-Dentiste_267804683_Preview-670x280.jpeg","medium-width":670,"medium-height":280,"medium_large":"https:\/\/commerces.clervaux.lu\/wp-content\/uploads\/Test-Dentiste_267804683_Preview-768x321.jpeg","medium_large-width":768,"medium_large-height":321,"large":"https:\/\/commerces.clervaux.lu\/wp-content\/uploads\/Test-Dentiste_267804683_Preview.jpeg","large-width":1000,"large-height":418,"1536x1536":"https:\/\/commerces.clervaux.lu\/wp-content\/uploads\/Test-Dentiste_267804683_Preview.jpeg","1536x1536-width":1000,"1536x1536-height":418,"2048x2048":"https:\/\/commerces.clervaux.lu\/wp-content\/uploads\/Test-Dentiste_267804683_Preview.jpeg","2048x2048-width":1000,"2048x2048-height":418,"landscape":"https:\/\/commerces.clervaux.lu\/wp-content\/uploads\/Test-Dentiste_267804683_Preview.jpeg","landscape-width":1000,"landscape-height":418}},"video":"","timings_v2":[{"day":"Montag","slot":[{"value":"8.00 - 20.30"}]},{"day":"Dienstag","slot":[{"value":"8.00 - 20.30"}]},{"day":"Mittwoch","slot":[{"value":"8.00 - 20.30"}]},{"day":"Donnerstag","slot":[{"value":"8.00 - 20.30"}]},{"day":"Freitag","slot":[{"value":"8.00 - 20.30"}]},{"day":"Samstag","slot":[{"value":"8.00 - 13.30"}]},{"day":"Sonntag","slot":[{"value":"Geschlossen"}]}]},"yoast_head":"<!-- This site is optimized with the Yoast SEO plugin v22.3 - https:\/\/yoast.com\/wordpress\/plugins\/seo\/ -->\n<title>Zahnarztpraxis Camp\u00ealo und Tavares Clervaux - Administration Communale de Clervaux<\/title>\n<meta name=\"robots\" content=\"index, follow, max-snippet:-1, max-image-preview:large, max-video-preview:-1\" \/>\n<link rel=\"canonical\" href=\"https:\/\/commerces.clervaux.lu\/de\/commerces\/dr-campelo-almeida-silva\/\" \/>\n<meta property=\"og:locale\" content=\"de_DE\" \/>\n<meta property=\"og:type\" content=\"article\" \/>\n<meta property=\"og:title\" content=\"Zahnarztpraxis Camp\u00ealo und Tavares Clervaux - Administration Communale de Clervaux\" \/>\n<meta property=\"og:description\" content=\"Das Team der Zahnarztpraxis mit 5 Zahn\u00e4rzten mit Sitz in\u00a0Ettelbruck\u00a0und\u00a0Clervaux\u00a0bietet von Montag bis Samstag zahn\u00e4rztliche Behandlungen an. Sie behandeln auch [&hellip;]\" \/>\n<meta property=\"og:url\" content=\"https:\/\/commerces.clervaux.lu\/de\/commerces\/dr-campelo-almeida-silva\/\" \/>\n<meta property=\"og:site_name\" content=\"Administration Communale de Clervaux\" \/>\n<meta property=\"article:modified_time\" content=\"2025-05-29T11:14:27+00:00\" \/>\n<meta property=\"og:image\" content=\"https:\/\/commerces.clervaux.lu\/wp-content\/uploads\/Dentiste-1400-x-425.png\" \/>\n\t<meta property=\"og:image:width\" content=\"1400\" \/>\n\t<meta property=\"og:image:height\" content=\"425\" \/>\n\t<meta property=\"og:image:type\" content=\"image\/png\" \/>\n<meta name=\"twitter:card\" content=\"summary_large_image\" \/>\n<script type=\"application\/ld+json\" class=\"yoast-schema-graph\">{\"@context\":\"https:\/\/schema.org\",\"@graph\":[{\"@type\":\"WebPage\",\"@id\":\"https:\/\/commerces.clervaux.lu\/de\/commerces\/dr-campelo-almeida-silva\/\",\"url\":\"https:\/\/commerces.clervaux.lu\/de\/commerces\/dr-campelo-almeida-silva\/\",\"name\":\"Zahnarztpraxis Camp\u00ealo und Tavares Clervaux - Administration Communale de Clervaux\",\"isPartOf\":{\"@id\":\"https:\/\/commerces.clervaux.lu\/de\/#website\"},\"primaryImageOfPage\":{\"@id\":\"https:\/\/commerces.clervaux.lu\/de\/commerces\/dr-campelo-almeida-silva\/#primaryimage\"},\"image\":{\"@id\":\"https:\/\/commerces.clervaux.lu\/de\/commerces\/dr-campelo-almeida-silva\/#primaryimage\"},\"thumbnailUrl\":\"https:\/\/commerces.clervaux.lu\/wp-content\/uploads\/Dentiste-1400-x-425.png\",\"datePublished\":\"2021-08-04T09:28:08+00:00\",\"dateModified\":\"2025-05-29T11:14:27+00:00\",\"breadcrumb\":{\"@id\":\"https:\/\/commerces.clervaux.lu\/de\/commerces\/dr-campelo-almeida-silva\/#breadcrumb\"},\"inLanguage\":\"de\",\"potentialAction\":[{\"@type\":\"ReadAction\",\"target\":[\"https:\/\/commerces.clervaux.lu\/de\/commerces\/dr-campelo-almeida-silva\/\"]}]},{\"@type\":\"ImageObject\",\"inLanguage\":\"de\",\"@id\":\"https:\/\/commerces.clervaux.lu\/de\/commerces\/dr-campelo-almeida-silva\/#primaryimage\",\"url\":\"https:\/\/commerces.clervaux.lu\/wp-content\/uploads\/Dentiste-1400-x-425.png\",\"contentUrl\":\"https:\/\/commerces.clervaux.lu\/wp-content\/uploads\/Dentiste-1400-x-425.png\",\"width\":1400,\"height\":425},{\"@type\":\"BreadcrumbList\",\"@id\":\"https:\/\/commerces.clervaux.lu\/de\/commerces\/dr-campelo-almeida-silva\/#breadcrumb\",\"itemListElement\":[{\"@type\":\"ListItem\",\"position\":1,\"name\":\"Home\",\"item\":\"https:\/\/commerces.clervaux.lu\/de\/\"},{\"@type\":\"ListItem\",\"position\":2,\"name\":\"Commerces\",\"item\":\"https:\/\/commerces.clervaux.lu\/commerces\/\"},{\"@type\":\"ListItem\",\"position\":3,\"name\":\"Gesundheit\",\"item\":\"https:\/\/commerces.clervaux.lu\/de\/type\/gesundheit\/\"},{\"@type\":\"ListItem\",\"position\":4,\"name\":\"Zahnarztpraxis Camp\u00ealo und Tavares Clervaux\"}]},{\"@type\":\"WebSite\",\"@id\":\"https:\/\/commerces.clervaux.lu\/de\/#website\",\"url\":\"https:\/\/commerces.clervaux.lu\/de\/\",\"name\":\"Administration Communale de Clervaux\",\"description\":\"Un site utilisant WordPress\",\"potentialAction\":[{\"@type\":\"SearchAction\",\"target\":{\"@type\":\"EntryPoint\",\"urlTemplate\":\"https:\/\/commerces.clervaux.lu\/de\/?s={search_term_string}\"},\"query-input\":\"required name=search_term_string\"}],\"inLanguage\":\"de\"}]}<\/script>\n<!-- \/ Yoast SEO plugin. -->","yoast_head_json":{"title":"Zahnarztpraxis Camp\u00ealo und Tavares Clervaux - Administration Communale de Clervaux","robots":{"index":"index","follow":"follow","max-snippet":"max-snippet:-1","max-image-preview":"max-image-preview:large","max-video-preview":"max-video-preview:-1"},"canonical":"https:\/\/commerces.clervaux.lu\/de\/commerces\/dr-campelo-almeida-silva\/","og_locale":"de_DE","og_type":"article","og_title":"Zahnarztpraxis Camp\u00ealo und Tavares Clervaux - Administration Communale de Clervaux","og_description":"Das Team der Zahnarztpraxis mit 5 Zahn\u00e4rzten mit Sitz in\u00a0Ettelbruck\u00a0und\u00a0Clervaux\u00a0bietet von Montag bis Samstag zahn\u00e4rztliche Behandlungen an. Sie behandeln auch [&hellip;]","og_url":"https:\/\/commerces.clervaux.lu\/de\/commerces\/dr-campelo-almeida-silva\/","og_site_name":"Administration Communale de Clervaux","article_modified_time":"2025-05-29T11:14:27+00:00","og_image":[{"width":1400,"height":425,"url":"https:\/\/commerces.clervaux.lu\/wp-content\/uploads\/Dentiste-1400-x-425.png","type":"image\/png"}],"twitter_card":"summary_large_image","schema":{"@context":"https:\/\/schema.org","@graph":[{"@type":"WebPage","@id":"https:\/\/commerces.clervaux.lu\/de\/commerces\/dr-campelo-almeida-silva\/","url":"https:\/\/commerces.clervaux.lu\/de\/commerces\/dr-campelo-almeida-silva\/","name":"Zahnarztpraxis Camp\u00ealo und Tavares Clervaux - Administration Communale de Clervaux","isPartOf":{"@id":"https:\/\/commerces.clervaux.lu\/de\/#website"},"primaryImageOfPage":{"@id":"https:\/\/commerces.clervaux.lu\/de\/commerces\/dr-campelo-almeida-silva\/#primaryimage"},"image":{"@id":"https:\/\/commerces.clervaux.lu\/de\/commerces\/dr-campelo-almeida-silva\/#primaryimage"},"thumbnailUrl":"https:\/\/commerces.clervaux.lu\/wp-content\/uploads\/Dentiste-1400-x-425.png","datePublished":"2021-08-04T09:28:08+00:00","dateModified":"2025-05-29T11:14:27+00:00","breadcrumb":{"@id":"https:\/\/commerces.clervaux.lu\/de\/commerces\/dr-campelo-almeida-silva\/#breadcrumb"},"inLanguage":"de","potentialAction":[{"@type":"ReadAction","target":["https:\/\/commerces.clervaux.lu\/de\/commerces\/dr-campelo-almeida-silva\/"]}]},{"@type":"ImageObject","inLanguage":"de","@id":"https:\/\/commerces.clervaux.lu\/de\/commerces\/dr-campelo-almeida-silva\/#primaryimage","url":"https:\/\/commerces.clervaux.lu\/wp-content\/uploads\/Dentiste-1400-x-425.png","contentUrl":"https:\/\/commerces.clervaux.lu\/wp-content\/uploads\/Dentiste-1400-x-425.png","width":1400,"height":425},{"@type":"BreadcrumbList","@id":"https:\/\/commerces.clervaux.lu\/de\/commerces\/dr-campelo-almeida-silva\/#breadcrumb","itemListElement":[{"@type":"ListItem","position":1,"name":"Home","item":"https:\/\/commerces.clervaux.lu\/de\/"},{"@type":"ListItem","position":2,"name":"Commerces","item":"https:\/\/commerces.clervaux.lu\/commerces\/"},{"@type":"ListItem","position":3,"name":"Gesundheit","item":"https:\/\/commerces.clervaux.lu\/de\/type\/gesundheit\/"},{"@type":"ListItem","position":4,"name":"Zahnarztpraxis Camp\u00ealo und Tavares Clervaux"}]},{"@type":"WebSite","@id":"https:\/\/commerces.clervaux.lu\/de\/#website","url":"https:\/\/commerces.clervaux.lu\/de\/","name":"Administration Communale de Clervaux","description":"Un site utilisant WordPress","potentialAction":[{"@type":"SearchAction","target":{"@type":"EntryPoint","urlTemplate":"https:\/\/commerces.clervaux.lu\/de\/?s={search_term_string}"},"query-input":"required name=search_term_string"}],"inLanguage":"de"}]}},"publishpress_future_action":{"enabled":false,"date":"2026-05-09 09:24:55","action":"draft","terms":[],"taxonomy":"listing_category"},"_links":{"self":[{"href":"https:\/\/commerces.clervaux.lu\/de\/wp-json\/wp\/v2\/listing\/1940","targetHints":{"allow":["GET"]}}],"collection":[{"href":"https:\/\/commerces.clervaux.lu\/de\/wp-json\/wp\/v2\/listing"}],"about":[{"href":"https:\/\/commerces.clervaux.lu\/de\/wp-json\/wp\/v2\/types\/listing"}],"wp:featuredmedia":[{"embeddable":true,"href":"https:\/\/commerces.clervaux.lu\/de\/wp-json\/wp\/v2\/media\/4452"}],"wp:attachment":[{"href":"https:\/\/commerces.clervaux.lu\/de\/wp-json\/wp\/v2\/media?parent=1940"}],"wp:term":[{"taxonomy":"listing_category","embeddable":true,"href":"https:\/\/commerces.clervaux.lu\/de\/wp-json\/wp\/v2\/listing_category?post=1940"},{"taxonomy":"listing_location","embeddable":true,"href":"https:\/\/commerces.clervaux.lu\/de\/wp-json\/wp\/v2\/listing_location?post=1940"},{"taxonomy":"listing_tag","embeddable":true,"href":"https:\/\/commerces.clervaux.lu\/de\/wp-json\/wp\/v2\/listing_tag?post=1940"}],"curies":[{"name":"wp","href":"https:\/\/api.w.org\/{rel}","templated":true}]}}

Zahnarztpraxis Campêlo und Tavares Clervaux

<p>Das Team der Zahnarztpraxis mit 5 Zahnärzten mit Sitz in <strong>Ettelbruck</strong> und <strong>Clervaux</strong> bietet von Montag bis Samstag zahnärztliche Behandlungen an. Sie behandeln auch die Zähne Ihrer Kinder, sobald diese ihre ersten Zähne bekommen. Für eine Zahnuntersuchung, einen Notfall oder eine kieferorthopädische Behandlung wenden Sie sich bitte an Dr. Tavares und Dr. Campêlo.</p>

<!-- This site is optimized with the Yoast SEO plugin v22.3 - https://yoast.com/wordpress/plugins/seo/ -->
<title>Zahnarztpraxis Campêlo und Tavares Clervaux - Administration Communale de Clervaux</title>
<meta name="robots" content="index, follow, max-snippet:-1, max-image-preview:large, max-video-preview:-1" />
<link rel="canonical" href="https://commerces.clervaux.lu/de/commerces/dr-campelo-almeida-silva/" />
<meta property="og:locale" content="de_DE" />
<meta property="og:type" content="article" />
<meta property="og:title" content="Zahnarztpraxis Campêlo und Tavares Clervaux - Administration Communale de Clervaux" />
<meta property="og:description" content="Das Team der Zahnarztpraxis mit 5 Zahnärzten mit Sitz in Ettelbruck und Clervaux bietet von Montag bis Samstag zahnärztliche Behandlungen an. Sie behandeln auch [&hellip;]" />
<meta property="og:url" content="https://commerces.clervaux.lu/de/commerces/dr-campelo-almeida-silva/" />
<meta property="og:site_name" content="Administration Communale de Clervaux" />
<meta property="article:modified_time" content="2025-05-29T11:14:27+00:00" />
<meta property="og:image" content="https://commerces.clervaux.lu/wp-content/uploads/Dentiste-1400-x-425.png" />
	<meta property="og:image:width" content="1400" />
	<meta property="og:image:height" content="425" />
	<meta property="og:image:type" content="image/png" />
<meta name="twitter:card" content="summary_large_image" />
<script type="application/ld+json" class="yoast-schema-graph">{"@context":"https://schema.org","@graph":[{"@type":"WebPage","@id":"https://commerces.clervaux.lu/de/commerces/dr-campelo-almeida-silva/","url":"https://commerces.clervaux.lu/de/commerces/dr-campelo-almeida-silva/","name":"Zahnarztpraxis Campêlo und Tavares Clervaux - Administration Communale de Clervaux","isPartOf":{"@id":"https://commerces.clervaux.lu/de/#website"},"primaryImageOfPage":{"@id":"https://commerces.clervaux.lu/de/commerces/dr-campelo-almeida-silva/#primaryimage"},"image":{"@id":"https://commerces.clervaux.lu/de/commerces/dr-campelo-almeida-silva/#primaryimage"},"thumbnailUrl":"https://commerces.clervaux.lu/wp-content/uploads/Dentiste-1400-x-425.png","datePublished":"2021-08-04T09:28:08+00:00","dateModified":"2025-05-29T11:14:27+00:00","breadcrumb":{"@id":"https://commerces.clervaux.lu/de/commerces/dr-campelo-almeida-silva/#breadcrumb"},"inLanguage":"de","potentialAction":[{"@type":"ReadAction","target":["https://commerces.clervaux.lu/de/commerces/dr-campelo-almeida-silva/"]}]},{"@type":"ImageObject","inLanguage":"de","@id":"https://commerces.clervaux.lu/de/commerces/dr-campelo-almeida-silva/#primaryimage","url":"https://commerces.clervaux.lu/wp-content/uploads/Dentiste-1400-x-425.png","contentUrl":"https://commerces.clervaux.lu/wp-content/uploads/Dentiste-1400-x-425.png","width":1400,"height":425},{"@type":"BreadcrumbList","@id":"https://commerces.clervaux.lu/de/commerces/dr-campelo-almeida-silva/#breadcrumb","itemListElement":[{"@type":"ListItem","position":1,"name":"Home","item":"https://commerces.clervaux.lu/de/"},{"@type":"ListItem","position":2,"name":"Commerces","item":"https://commerces.clervaux.lu/commerces/"},{"@type":"ListItem","position":3,"name":"Gesundheit","item":"https://commerces.clervaux.lu/de/type/gesundheit/"},{"@type":"ListItem","position":4,"name":"Zahnarztpraxis Campêlo und Tavares Clervaux"}]},{"@type":"WebSite","@id":"https://commerces.clervaux.lu/de/#website","url":"https://commerces.clervaux.lu/de/","name":"Administration Communale de Clervaux","description":"Un site utilisant WordPress","potentialAction":[{"@type":"SearchAction","target":{"@type":"EntryPoint","urlTemplate":"https://commerces.clervaux.lu/de/?s={search_term_string}"},"query-input":"required name=search_term_string"}],"inLanguage":"de"}]}</script>
<!-- / Yoast SEO plugin. -->

Zahnarztpraxis Campêlo und Tavares Clervaux - Administration Communale de Clervaux

Das Team der Zahnarztpraxis mit 5 Zahnärzten mit Sitz in Ettelbruck und Clervaux bietet von Montag bis Samstag zahnärztliche Behandlungen an. Sie behandeln auch [&hellip;]
