{"id":1966,"date":"2021-02-02T08:15:07","date_gmt":"2021-02-02T07:15:07","guid":{"rendered":"https:\/\/commerces.clervaux.lu\/commerces\/agence-foyer-olivier-thielen\/"},"modified":"2025-05-09T17:47:33","modified_gmt":"2025-05-09T15:47:33","slug":"agence-foyer-olivier-thielen","status":"publish","type":"listing","link":"https:\/\/commerces.clervaux.lu\/de\/commerces\/agence-foyer-olivier-thielen\/","title":{"rendered":"Agentur Versicherungen Foyer Olivier Thielen"},"content":{"rendered":"\n<p>Die Agentur Foyer Olivier Thielen bietet Ihnen eine Gesamt\u00fcbersicht \u00fcber Ihre Versicherungen, eine pers\u00f6nliche Beratung und einen professionellen Service. Die Agentur begleitet Sie bei jedem wichtigen Schritt Ihres Lebens und helfen Ihnen, Ihre Tr\u00e4ume zu verwirklichen: den Kauf Ihres ersten Autos, den Erstbezug Ihrer Wohnung, den Schutz Ihrer Familie, Ihre Reisen und Hobbys und die Finanzierung eines unbeschwerten Lebens nach der Pensionierung.\u00a0<\/p>\n","protected":false},"featured_media":3015,"template":"","listing_category":[712],"listing_location":[34],"listing_tag":[1480,798,801,796,797],"class_list":["post-1966","listing","type-listing","status-publish","has-post-thumbnail","hentry","listing_category-dienstleistung","listing_location-heinerscheid","listing_tag-beratung","listing_tag-epargne-de","listing_tag-protection-de","listing_tag-assurance-de","listing_tag-prevoyance-de"],"acf":{"location":{"address":"64 Hauptstrooss, Heinerscheid, Luxembourg","lat":50.09548710000001,"lng":6.0867342,"zoom":14,"place_id":"ChIJb8s7Lxv2v0cRtLa0_D5jDVs","name":"64 Hauptstrooss","street_number":"64","street_name":"Hauptstrooss","city":"Hengescht","state":"Distrikt Dikrech","post_code":"9753","country":"Luxembourg","country_short":"LU"},"phone":"+325 26 91 00 56 ","email":"thielen@agencefoyer.lu","website":"https:\/\/www.agencethielen.lu","timings":"MO \t09.00 - 12.00 \/ nachmittags nach Vereinbarung <br \/>\r\nDI \t09.00 - 12.00 \/ 14.00 - 17.00 <br \/>\r\nMI\t09.00 - 12.00 \/ nachmittags nach Vereinbarung<br \/>\r\nDO \t09.00 - 12.00 \/ 14.00 - 17.00 <br \/>\r\nFR \t09.00 - 12.00 \/ nachmittags nach Vereinbarung <br \/>\r\nSA \tgeschlossen <br \/>\r\nSO \tgeschlossen<br \/>\r\n","gallery":false,"logo":{"ID":4579,"id":4579,"title":"Agence Thielen Heinerscheid","filename":"Agence-Thielen-Heinerscheid.jpg","filesize":86830,"url":"https:\/\/commerces.clervaux.lu\/wp-content\/uploads\/Agence-Thielen-Heinerscheid.jpg","link":"https:\/\/commerces.clervaux.lu\/de\/commerces\/agence-foyer-olivier-thielen\/agence-thielen-heinerscheid-2\/","alt":"","author":"2","description":"","caption":"","name":"agence-thielen-heinerscheid-2","status":"inherit","uploaded_to":1966,"date":"2025-05-09 15:45:44","modified":"2025-05-09 15:45:44","menu_order":0,"mime_type":"image\/jpeg","type":"image","subtype":"jpeg","icon":"https:\/\/commerces.clervaux.lu\/wp-includes\/images\/media\/default.png","width":1119,"height":669,"sizes":{"thumbnail":"https:\/\/commerces.clervaux.lu\/wp-content\/uploads\/Agence-Thielen-Heinerscheid-150x150.jpg","thumbnail-width":150,"thumbnail-height":150,"medium":"https:\/\/commerces.clervaux.lu\/wp-content\/uploads\/Agence-Thielen-Heinerscheid-670x401.jpg","medium-width":670,"medium-height":401,"medium_large":"https:\/\/commerces.clervaux.lu\/wp-content\/uploads\/Agence-Thielen-Heinerscheid-768x459.jpg","medium_large-width":768,"medium_large-height":459,"large":"https:\/\/commerces.clervaux.lu\/wp-content\/uploads\/Agence-Thielen-Heinerscheid-1024x612.jpg","large-width":1024,"large-height":612,"1536x1536":"https:\/\/commerces.clervaux.lu\/wp-content\/uploads\/Agence-Thielen-Heinerscheid.jpg","1536x1536-width":1119,"1536x1536-height":669,"2048x2048":"https:\/\/commerces.clervaux.lu\/wp-content\/uploads\/Agence-Thielen-Heinerscheid.jpg","2048x2048-width":1119,"2048x2048-height":669,"landscape":"https:\/\/commerces.clervaux.lu\/wp-content\/uploads\/Agence-Thielen-Heinerscheid.jpg","landscape-width":1119,"landscape-height":669}},"video":"","timings_v2":[{"day":"Montag","slot":[{"value":"09.00 - 12.00"},{"value":"nachmittags nach Vereinbarung "}]},{"day":"Dienstag","slot":[{"value":"09.00 - 12.00"},{"value":"14.00 - 17.00"}]},{"day":"Mittwoch","slot":[{"value":"09.00 - 12.00"},{"value":"nachmittags nach Vereinbarung "}]},{"day":"Donnerstag","slot":[{"value":"09.00 - 12.00"},{"value":"14.00 - 17.00"}]},{"day":"Freitag","slot":[{"value":"09.00 - 12.00"},{"value":"nachmittags nach Vereinbarung "}]},{"day":"Samstag","slot":[{"value":"geschlossen"}]},{"day":"Sonntag","slot":[{"value":"geschlossen"}]}]},"yoast_head":"<!-- This site is optimized with the Yoast SEO plugin v22.3 - https:\/\/yoast.com\/wordpress\/plugins\/seo\/ -->\n<title>Agentur Versicherungen Foyer Olivier Thielen - Administration Communale de Clervaux<\/title>\n<meta name=\"robots\" content=\"index, follow, max-snippet:-1, max-image-preview:large, max-video-preview:-1\" \/>\n<link rel=\"canonical\" href=\"https:\/\/commerces.clervaux.lu\/de\/commerces\/agence-foyer-olivier-thielen\/\" \/>\n<meta property=\"og:locale\" content=\"de_DE\" \/>\n<meta property=\"og:type\" content=\"article\" \/>\n<meta property=\"og:title\" content=\"Agentur Versicherungen Foyer Olivier Thielen - Administration Communale de Clervaux\" \/>\n<meta property=\"og:description\" content=\"Die Agentur Foyer Olivier Thielen bietet Ihnen eine Gesamt\u00fcbersicht \u00fcber Ihre Versicherungen, eine pers\u00f6nliche Beratung und einen professionellen Service. Die [&hellip;]\" \/>\n<meta property=\"og:url\" content=\"https:\/\/commerces.clervaux.lu\/de\/commerces\/agence-foyer-olivier-thielen\/\" \/>\n<meta property=\"og:site_name\" content=\"Administration Communale de Clervaux\" \/>\n<meta property=\"article:modified_time\" content=\"2025-05-09T15:47:33+00:00\" \/>\n<meta property=\"og:image\" content=\"https:\/\/commerces.clervaux.lu\/wp-content\/uploads\/Logo-Foyer.jpg\" \/>\n\t<meta property=\"og:image:width\" content=\"1458\" \/>\n\t<meta property=\"og:image:height\" content=\"896\" \/>\n\t<meta property=\"og:image:type\" content=\"image\/jpeg\" \/>\n<meta name=\"twitter:card\" content=\"summary_large_image\" \/>\n<script type=\"application\/ld+json\" class=\"yoast-schema-graph\">{\"@context\":\"https:\/\/schema.org\",\"@graph\":[{\"@type\":\"WebPage\",\"@id\":\"https:\/\/commerces.clervaux.lu\/de\/commerces\/agence-foyer-olivier-thielen\/\",\"url\":\"https:\/\/commerces.clervaux.lu\/de\/commerces\/agence-foyer-olivier-thielen\/\",\"name\":\"Agentur Versicherungen Foyer Olivier Thielen - Administration Communale de Clervaux\",\"isPartOf\":{\"@id\":\"https:\/\/commerces.clervaux.lu\/de\/#website\"},\"primaryImageOfPage\":{\"@id\":\"https:\/\/commerces.clervaux.lu\/de\/commerces\/agence-foyer-olivier-thielen\/#primaryimage\"},\"image\":{\"@id\":\"https:\/\/commerces.clervaux.lu\/de\/commerces\/agence-foyer-olivier-thielen\/#primaryimage\"},\"thumbnailUrl\":\"https:\/\/commerces.clervaux.lu\/wp-content\/uploads\/Logo-Foyer.jpg\",\"datePublished\":\"2021-02-02T07:15:07+00:00\",\"dateModified\":\"2025-05-09T15:47:33+00:00\",\"breadcrumb\":{\"@id\":\"https:\/\/commerces.clervaux.lu\/de\/commerces\/agence-foyer-olivier-thielen\/#breadcrumb\"},\"inLanguage\":\"de\",\"potentialAction\":[{\"@type\":\"ReadAction\",\"target\":[\"https:\/\/commerces.clervaux.lu\/de\/commerces\/agence-foyer-olivier-thielen\/\"]}]},{\"@type\":\"ImageObject\",\"inLanguage\":\"de\",\"@id\":\"https:\/\/commerces.clervaux.lu\/de\/commerces\/agence-foyer-olivier-thielen\/#primaryimage\",\"url\":\"https:\/\/commerces.clervaux.lu\/wp-content\/uploads\/Logo-Foyer.jpg\",\"contentUrl\":\"https:\/\/commerces.clervaux.lu\/wp-content\/uploads\/Logo-Foyer.jpg\",\"width\":1458,\"height\":896},{\"@type\":\"BreadcrumbList\",\"@id\":\"https:\/\/commerces.clervaux.lu\/de\/commerces\/agence-foyer-olivier-thielen\/#breadcrumb\",\"itemListElement\":[{\"@type\":\"ListItem\",\"position\":1,\"name\":\"Home\",\"item\":\"https:\/\/commerces.clervaux.lu\/de\/\"},{\"@type\":\"ListItem\",\"position\":2,\"name\":\"Commerces\",\"item\":\"https:\/\/commerces.clervaux.lu\/commerces\/\"},{\"@type\":\"ListItem\",\"position\":3,\"name\":\"Dienstleistung\",\"item\":\"https:\/\/commerces.clervaux.lu\/de\/type\/dienstleistung\/\"},{\"@type\":\"ListItem\",\"position\":4,\"name\":\"Agentur Versicherungen Foyer Olivier Thielen\"}]},{\"@type\":\"WebSite\",\"@id\":\"https:\/\/commerces.clervaux.lu\/de\/#website\",\"url\":\"https:\/\/commerces.clervaux.lu\/de\/\",\"name\":\"Administration Communale de Clervaux\",\"description\":\"Un site utilisant WordPress\",\"potentialAction\":[{\"@type\":\"SearchAction\",\"target\":{\"@type\":\"EntryPoint\",\"urlTemplate\":\"https:\/\/commerces.clervaux.lu\/de\/?s={search_term_string}\"},\"query-input\":\"required name=search_term_string\"}],\"inLanguage\":\"de\"}]}<\/script>\n<!-- \/ Yoast SEO plugin. -->","yoast_head_json":{"title":"Agentur Versicherungen Foyer Olivier Thielen - Administration Communale de Clervaux","robots":{"index":"index","follow":"follow","max-snippet":"max-snippet:-1","max-image-preview":"max-image-preview:large","max-video-preview":"max-video-preview:-1"},"canonical":"https:\/\/commerces.clervaux.lu\/de\/commerces\/agence-foyer-olivier-thielen\/","og_locale":"de_DE","og_type":"article","og_title":"Agentur Versicherungen Foyer Olivier Thielen - Administration Communale de Clervaux","og_description":"Die Agentur Foyer Olivier Thielen bietet Ihnen eine Gesamt\u00fcbersicht \u00fcber Ihre Versicherungen, eine pers\u00f6nliche Beratung und einen professionellen Service. Die [&hellip;]","og_url":"https:\/\/commerces.clervaux.lu\/de\/commerces\/agence-foyer-olivier-thielen\/","og_site_name":"Administration Communale de Clervaux","article_modified_time":"2025-05-09T15:47:33+00:00","og_image":[{"width":1458,"height":896,"url":"https:\/\/commerces.clervaux.lu\/wp-content\/uploads\/Logo-Foyer.jpg","type":"image\/jpeg"}],"twitter_card":"summary_large_image","schema":{"@context":"https:\/\/schema.org","@graph":[{"@type":"WebPage","@id":"https:\/\/commerces.clervaux.lu\/de\/commerces\/agence-foyer-olivier-thielen\/","url":"https:\/\/commerces.clervaux.lu\/de\/commerces\/agence-foyer-olivier-thielen\/","name":"Agentur Versicherungen Foyer Olivier Thielen - Administration Communale de Clervaux","isPartOf":{"@id":"https:\/\/commerces.clervaux.lu\/de\/#website"},"primaryImageOfPage":{"@id":"https:\/\/commerces.clervaux.lu\/de\/commerces\/agence-foyer-olivier-thielen\/#primaryimage"},"image":{"@id":"https:\/\/commerces.clervaux.lu\/de\/commerces\/agence-foyer-olivier-thielen\/#primaryimage"},"thumbnailUrl":"https:\/\/commerces.clervaux.lu\/wp-content\/uploads\/Logo-Foyer.jpg","datePublished":"2021-02-02T07:15:07+00:00","dateModified":"2025-05-09T15:47:33+00:00","breadcrumb":{"@id":"https:\/\/commerces.clervaux.lu\/de\/commerces\/agence-foyer-olivier-thielen\/#breadcrumb"},"inLanguage":"de","potentialAction":[{"@type":"ReadAction","target":["https:\/\/commerces.clervaux.lu\/de\/commerces\/agence-foyer-olivier-thielen\/"]}]},{"@type":"ImageObject","inLanguage":"de","@id":"https:\/\/commerces.clervaux.lu\/de\/commerces\/agence-foyer-olivier-thielen\/#primaryimage","url":"https:\/\/commerces.clervaux.lu\/wp-content\/uploads\/Logo-Foyer.jpg","contentUrl":"https:\/\/commerces.clervaux.lu\/wp-content\/uploads\/Logo-Foyer.jpg","width":1458,"height":896},{"@type":"BreadcrumbList","@id":"https:\/\/commerces.clervaux.lu\/de\/commerces\/agence-foyer-olivier-thielen\/#breadcrumb","itemListElement":[{"@type":"ListItem","position":1,"name":"Home","item":"https:\/\/commerces.clervaux.lu\/de\/"},{"@type":"ListItem","position":2,"name":"Commerces","item":"https:\/\/commerces.clervaux.lu\/commerces\/"},{"@type":"ListItem","position":3,"name":"Dienstleistung","item":"https:\/\/commerces.clervaux.lu\/de\/type\/dienstleistung\/"},{"@type":"ListItem","position":4,"name":"Agentur Versicherungen Foyer Olivier Thielen"}]},{"@type":"WebSite","@id":"https:\/\/commerces.clervaux.lu\/de\/#website","url":"https:\/\/commerces.clervaux.lu\/de\/","name":"Administration Communale de Clervaux","description":"Un site utilisant WordPress","potentialAction":[{"@type":"SearchAction","target":{"@type":"EntryPoint","urlTemplate":"https:\/\/commerces.clervaux.lu\/de\/?s={search_term_string}"},"query-input":"required name=search_term_string"}],"inLanguage":"de"}]}},"publishpress_future_action":{"enabled":false,"date":"2026-05-09 13:24:52","action":"draft","terms":[],"taxonomy":"listing_category"},"_links":{"self":[{"href":"https:\/\/commerces.clervaux.lu\/de\/wp-json\/wp\/v2\/listing\/1966","targetHints":{"allow":["GET"]}}],"collection":[{"href":"https:\/\/commerces.clervaux.lu\/de\/wp-json\/wp\/v2\/listing"}],"about":[{"href":"https:\/\/commerces.clervaux.lu\/de\/wp-json\/wp\/v2\/types\/listing"}],"wp:featuredmedia":[{"embeddable":true,"href":"https:\/\/commerces.clervaux.lu\/de\/wp-json\/wp\/v2\/media\/3015"}],"wp:attachment":[{"href":"https:\/\/commerces.clervaux.lu\/de\/wp-json\/wp\/v2\/media?parent=1966"}],"wp:term":[{"taxonomy":"listing_category","embeddable":true,"href":"https:\/\/commerces.clervaux.lu\/de\/wp-json\/wp\/v2\/listing_category?post=1966"},{"taxonomy":"listing_location","embeddable":true,"href":"https:\/\/commerces.clervaux.lu\/de\/wp-json\/wp\/v2\/listing_location?post=1966"},{"taxonomy":"listing_tag","embeddable":true,"href":"https:\/\/commerces.clervaux.lu\/de\/wp-json\/wp\/v2\/listing_tag?post=1966"}],"curies":[{"name":"wp","href":"https:\/\/api.w.org\/{rel}","templated":true}]}}

<p>Die Agentur Foyer Olivier Thielen bietet Ihnen eine Gesamtübersicht über Ihre Versicherungen, eine persönliche Beratung und einen professionellen Service. Die Agentur begleitet Sie bei jedem wichtigen Schritt Ihres Lebens und helfen Ihnen, Ihre Träume zu verwirklichen: den Kauf Ihres ersten Autos, den Erstbezug Ihrer Wohnung, den Schutz Ihrer Familie, Ihre Reisen und Hobbys und die Finanzierung eines unbeschwerten Lebens nach der Pensionierung. </p>

<!-- This site is optimized with the Yoast SEO plugin v22.3 - https://yoast.com/wordpress/plugins/seo/ -->
<title>Agentur Versicherungen Foyer Olivier Thielen - Administration Communale de Clervaux</title>
<meta name="robots" content="index, follow, max-snippet:-1, max-image-preview:large, max-video-preview:-1" />
<link rel="canonical" href="https://commerces.clervaux.lu/de/commerces/agence-foyer-olivier-thielen/" />
<meta property="og:locale" content="de_DE" />
<meta property="og:type" content="article" />
<meta property="og:title" content="Agentur Versicherungen Foyer Olivier Thielen - Administration Communale de Clervaux" />
<meta property="og:description" content="Die Agentur Foyer Olivier Thielen bietet Ihnen eine Gesamtübersicht über Ihre Versicherungen, eine persönliche Beratung und einen professionellen Service. Die [&hellip;]" />
<meta property="og:url" content="https://commerces.clervaux.lu/de/commerces/agence-foyer-olivier-thielen/" />
<meta property="og:site_name" content="Administration Communale de Clervaux" />
<meta property="article:modified_time" content="2025-05-09T15:47:33+00:00" />
<meta property="og:image" content="https://commerces.clervaux.lu/wp-content/uploads/Logo-Foyer.jpg" />
	<meta property="og:image:width" content="1458" />
	<meta property="og:image:height" content="896" />
	<meta property="og:image:type" content="image/jpeg" />
<meta name="twitter:card" content="summary_large_image" />
<script type="application/ld+json" class="yoast-schema-graph">{"@context":"https://schema.org","@graph":[{"@type":"WebPage","@id":"https://commerces.clervaux.lu/de/commerces/agence-foyer-olivier-thielen/","url":"https://commerces.clervaux.lu/de/commerces/agence-foyer-olivier-thielen/","name":"Agentur Versicherungen Foyer Olivier Thielen - Administration Communale de Clervaux","isPartOf":{"@id":"https://commerces.clervaux.lu/de/#website"},"primaryImageOfPage":{"@id":"https://commerces.clervaux.lu/de/commerces/agence-foyer-olivier-thielen/#primaryimage"},"image":{"@id":"https://commerces.clervaux.lu/de/commerces/agence-foyer-olivier-thielen/#primaryimage"},"thumbnailUrl":"https://commerces.clervaux.lu/wp-content/uploads/Logo-Foyer.jpg","datePublished":"2021-02-02T07:15:07+00:00","dateModified":"2025-05-09T15:47:33+00:00","breadcrumb":{"@id":"https://commerces.clervaux.lu/de/commerces/agence-foyer-olivier-thielen/#breadcrumb"},"inLanguage":"de","potentialAction":[{"@type":"ReadAction","target":["https://commerces.clervaux.lu/de/commerces/agence-foyer-olivier-thielen/"]}]},{"@type":"ImageObject","inLanguage":"de","@id":"https://commerces.clervaux.lu/de/commerces/agence-foyer-olivier-thielen/#primaryimage","url":"https://commerces.clervaux.lu/wp-content/uploads/Logo-Foyer.jpg","contentUrl":"https://commerces.clervaux.lu/wp-content/uploads/Logo-Foyer.jpg","width":1458,"height":896},{"@type":"BreadcrumbList","@id":"https://commerces.clervaux.lu/de/commerces/agence-foyer-olivier-thielen/#breadcrumb","itemListElement":[{"@type":"ListItem","position":1,"name":"Home","item":"https://commerces.clervaux.lu/de/"},{"@type":"ListItem","position":2,"name":"Commerces","item":"https://commerces.clervaux.lu/commerces/"},{"@type":"ListItem","position":3,"name":"Dienstleistung","item":"https://commerces.clervaux.lu/de/type/dienstleistung/"},{"@type":"ListItem","position":4,"name":"Agentur Versicherungen Foyer Olivier Thielen"}]},{"@type":"WebSite","@id":"https://commerces.clervaux.lu/de/#website","url":"https://commerces.clervaux.lu/de/","name":"Administration Communale de Clervaux","description":"Un site utilisant WordPress","potentialAction":[{"@type":"SearchAction","target":{"@type":"EntryPoint","urlTemplate":"https://commerces.clervaux.lu/de/?s={search_term_string}"},"query-input":"required name=search_term_string"}],"inLanguage":"de"}]}</script>
<!-- / Yoast SEO plugin. -->

Die Agentur Foyer Olivier Thielen bietet Ihnen eine Gesamtübersicht über Ihre Versicherungen, eine persönliche Beratung und einen professionellen Service. Die [&hellip;]
