{"id":1977,"date":"2021-01-19T16:01:20","date_gmt":"2021-01-19T15:01:20","guid":{"rendered":"https:\/\/commerces.clervaux.lu\/commerces\/institut-de-beaute\/"},"modified":"2025-05-30T16:39:53","modified_gmt":"2025-05-30T14:39:53","slug":"institut-de-beaute","status":"publish","type":"listing","link":"https:\/\/commerces.clervaux.lu\/de\/commerces\/institut-de-beaute\/","title":{"rendered":"Kosmetikinstitut Moda Inc."},"content":{"rendered":"\n<p>Das Team hei\u00dft Sie herzlich willkommen im Institut Moda Inc., gelegen im Centre M\u00e9dical Nordstrooss. Als diplomierte Kosmetikerinnen bieten sie Gesichtsbehandlungen, dauerhafte Haarentfernung (Gesicht und K\u00f6rper), Make-up, medizinische Fu\u00dfpflege, Manik\u00fcre, Mikrodermabrasion, Ultraschallbehandlungen, Wimpernlifting sowie das F\u00e4rben von Wimpern und Augenbrauen an.<\/p>\n\n\n\n<p>Bloc B &#8211; Nordstrooss Shopping Mile Marnach<\/p>\n","protected":false},"featured_media":4944,"template":"","listing_category":[712,710],"listing_location":[36],"listing_tag":[1245,763,1047,911,910],"class_list":["post-1977","listing","type-listing","status-publish","has-post-thumbnail","hentry","listing_category-dienstleistung","listing_category-handwerk","listing_location-marnach","listing_tag-epilation-definitive-de","listing_tag-pedicure-de","listing_tag-soin-visage-de","listing_tag-maquillage-de","listing_tag-manucure-de"],"acf":{"location":{"address":"1 Marbuergerstrooss, L-9764 Marnach","lat":50.05263739999999,"lng":6.0715555,"zoom":14,"place_id":"ChIJy-zl_dj3v0cRiVOxyZWG5lA","street_number":"1","street_name":"Marbuergerstrooss","city":"Klierf","state":"Kanton Klierf","post_code":"9764","country":"Luxemburg","country_short":"LU"},"phone":"+352 99 81 82","email":"modainc@cmn.lu","website":"https:\/\/cmn.lu\/dienstleistungen\/#paramedisch","timings":"MO\t9.00 - 18.00<br \/>\r\nDI\t9.00 - 18.00<br \/>\r\nMI\t9.00 - 18.00<br \/>\r\nDO\t9.00 - 18.00<br \/>\r\nFR\t9.00 - 18.00<br \/>\r\nSA\t9.00 \u2013 12.30<br \/>\r\nSO\tGeschlossen<br \/>\r\n","gallery":false,"logo":{"ID":4942,"id":4942,"title":"Beaut\u00e9 Moda","filename":"Beaute-Moda.webp","filesize":20764,"url":"https:\/\/commerces.clervaux.lu\/wp-content\/uploads\/Beaute-Moda.webp","link":"https:\/\/commerces.clervaux.lu\/de\/commerces\/institut-de-beaute\/beaute-moda-2\/","alt":"","author":"2","description":"","caption":"","name":"beaute-moda-2","status":"inherit","uploaded_to":1977,"date":"2025-05-30 14:37:56","modified":"2025-05-30 14:37:56","menu_order":0,"mime_type":"image\/webp","type":"image","subtype":"webp","icon":"https:\/\/commerces.clervaux.lu\/wp-includes\/images\/media\/default.png","width":390,"height":300,"sizes":{"thumbnail":"https:\/\/commerces.clervaux.lu\/wp-content\/uploads\/Beaute-Moda-150x150.webp","thumbnail-width":150,"thumbnail-height":150,"medium":"https:\/\/commerces.clervaux.lu\/wp-content\/uploads\/Beaute-Moda.webp","medium-width":390,"medium-height":300,"medium_large":"https:\/\/commerces.clervaux.lu\/wp-content\/uploads\/Beaute-Moda.webp","medium_large-width":390,"medium_large-height":300,"large":"https:\/\/commerces.clervaux.lu\/wp-content\/uploads\/Beaute-Moda.webp","large-width":390,"large-height":300,"1536x1536":"https:\/\/commerces.clervaux.lu\/wp-content\/uploads\/Beaute-Moda.webp","1536x1536-width":390,"1536x1536-height":300,"2048x2048":"https:\/\/commerces.clervaux.lu\/wp-content\/uploads\/Beaute-Moda.webp","2048x2048-width":390,"2048x2048-height":300,"landscape":"https:\/\/commerces.clervaux.lu\/wp-content\/uploads\/Beaute-Moda.webp","landscape-width":390,"landscape-height":300}},"video":"<iframe title=\"Institut de Beaut\u00e9 Alia-Eischen Pia\" src=\"https:\/\/player.vimeo.com\/video\/855271384?dnt=1&amp;app_id=122963\" width=\"640\" height=\"360\" frameborder=\"0\" allow=\"autoplay; fullscreen; picture-in-picture; clipboard-write; encrypted-media; web-share\" referrerpolicy=\"strict-origin-when-cross-origin\"><\/iframe>","timings_v2":[{"day":"Montag","slot":[{"value":"09.00 - 18.00 "}]},{"day":"Dienstag","slot":[{"value":"09.00 - 18.00"}]},{"day":"Mittwoch","slot":[{"value":"09.00 - 18.00"}]},{"day":"Donnerstag","slot":[{"value":"09.00 - 18.00"}]},{"day":"Freitag","slot":[{"value":"09.00 - 18.00"}]},{"day":"Samstag","slot":[{"value":"09.00 - 12.30"}]},{"day":"Sonntag","slot":[{"value":"Geschlossen"}]}]},"yoast_head":"<!-- This site is optimized with the Yoast SEO plugin v22.3 - https:\/\/yoast.com\/wordpress\/plugins\/seo\/ -->\n<title>Kosmetikinstitut Moda Inc. - Administration Communale de Clervaux<\/title>\n<meta name=\"robots\" content=\"index, follow, max-snippet:-1, max-image-preview:large, max-video-preview:-1\" \/>\n<link rel=\"canonical\" href=\"https:\/\/commerces.clervaux.lu\/de\/commerces\/institut-de-beaute\/\" \/>\n<meta property=\"og:locale\" content=\"de_DE\" \/>\n<meta property=\"og:type\" content=\"article\" \/>\n<meta property=\"og:title\" content=\"Kosmetikinstitut Moda Inc. - Administration Communale de Clervaux\" \/>\n<meta property=\"og:description\" content=\"Das Team hei\u00dft Sie herzlich willkommen im Institut Moda Inc., gelegen im Centre M\u00e9dical Nordstrooss. Als diplomierte Kosmetikerinnen bieten sie [&hellip;]\" \/>\n<meta property=\"og:url\" content=\"https:\/\/commerces.clervaux.lu\/de\/commerces\/institut-de-beaute\/\" \/>\n<meta property=\"og:site_name\" content=\"Administration Communale de Clervaux\" \/>\n<meta property=\"article:modified_time\" content=\"2025-05-30T14:39:53+00:00\" \/>\n<meta property=\"og:image\" content=\"https:\/\/commerces.clervaux.lu\/wp-content\/uploads\/Logo-Beaute-Moda.webp\" \/>\n\t<meta property=\"og:image:width\" content=\"1785\" \/>\n\t<meta property=\"og:image:height\" content=\"1050\" \/>\n\t<meta property=\"og:image:type\" content=\"image\/webp\" \/>\n<meta name=\"twitter:card\" content=\"summary_large_image\" \/>\n<script type=\"application\/ld+json\" class=\"yoast-schema-graph\">{\"@context\":\"https:\/\/schema.org\",\"@graph\":[{\"@type\":\"WebPage\",\"@id\":\"https:\/\/commerces.clervaux.lu\/de\/commerces\/institut-de-beaute\/\",\"url\":\"https:\/\/commerces.clervaux.lu\/de\/commerces\/institut-de-beaute\/\",\"name\":\"Kosmetikinstitut Moda Inc. - Administration Communale de Clervaux\",\"isPartOf\":{\"@id\":\"https:\/\/commerces.clervaux.lu\/de\/#website\"},\"primaryImageOfPage\":{\"@id\":\"https:\/\/commerces.clervaux.lu\/de\/commerces\/institut-de-beaute\/#primaryimage\"},\"image\":{\"@id\":\"https:\/\/commerces.clervaux.lu\/de\/commerces\/institut-de-beaute\/#primaryimage\"},\"thumbnailUrl\":\"https:\/\/commerces.clervaux.lu\/wp-content\/uploads\/Logo-Beaute-Moda.webp\",\"datePublished\":\"2021-01-19T15:01:20+00:00\",\"dateModified\":\"2025-05-30T14:39:53+00:00\",\"breadcrumb\":{\"@id\":\"https:\/\/commerces.clervaux.lu\/de\/commerces\/institut-de-beaute\/#breadcrumb\"},\"inLanguage\":\"de\",\"potentialAction\":[{\"@type\":\"ReadAction\",\"target\":[\"https:\/\/commerces.clervaux.lu\/de\/commerces\/institut-de-beaute\/\"]}]},{\"@type\":\"ImageObject\",\"inLanguage\":\"de\",\"@id\":\"https:\/\/commerces.clervaux.lu\/de\/commerces\/institut-de-beaute\/#primaryimage\",\"url\":\"https:\/\/commerces.clervaux.lu\/wp-content\/uploads\/Logo-Beaute-Moda.webp\",\"contentUrl\":\"https:\/\/commerces.clervaux.lu\/wp-content\/uploads\/Logo-Beaute-Moda.webp\",\"width\":1785,\"height\":1050},{\"@type\":\"BreadcrumbList\",\"@id\":\"https:\/\/commerces.clervaux.lu\/de\/commerces\/institut-de-beaute\/#breadcrumb\",\"itemListElement\":[{\"@type\":\"ListItem\",\"position\":1,\"name\":\"Home\",\"item\":\"https:\/\/commerces.clervaux.lu\/de\/\"},{\"@type\":\"ListItem\",\"position\":2,\"name\":\"Commerces\",\"item\":\"https:\/\/commerces.clervaux.lu\/commerces\/\"},{\"@type\":\"ListItem\",\"position\":3,\"name\":\"Dienstleistung\",\"item\":\"https:\/\/commerces.clervaux.lu\/de\/type\/dienstleistung\/\"},{\"@type\":\"ListItem\",\"position\":4,\"name\":\"Kosmetikinstitut Moda Inc.\"}]},{\"@type\":\"WebSite\",\"@id\":\"https:\/\/commerces.clervaux.lu\/de\/#website\",\"url\":\"https:\/\/commerces.clervaux.lu\/de\/\",\"name\":\"Administration Communale de Clervaux\",\"description\":\"Un site utilisant WordPress\",\"potentialAction\":[{\"@type\":\"SearchAction\",\"target\":{\"@type\":\"EntryPoint\",\"urlTemplate\":\"https:\/\/commerces.clervaux.lu\/de\/?s={search_term_string}\"},\"query-input\":\"required name=search_term_string\"}],\"inLanguage\":\"de\"}]}<\/script>\n<!-- \/ Yoast SEO plugin. -->","yoast_head_json":{"title":"Kosmetikinstitut Moda Inc. - Administration Communale de Clervaux","robots":{"index":"index","follow":"follow","max-snippet":"max-snippet:-1","max-image-preview":"max-image-preview:large","max-video-preview":"max-video-preview:-1"},"canonical":"https:\/\/commerces.clervaux.lu\/de\/commerces\/institut-de-beaute\/","og_locale":"de_DE","og_type":"article","og_title":"Kosmetikinstitut Moda Inc. - Administration Communale de Clervaux","og_description":"Das Team hei\u00dft Sie herzlich willkommen im Institut Moda Inc., gelegen im Centre M\u00e9dical Nordstrooss. Als diplomierte Kosmetikerinnen bieten sie [&hellip;]","og_url":"https:\/\/commerces.clervaux.lu\/de\/commerces\/institut-de-beaute\/","og_site_name":"Administration Communale de Clervaux","article_modified_time":"2025-05-30T14:39:53+00:00","og_image":[{"width":1785,"height":1050,"url":"https:\/\/commerces.clervaux.lu\/wp-content\/uploads\/Logo-Beaute-Moda.webp","type":"image\/webp"}],"twitter_card":"summary_large_image","schema":{"@context":"https:\/\/schema.org","@graph":[{"@type":"WebPage","@id":"https:\/\/commerces.clervaux.lu\/de\/commerces\/institut-de-beaute\/","url":"https:\/\/commerces.clervaux.lu\/de\/commerces\/institut-de-beaute\/","name":"Kosmetikinstitut Moda Inc. - Administration Communale de Clervaux","isPartOf":{"@id":"https:\/\/commerces.clervaux.lu\/de\/#website"},"primaryImageOfPage":{"@id":"https:\/\/commerces.clervaux.lu\/de\/commerces\/institut-de-beaute\/#primaryimage"},"image":{"@id":"https:\/\/commerces.clervaux.lu\/de\/commerces\/institut-de-beaute\/#primaryimage"},"thumbnailUrl":"https:\/\/commerces.clervaux.lu\/wp-content\/uploads\/Logo-Beaute-Moda.webp","datePublished":"2021-01-19T15:01:20+00:00","dateModified":"2025-05-30T14:39:53+00:00","breadcrumb":{"@id":"https:\/\/commerces.clervaux.lu\/de\/commerces\/institut-de-beaute\/#breadcrumb"},"inLanguage":"de","potentialAction":[{"@type":"ReadAction","target":["https:\/\/commerces.clervaux.lu\/de\/commerces\/institut-de-beaute\/"]}]},{"@type":"ImageObject","inLanguage":"de","@id":"https:\/\/commerces.clervaux.lu\/de\/commerces\/institut-de-beaute\/#primaryimage","url":"https:\/\/commerces.clervaux.lu\/wp-content\/uploads\/Logo-Beaute-Moda.webp","contentUrl":"https:\/\/commerces.clervaux.lu\/wp-content\/uploads\/Logo-Beaute-Moda.webp","width":1785,"height":1050},{"@type":"BreadcrumbList","@id":"https:\/\/commerces.clervaux.lu\/de\/commerces\/institut-de-beaute\/#breadcrumb","itemListElement":[{"@type":"ListItem","position":1,"name":"Home","item":"https:\/\/commerces.clervaux.lu\/de\/"},{"@type":"ListItem","position":2,"name":"Commerces","item":"https:\/\/commerces.clervaux.lu\/commerces\/"},{"@type":"ListItem","position":3,"name":"Dienstleistung","item":"https:\/\/commerces.clervaux.lu\/de\/type\/dienstleistung\/"},{"@type":"ListItem","position":4,"name":"Kosmetikinstitut Moda Inc."}]},{"@type":"WebSite","@id":"https:\/\/commerces.clervaux.lu\/de\/#website","url":"https:\/\/commerces.clervaux.lu\/de\/","name":"Administration Communale de Clervaux","description":"Un site utilisant WordPress","potentialAction":[{"@type":"SearchAction","target":{"@type":"EntryPoint","urlTemplate":"https:\/\/commerces.clervaux.lu\/de\/?s={search_term_string}"},"query-input":"required name=search_term_string"}],"inLanguage":"de"}]}},"publishpress_future_action":{"enabled":false,"date":"2026-05-09 05:40:53","action":"draft","terms":[],"taxonomy":"listing_category"},"_links":{"self":[{"href":"https:\/\/commerces.clervaux.lu\/de\/wp-json\/wp\/v2\/listing\/1977","targetHints":{"allow":["GET"]}}],"collection":[{"href":"https:\/\/commerces.clervaux.lu\/de\/wp-json\/wp\/v2\/listing"}],"about":[{"href":"https:\/\/commerces.clervaux.lu\/de\/wp-json\/wp\/v2\/types\/listing"}],"wp:featuredmedia":[{"embeddable":true,"href":"https:\/\/commerces.clervaux.lu\/de\/wp-json\/wp\/v2\/media\/4944"}],"wp:attachment":[{"href":"https:\/\/commerces.clervaux.lu\/de\/wp-json\/wp\/v2\/media?parent=1977"}],"wp:term":[{"taxonomy":"listing_category","embeddable":true,"href":"https:\/\/commerces.clervaux.lu\/de\/wp-json\/wp\/v2\/listing_category?post=1977"},{"taxonomy":"listing_location","embeddable":true,"href":"https:\/\/commerces.clervaux.lu\/de\/wp-json\/wp\/v2\/listing_location?post=1977"},{"taxonomy":"listing_tag","embeddable":true,"href":"https:\/\/commerces.clervaux.lu\/de\/wp-json\/wp\/v2\/listing_tag?post=1977"}],"curies":[{"name":"wp","href":"https:\/\/api.w.org\/{rel}","templated":true}]}}

<p>Das Team heißt Sie herzlich willkommen im Institut Moda Inc., gelegen im Centre Médical Nordstrooss. Als diplomierte Kosmetikerinnen bieten sie Gesichtsbehandlungen, dauerhafte Haarentfernung (Gesicht und Körper), Make-up, medizinische Fußpflege, Maniküre, Mikrodermabrasion, Ultraschallbehandlungen, Wimpernlifting sowie das Färben von Wimpern und Augenbrauen an.</p>



<p>Bloc B &#8211; Nordstrooss Shopping Mile Marnach</p>

Beauté Moda

<iframe title="Institut de Beauté Alia-Eischen Pia" src="https://player.vimeo.com/video/855271384?dnt=1&amp;app_id=122963" width="640" height="360" frameborder="0" allow="autoplay; fullscreen; picture-in-picture; clipboard-write; encrypted-media; web-share" referrerpolicy="strict-origin-when-cross-origin"></iframe>

<!-- This site is optimized with the Yoast SEO plugin v22.3 - https://yoast.com/wordpress/plugins/seo/ -->
<title>Kosmetikinstitut Moda Inc. - Administration Communale de Clervaux</title>
<meta name="robots" content="index, follow, max-snippet:-1, max-image-preview:large, max-video-preview:-1" />
<link rel="canonical" href="https://commerces.clervaux.lu/de/commerces/institut-de-beaute/" />
<meta property="og:locale" content="de_DE" />
<meta property="og:type" content="article" />
<meta property="og:title" content="Kosmetikinstitut Moda Inc. - Administration Communale de Clervaux" />
<meta property="og:description" content="Das Team heißt Sie herzlich willkommen im Institut Moda Inc., gelegen im Centre Médical Nordstrooss. Als diplomierte Kosmetikerinnen bieten sie [&hellip;]" />
<meta property="og:url" content="https://commerces.clervaux.lu/de/commerces/institut-de-beaute/" />
<meta property="og:site_name" content="Administration Communale de Clervaux" />
<meta property="article:modified_time" content="2025-05-30T14:39:53+00:00" />
<meta property="og:image" content="https://commerces.clervaux.lu/wp-content/uploads/Logo-Beaute-Moda.webp" />
	<meta property="og:image:width" content="1785" />
	<meta property="og:image:height" content="1050" />
	<meta property="og:image:type" content="image/webp" />
<meta name="twitter:card" content="summary_large_image" />
<script type="application/ld+json" class="yoast-schema-graph">{"@context":"https://schema.org","@graph":[{"@type":"WebPage","@id":"https://commerces.clervaux.lu/de/commerces/institut-de-beaute/","url":"https://commerces.clervaux.lu/de/commerces/institut-de-beaute/","name":"Kosmetikinstitut Moda Inc. - Administration Communale de Clervaux","isPartOf":{"@id":"https://commerces.clervaux.lu/de/#website"},"primaryImageOfPage":{"@id":"https://commerces.clervaux.lu/de/commerces/institut-de-beaute/#primaryimage"},"image":{"@id":"https://commerces.clervaux.lu/de/commerces/institut-de-beaute/#primaryimage"},"thumbnailUrl":"https://commerces.clervaux.lu/wp-content/uploads/Logo-Beaute-Moda.webp","datePublished":"2021-01-19T15:01:20+00:00","dateModified":"2025-05-30T14:39:53+00:00","breadcrumb":{"@id":"https://commerces.clervaux.lu/de/commerces/institut-de-beaute/#breadcrumb"},"inLanguage":"de","potentialAction":[{"@type":"ReadAction","target":["https://commerces.clervaux.lu/de/commerces/institut-de-beaute/"]}]},{"@type":"ImageObject","inLanguage":"de","@id":"https://commerces.clervaux.lu/de/commerces/institut-de-beaute/#primaryimage","url":"https://commerces.clervaux.lu/wp-content/uploads/Logo-Beaute-Moda.webp","contentUrl":"https://commerces.clervaux.lu/wp-content/uploads/Logo-Beaute-Moda.webp","width":1785,"height":1050},{"@type":"BreadcrumbList","@id":"https://commerces.clervaux.lu/de/commerces/institut-de-beaute/#breadcrumb","itemListElement":[{"@type":"ListItem","position":1,"name":"Home","item":"https://commerces.clervaux.lu/de/"},{"@type":"ListItem","position":2,"name":"Commerces","item":"https://commerces.clervaux.lu/commerces/"},{"@type":"ListItem","position":3,"name":"Dienstleistung","item":"https://commerces.clervaux.lu/de/type/dienstleistung/"},{"@type":"ListItem","position":4,"name":"Kosmetikinstitut Moda Inc."}]},{"@type":"WebSite","@id":"https://commerces.clervaux.lu/de/#website","url":"https://commerces.clervaux.lu/de/","name":"Administration Communale de Clervaux","description":"Un site utilisant WordPress","potentialAction":[{"@type":"SearchAction","target":{"@type":"EntryPoint","urlTemplate":"https://commerces.clervaux.lu/de/?s={search_term_string}"},"query-input":"required name=search_term_string"}],"inLanguage":"de"}]}</script>
<!-- / Yoast SEO plugin. -->

Das Team heißt Sie herzlich willkommen im Institut Moda Inc., gelegen im Centre Médical Nordstrooss. Als diplomierte Kosmetikerinnen bieten sie [&hellip;]
