{"id":2012,"date":"2020-03-12T13:15:39","date_gmt":"2020-03-12T12:15:39","guid":{"rendered":"https:\/\/commerces.clervaux.lu\/commerces\/camping-reiler-weier\/"},"modified":"2025-05-24T14:07:28","modified_gmt":"2025-05-24T12:07:28","slug":"camping-reiler-weier","status":"publish","type":"listing","link":"https:\/\/commerces.clervaux.lu\/de\/commerces\/camping-reiler-weier\/","title":{"rendered":"Camping Reilerweier"},"content":{"rendered":"\n<p>Dieser familienfreundliche Campingplatz liegt im Herzen der luxemburgischen Ardennen, in der ruhigen Umgebung des Reiler-Tals, nur 2 km von der Stadt Clerf entfernt. Ob Sie gerne angeln, in der Natur spazieren gehen, Bogenschie\u00dfen, kulturelle Entdeckungen machen oder gastronomische Gen\u00fcsse erleben m\u00f6chten, die Umgebung bietet eine Vielzahl von Aktivit\u00e4ten, die Sie genie\u00dfen k\u00f6nnen.<\/p>\n\n\n\n<p>Der Campingplatz ist von Mitte M\u00e4rz bis Ende Oktober ge\u00f6ffnet.<\/p>\n","protected":false},"featured_media":4519,"template":"","listing_category":[714],"listing_location":[725],"listing_tag":[765,2135,767,2134],"class_list":["post-2012","listing","type-listing","status-publish","has-post-thumbnail","hentry","listing_category-unterkunft","listing_location-reuler-de","listing_tag-peche-de","listing_tag-bogenschiessen-2","listing_tag-camping-de-de","listing_tag-natur"],"acf":{"location":{"address":"2 Reiler Weier L-9768 Reiler","lat":50.054178,"lng":6.0385354,"zoom":14,"place_id":"ChIJOYnbjUYIwEcRstSgDG0sghE","street_number":"2","street_name":"Reiler Weier","city":"Clervaux","state":"Clervaux","post_code":"9768","country":"Luxemburg","country_short":"LU"},"phone":"+352 92 01 60","email":"info@reilerweier.lu","website":"https:\/\/www.reilerweier.lu","timings":"","gallery":false,"logo":{"ID":410,"id":410,"title":"Camping Reilerweier 4 copy web - 29038-resize-1170x999x70","filename":"Camping-Reilerweier-4-copy-web-29038-resize-1170x999x70.jpg","filesize":203399,"url":"https:\/\/commerces.clervaux.lu\/wp-content\/uploads\/Camping-Reilerweier-4-copy-web-29038-resize-1170x999x70.jpg","link":"https:\/\/commerces.clervaux.lu\/de\/commerces\/camping-reiler-weier\/camping-reilerweier-4-copy-web-29038-resize-1170x999x70-2\/","alt":"","author":"2","description":"","caption":"","name":"camping-reilerweier-4-copy-web-29038-resize-1170x999x70-2","status":"inherit","uploaded_to":2012,"date":"2020-04-01 10:17:56","modified":"2020-04-01 10:17:56","menu_order":0,"mime_type":"image\/jpeg","type":"image","subtype":"jpeg","icon":"https:\/\/commerces.clervaux.lu\/wp-includes\/images\/media\/default.png","width":1170,"height":955,"sizes":{"thumbnail":"https:\/\/commerces.clervaux.lu\/wp-content\/uploads\/Camping-Reilerweier-4-copy-web-29038-resize-1170x999x70-150x150.jpg","thumbnail-width":150,"thumbnail-height":150,"medium":"https:\/\/commerces.clervaux.lu\/wp-content\/uploads\/Camping-Reilerweier-4-copy-web-29038-resize-1170x999x70-545x445.jpg","medium-width":545,"medium-height":445,"medium_large":"https:\/\/commerces.clervaux.lu\/wp-content\/uploads\/Camping-Reilerweier-4-copy-web-29038-resize-1170x999x70-768x627.jpg","medium_large-width":768,"medium_large-height":627,"large":"https:\/\/commerces.clervaux.lu\/wp-content\/uploads\/Camping-Reilerweier-4-copy-web-29038-resize-1170x999x70-1024x836.jpg","large-width":1024,"large-height":836,"1536x1536":"https:\/\/commerces.clervaux.lu\/wp-content\/uploads\/Camping-Reilerweier-4-copy-web-29038-resize-1170x999x70.jpg","1536x1536-width":1170,"1536x1536-height":955,"2048x2048":"https:\/\/commerces.clervaux.lu\/wp-content\/uploads\/Camping-Reilerweier-4-copy-web-29038-resize-1170x999x70.jpg","2048x2048-width":1170,"2048x2048-height":955,"landscape":"https:\/\/commerces.clervaux.lu\/wp-content\/uploads\/Camping-Reilerweier-4-copy-web-29038-resize-1170x999x70.jpg","landscape-width":1170,"landscape-height":955}},"video":"","timings_v2":[{"day":"","slot":[{"value":""}]},{"day":"","slot":[{"value":""}]},{"day":"","slot":[{"value":""}]},{"day":"","slot":[{"value":""}]},{"day":"","slot":[{"value":""}]},{"day":"","slot":[{"value":""}]},{"day":"","slot":[{"value":""}]}]},"yoast_head":"<!-- This site is optimized with the Yoast SEO plugin v22.3 - https:\/\/yoast.com\/wordpress\/plugins\/seo\/ -->\n<title>Camping Reilerweier - Administration Communale de Clervaux<\/title>\n<meta name=\"robots\" content=\"index, follow, max-snippet:-1, max-image-preview:large, max-video-preview:-1\" \/>\n<link rel=\"canonical\" href=\"https:\/\/commerces.clervaux.lu\/de\/commerces\/camping-reiler-weier\/\" \/>\n<meta property=\"og:locale\" content=\"de_DE\" \/>\n<meta property=\"og:type\" content=\"article\" \/>\n<meta property=\"og:title\" content=\"Camping Reilerweier - Administration Communale de Clervaux\" \/>\n<meta property=\"og:description\" content=\"Dieser familienfreundliche Campingplatz liegt im Herzen der luxemburgischen Ardennen, in der ruhigen Umgebung des Reiler-Tals, nur 2 km von der [&hellip;]\" \/>\n<meta property=\"og:url\" content=\"https:\/\/commerces.clervaux.lu\/de\/commerces\/camping-reiler-weier\/\" \/>\n<meta property=\"og:site_name\" content=\"Administration Communale de Clervaux\" \/>\n<meta property=\"article:modified_time\" content=\"2025-05-24T12:07:28+00:00\" \/>\n<meta property=\"og:image\" content=\"https:\/\/commerces.clervaux.lu\/wp-content\/uploads\/Camping-Reiler-logo-2023.png\" \/>\n\t<meta property=\"og:image:width\" content=\"1000\" \/>\n\t<meta property=\"og:image:height\" content=\"627\" \/>\n\t<meta property=\"og:image:type\" content=\"image\/png\" \/>\n<meta name=\"twitter:card\" content=\"summary_large_image\" \/>\n<script type=\"application\/ld+json\" class=\"yoast-schema-graph\">{\"@context\":\"https:\/\/schema.org\",\"@graph\":[{\"@type\":\"WebPage\",\"@id\":\"https:\/\/commerces.clervaux.lu\/de\/commerces\/camping-reiler-weier\/\",\"url\":\"https:\/\/commerces.clervaux.lu\/de\/commerces\/camping-reiler-weier\/\",\"name\":\"Camping Reilerweier - Administration Communale de Clervaux\",\"isPartOf\":{\"@id\":\"https:\/\/commerces.clervaux.lu\/de\/#website\"},\"primaryImageOfPage\":{\"@id\":\"https:\/\/commerces.clervaux.lu\/de\/commerces\/camping-reiler-weier\/#primaryimage\"},\"image\":{\"@id\":\"https:\/\/commerces.clervaux.lu\/de\/commerces\/camping-reiler-weier\/#primaryimage\"},\"thumbnailUrl\":\"https:\/\/commerces.clervaux.lu\/wp-content\/uploads\/Camping-Reiler-logo-2023.png\",\"datePublished\":\"2020-03-12T12:15:39+00:00\",\"dateModified\":\"2025-05-24T12:07:28+00:00\",\"breadcrumb\":{\"@id\":\"https:\/\/commerces.clervaux.lu\/de\/commerces\/camping-reiler-weier\/#breadcrumb\"},\"inLanguage\":\"de\",\"potentialAction\":[{\"@type\":\"ReadAction\",\"target\":[\"https:\/\/commerces.clervaux.lu\/de\/commerces\/camping-reiler-weier\/\"]}]},{\"@type\":\"ImageObject\",\"inLanguage\":\"de\",\"@id\":\"https:\/\/commerces.clervaux.lu\/de\/commerces\/camping-reiler-weier\/#primaryimage\",\"url\":\"https:\/\/commerces.clervaux.lu\/wp-content\/uploads\/Camping-Reiler-logo-2023.png\",\"contentUrl\":\"https:\/\/commerces.clervaux.lu\/wp-content\/uploads\/Camping-Reiler-logo-2023.png\",\"width\":1000,\"height\":627},{\"@type\":\"BreadcrumbList\",\"@id\":\"https:\/\/commerces.clervaux.lu\/de\/commerces\/camping-reiler-weier\/#breadcrumb\",\"itemListElement\":[{\"@type\":\"ListItem\",\"position\":1,\"name\":\"Home\",\"item\":\"https:\/\/commerces.clervaux.lu\/de\/\"},{\"@type\":\"ListItem\",\"position\":2,\"name\":\"Commerces\",\"item\":\"https:\/\/commerces.clervaux.lu\/commerces\/\"},{\"@type\":\"ListItem\",\"position\":3,\"name\":\"Unterkunft\",\"item\":\"https:\/\/commerces.clervaux.lu\/de\/type\/unterkunft\/\"},{\"@type\":\"ListItem\",\"position\":4,\"name\":\"Camping Reilerweier\"}]},{\"@type\":\"WebSite\",\"@id\":\"https:\/\/commerces.clervaux.lu\/de\/#website\",\"url\":\"https:\/\/commerces.clervaux.lu\/de\/\",\"name\":\"Administration Communale de Clervaux\",\"description\":\"Un site utilisant WordPress\",\"potentialAction\":[{\"@type\":\"SearchAction\",\"target\":{\"@type\":\"EntryPoint\",\"urlTemplate\":\"https:\/\/commerces.clervaux.lu\/de\/?s={search_term_string}\"},\"query-input\":\"required name=search_term_string\"}],\"inLanguage\":\"de\"}]}<\/script>\n<!-- \/ Yoast SEO plugin. -->","yoast_head_json":{"title":"Camping Reilerweier - Administration Communale de Clervaux","robots":{"index":"index","follow":"follow","max-snippet":"max-snippet:-1","max-image-preview":"max-image-preview:large","max-video-preview":"max-video-preview:-1"},"canonical":"https:\/\/commerces.clervaux.lu\/de\/commerces\/camping-reiler-weier\/","og_locale":"de_DE","og_type":"article","og_title":"Camping Reilerweier - Administration Communale de Clervaux","og_description":"Dieser familienfreundliche Campingplatz liegt im Herzen der luxemburgischen Ardennen, in der ruhigen Umgebung des Reiler-Tals, nur 2 km von der [&hellip;]","og_url":"https:\/\/commerces.clervaux.lu\/de\/commerces\/camping-reiler-weier\/","og_site_name":"Administration Communale de Clervaux","article_modified_time":"2025-05-24T12:07:28+00:00","og_image":[{"width":1000,"height":627,"url":"https:\/\/commerces.clervaux.lu\/wp-content\/uploads\/Camping-Reiler-logo-2023.png","type":"image\/png"}],"twitter_card":"summary_large_image","schema":{"@context":"https:\/\/schema.org","@graph":[{"@type":"WebPage","@id":"https:\/\/commerces.clervaux.lu\/de\/commerces\/camping-reiler-weier\/","url":"https:\/\/commerces.clervaux.lu\/de\/commerces\/camping-reiler-weier\/","name":"Camping Reilerweier - Administration Communale de Clervaux","isPartOf":{"@id":"https:\/\/commerces.clervaux.lu\/de\/#website"},"primaryImageOfPage":{"@id":"https:\/\/commerces.clervaux.lu\/de\/commerces\/camping-reiler-weier\/#primaryimage"},"image":{"@id":"https:\/\/commerces.clervaux.lu\/de\/commerces\/camping-reiler-weier\/#primaryimage"},"thumbnailUrl":"https:\/\/commerces.clervaux.lu\/wp-content\/uploads\/Camping-Reiler-logo-2023.png","datePublished":"2020-03-12T12:15:39+00:00","dateModified":"2025-05-24T12:07:28+00:00","breadcrumb":{"@id":"https:\/\/commerces.clervaux.lu\/de\/commerces\/camping-reiler-weier\/#breadcrumb"},"inLanguage":"de","potentialAction":[{"@type":"ReadAction","target":["https:\/\/commerces.clervaux.lu\/de\/commerces\/camping-reiler-weier\/"]}]},{"@type":"ImageObject","inLanguage":"de","@id":"https:\/\/commerces.clervaux.lu\/de\/commerces\/camping-reiler-weier\/#primaryimage","url":"https:\/\/commerces.clervaux.lu\/wp-content\/uploads\/Camping-Reiler-logo-2023.png","contentUrl":"https:\/\/commerces.clervaux.lu\/wp-content\/uploads\/Camping-Reiler-logo-2023.png","width":1000,"height":627},{"@type":"BreadcrumbList","@id":"https:\/\/commerces.clervaux.lu\/de\/commerces\/camping-reiler-weier\/#breadcrumb","itemListElement":[{"@type":"ListItem","position":1,"name":"Home","item":"https:\/\/commerces.clervaux.lu\/de\/"},{"@type":"ListItem","position":2,"name":"Commerces","item":"https:\/\/commerces.clervaux.lu\/commerces\/"},{"@type":"ListItem","position":3,"name":"Unterkunft","item":"https:\/\/commerces.clervaux.lu\/de\/type\/unterkunft\/"},{"@type":"ListItem","position":4,"name":"Camping Reilerweier"}]},{"@type":"WebSite","@id":"https:\/\/commerces.clervaux.lu\/de\/#website","url":"https:\/\/commerces.clervaux.lu\/de\/","name":"Administration Communale de Clervaux","description":"Un site utilisant WordPress","potentialAction":[{"@type":"SearchAction","target":{"@type":"EntryPoint","urlTemplate":"https:\/\/commerces.clervaux.lu\/de\/?s={search_term_string}"},"query-input":"required name=search_term_string"}],"inLanguage":"de"}]}},"publishpress_future_action":{"enabled":false,"date":"2026-05-09 00:00:49","action":"draft","terms":[],"taxonomy":"listing_category"},"_links":{"self":[{"href":"https:\/\/commerces.clervaux.lu\/de\/wp-json\/wp\/v2\/listing\/2012","targetHints":{"allow":["GET"]}}],"collection":[{"href":"https:\/\/commerces.clervaux.lu\/de\/wp-json\/wp\/v2\/listing"}],"about":[{"href":"https:\/\/commerces.clervaux.lu\/de\/wp-json\/wp\/v2\/types\/listing"}],"wp:featuredmedia":[{"embeddable":true,"href":"https:\/\/commerces.clervaux.lu\/de\/wp-json\/wp\/v2\/media\/4519"}],"wp:attachment":[{"href":"https:\/\/commerces.clervaux.lu\/de\/wp-json\/wp\/v2\/media?parent=2012"}],"wp:term":[{"taxonomy":"listing_category","embeddable":true,"href":"https:\/\/commerces.clervaux.lu\/de\/wp-json\/wp\/v2\/listing_category?post=2012"},{"taxonomy":"listing_location","embeddable":true,"href":"https:\/\/commerces.clervaux.lu\/de\/wp-json\/wp\/v2\/listing_location?post=2012"},{"taxonomy":"listing_tag","embeddable":true,"href":"https:\/\/commerces.clervaux.lu\/de\/wp-json\/wp\/v2\/listing_tag?post=2012"}],"curies":[{"name":"wp","href":"https:\/\/api.w.org\/{rel}","templated":true}]}}

<p>Dieser familienfreundliche Campingplatz liegt im Herzen der luxemburgischen Ardennen, in der ruhigen Umgebung des Reiler-Tals, nur 2 km von der Stadt Clerf entfernt. Ob Sie gerne angeln, in der Natur spazieren gehen, Bogenschießen, kulturelle Entdeckungen machen oder gastronomische Genüsse erleben möchten, die Umgebung bietet eine Vielzahl von Aktivitäten, die Sie genießen können.</p>



<p>Der Campingplatz ist von Mitte März bis Ende Oktober geöffnet.</p>
