{"id":2021,"date":"2020-03-12T11:19:12","date_gmt":"2020-03-12T10:19:12","guid":{"rendered":"https:\/\/commerces.clervaux.lu\/commerces\/aldi\/"},"modified":"2025-05-09T18:12:39","modified_gmt":"2025-05-09T16:12:39","slug":"aldi","status":"publish","type":"listing","link":"https:\/\/commerces.clervaux.lu\/de\/commerces\/aldi\/","title":{"rendered":"Aldi"},"content":{"rendered":"\n<p>Aldi, der Discounter ganz in Ihrer N\u00e4he. Hier finden Sie ein umfassendes Angebot an starken Eigenmarken. Das sind Marken, die Sie exklusiv bei ALDI finden und die die gleichen Qualit\u00e4tsstandards erf\u00fcllen wie die gro\u00dfen Marken.<\/p>\n\n\n\n<p>BLOCK C &#8211; Nordstrooss Shopping Mile Marnach<\/p>\n","protected":false},"featured_media":4588,"template":"","listing_category":[715],"listing_location":[723],"listing_tag":[793,794,792,795],"class_list":["post-2021","listing","type-listing","status-publish","has-post-thumbnail","hentry","listing_category-shopping-de","listing_location-marnach-de","listing_tag-alimentation-generale-de","listing_tag-discount-de","listing_tag-fruits-et-legumes-de","listing_tag-supermarche-de"],"acf":{"location":{"address":"9 Marbuergerstrooss L-9764 Marnach","lat":50.05263730000001,"lng":6.0715553,"zoom":14,"place_id":"ChIJxezl_dj3v0cRYRItn104QJs","street_number":"9","street_name":"Marbuergerstrooss","city":"Maarnech","state":"Distrikt Dikrech","post_code":"9764","country":"Luxembourg","country_short":"LU"},"phone":"+352 26 91 04 21  ","email":"","website":"https:\/\/www.aldi.lu","timings":"MO\t   08.30 - 19.00<br \/>\r\nDI\t   08.30 - 19.00<br \/>\r\nMI\t   08.30 - 19.00<br \/>\r\nDO\t   08.30 - 19.00<br \/>\r\nFR\t   08.30 - 20.00<br \/>\r\nSA\t   08.30 - 19.00<br \/>\r\nSO\t   09.00 - 13.00","gallery":false,"video":"","logo":{"ID":2977,"id":2977,"title":"Aldi Marnach - Foto NDS br IMG_2325-HDR","filename":"Aldi-Marnach-Foto-NDS-br-IMG_2325-HDR.jpg","filesize":104920,"url":"https:\/\/commerces.clervaux.lu\/wp-content\/uploads\/Aldi-Marnach-Foto-NDS-br-IMG_2325-HDR.jpg","link":"https:\/\/commerces.clervaux.lu\/de\/commerces\/aldi\/aldi-marnach-foto-nds-br-img_2325-hdr\/","alt":"","author":"2","description":"","caption":"","name":"aldi-marnach-foto-nds-br-img_2325-hdr","status":"inherit","uploaded_to":2021,"date":"2020-04-20 14:19:09","modified":"2020-04-20 14:19:09","menu_order":0,"mime_type":"image\/jpeg","type":"image","subtype":"jpeg","icon":"https:\/\/commerces.clervaux.lu\/wp-includes\/images\/media\/default.png","width":591,"height":394,"sizes":{"thumbnail":"https:\/\/commerces.clervaux.lu\/wp-content\/uploads\/Aldi-Marnach-Foto-NDS-br-IMG_2325-HDR-150x150.jpg","thumbnail-width":150,"thumbnail-height":150,"medium":"https:\/\/commerces.clervaux.lu\/wp-content\/uploads\/Aldi-Marnach-Foto-NDS-br-IMG_2325-HDR.jpg","medium-width":591,"medium-height":394,"medium_large":"https:\/\/commerces.clervaux.lu\/wp-content\/uploads\/Aldi-Marnach-Foto-NDS-br-IMG_2325-HDR.jpg","medium_large-width":591,"medium_large-height":394,"large":"https:\/\/commerces.clervaux.lu\/wp-content\/uploads\/Aldi-Marnach-Foto-NDS-br-IMG_2325-HDR.jpg","large-width":591,"large-height":394,"1536x1536":"https:\/\/commerces.clervaux.lu\/wp-content\/uploads\/Aldi-Marnach-Foto-NDS-br-IMG_2325-HDR.jpg","1536x1536-width":591,"1536x1536-height":394,"2048x2048":"https:\/\/commerces.clervaux.lu\/wp-content\/uploads\/Aldi-Marnach-Foto-NDS-br-IMG_2325-HDR.jpg","2048x2048-width":591,"2048x2048-height":394,"landscape":"https:\/\/commerces.clervaux.lu\/wp-content\/uploads\/Aldi-Marnach-Foto-NDS-br-IMG_2325-HDR.jpg","landscape-width":591,"landscape-height":394}},"timings_v2":[{"day":"Montag","slot":[{"value":"08.30 - 19.00"}]},{"day":"Dienstag","slot":[{"value":"08.30 - 19.00"}]},{"day":"Mittwoch","slot":[{"value":"08.30 - 19.00"}]},{"day":"Donnerstag","slot":[{"value":"08.30 - 19.00"}]},{"day":"Freitag","slot":[{"value":"08.30 - 20.00"}]},{"day":"Samstag","slot":[{"value":"08.30 - 19.00"}]},{"day":"Sonntag","slot":[{"value":"09.00 - 13.00"}]}]},"yoast_head":"<!-- This site is optimized with the Yoast SEO plugin v22.3 - https:\/\/yoast.com\/wordpress\/plugins\/seo\/ -->\n<title>Aldi - Administration Communale de Clervaux<\/title>\n<meta name=\"robots\" content=\"index, follow, max-snippet:-1, max-image-preview:large, max-video-preview:-1\" \/>\n<link rel=\"canonical\" href=\"https:\/\/commerces.clervaux.lu\/de\/commerces\/aldi\/\" \/>\n<meta property=\"og:locale\" content=\"de_DE\" \/>\n<meta property=\"og:type\" content=\"article\" \/>\n<meta property=\"og:title\" content=\"Aldi - Administration Communale de Clervaux\" \/>\n<meta property=\"og:description\" content=\"Aldi, der Discounter ganz in Ihrer N\u00e4he. Hier finden Sie ein umfassendes Angebot an starken Eigenmarken. Das sind Marken, die [&hellip;]\" \/>\n<meta property=\"og:url\" content=\"https:\/\/commerces.clervaux.lu\/de\/commerces\/aldi\/\" \/>\n<meta property=\"og:site_name\" content=\"Administration Communale de Clervaux\" \/>\n<meta property=\"article:modified_time\" content=\"2025-05-09T16:12:39+00:00\" \/>\n<meta property=\"og:image\" content=\"https:\/\/commerces.clervaux.lu\/wp-content\/uploads\/Logo-Aldi.png\" \/>\n\t<meta property=\"og:image:width\" content=\"225\" \/>\n\t<meta property=\"og:image:height\" content=\"225\" \/>\n\t<meta property=\"og:image:type\" content=\"image\/png\" \/>\n<meta name=\"twitter:card\" content=\"summary_large_image\" \/>\n<script type=\"application\/ld+json\" class=\"yoast-schema-graph\">{\"@context\":\"https:\/\/schema.org\",\"@graph\":[{\"@type\":\"WebPage\",\"@id\":\"https:\/\/commerces.clervaux.lu\/de\/commerces\/aldi\/\",\"url\":\"https:\/\/commerces.clervaux.lu\/de\/commerces\/aldi\/\",\"name\":\"Aldi - Administration Communale de Clervaux\",\"isPartOf\":{\"@id\":\"https:\/\/commerces.clervaux.lu\/de\/#website\"},\"primaryImageOfPage\":{\"@id\":\"https:\/\/commerces.clervaux.lu\/de\/commerces\/aldi\/#primaryimage\"},\"image\":{\"@id\":\"https:\/\/commerces.clervaux.lu\/de\/commerces\/aldi\/#primaryimage\"},\"thumbnailUrl\":\"https:\/\/commerces.clervaux.lu\/wp-content\/uploads\/Logo-Aldi.png\",\"datePublished\":\"2020-03-12T10:19:12+00:00\",\"dateModified\":\"2025-05-09T16:12:39+00:00\",\"breadcrumb\":{\"@id\":\"https:\/\/commerces.clervaux.lu\/de\/commerces\/aldi\/#breadcrumb\"},\"inLanguage\":\"de\",\"potentialAction\":[{\"@type\":\"ReadAction\",\"target\":[\"https:\/\/commerces.clervaux.lu\/de\/commerces\/aldi\/\"]}]},{\"@type\":\"ImageObject\",\"inLanguage\":\"de\",\"@id\":\"https:\/\/commerces.clervaux.lu\/de\/commerces\/aldi\/#primaryimage\",\"url\":\"https:\/\/commerces.clervaux.lu\/wp-content\/uploads\/Logo-Aldi.png\",\"contentUrl\":\"https:\/\/commerces.clervaux.lu\/wp-content\/uploads\/Logo-Aldi.png\",\"width\":225,\"height\":225},{\"@type\":\"BreadcrumbList\",\"@id\":\"https:\/\/commerces.clervaux.lu\/de\/commerces\/aldi\/#breadcrumb\",\"itemListElement\":[{\"@type\":\"ListItem\",\"position\":1,\"name\":\"Home\",\"item\":\"https:\/\/commerces.clervaux.lu\/de\/\"},{\"@type\":\"ListItem\",\"position\":2,\"name\":\"Commerces\",\"item\":\"https:\/\/commerces.clervaux.lu\/commerces\/\"},{\"@type\":\"ListItem\",\"position\":3,\"name\":\"Shopping\",\"item\":\"https:\/\/commerces.clervaux.lu\/de\/type\/shopping-de\/\"},{\"@type\":\"ListItem\",\"position\":4,\"name\":\"Aldi\"}]},{\"@type\":\"WebSite\",\"@id\":\"https:\/\/commerces.clervaux.lu\/de\/#website\",\"url\":\"https:\/\/commerces.clervaux.lu\/de\/\",\"name\":\"Administration Communale de Clervaux\",\"description\":\"Un site utilisant WordPress\",\"potentialAction\":[{\"@type\":\"SearchAction\",\"target\":{\"@type\":\"EntryPoint\",\"urlTemplate\":\"https:\/\/commerces.clervaux.lu\/de\/?s={search_term_string}\"},\"query-input\":\"required name=search_term_string\"}],\"inLanguage\":\"de\"}]}<\/script>\n<!-- \/ Yoast SEO plugin. -->","yoast_head_json":{"title":"Aldi - Administration Communale de Clervaux","robots":{"index":"index","follow":"follow","max-snippet":"max-snippet:-1","max-image-preview":"max-image-preview:large","max-video-preview":"max-video-preview:-1"},"canonical":"https:\/\/commerces.clervaux.lu\/de\/commerces\/aldi\/","og_locale":"de_DE","og_type":"article","og_title":"Aldi - Administration Communale de Clervaux","og_description":"Aldi, der Discounter ganz in Ihrer N\u00e4he. Hier finden Sie ein umfassendes Angebot an starken Eigenmarken. Das sind Marken, die [&hellip;]","og_url":"https:\/\/commerces.clervaux.lu\/de\/commerces\/aldi\/","og_site_name":"Administration Communale de Clervaux","article_modified_time":"2025-05-09T16:12:39+00:00","og_image":[{"width":225,"height":225,"url":"https:\/\/commerces.clervaux.lu\/wp-content\/uploads\/Logo-Aldi.png","type":"image\/png"}],"twitter_card":"summary_large_image","schema":{"@context":"https:\/\/schema.org","@graph":[{"@type":"WebPage","@id":"https:\/\/commerces.clervaux.lu\/de\/commerces\/aldi\/","url":"https:\/\/commerces.clervaux.lu\/de\/commerces\/aldi\/","name":"Aldi - Administration Communale de Clervaux","isPartOf":{"@id":"https:\/\/commerces.clervaux.lu\/de\/#website"},"primaryImageOfPage":{"@id":"https:\/\/commerces.clervaux.lu\/de\/commerces\/aldi\/#primaryimage"},"image":{"@id":"https:\/\/commerces.clervaux.lu\/de\/commerces\/aldi\/#primaryimage"},"thumbnailUrl":"https:\/\/commerces.clervaux.lu\/wp-content\/uploads\/Logo-Aldi.png","datePublished":"2020-03-12T10:19:12+00:00","dateModified":"2025-05-09T16:12:39+00:00","breadcrumb":{"@id":"https:\/\/commerces.clervaux.lu\/de\/commerces\/aldi\/#breadcrumb"},"inLanguage":"de","potentialAction":[{"@type":"ReadAction","target":["https:\/\/commerces.clervaux.lu\/de\/commerces\/aldi\/"]}]},{"@type":"ImageObject","inLanguage":"de","@id":"https:\/\/commerces.clervaux.lu\/de\/commerces\/aldi\/#primaryimage","url":"https:\/\/commerces.clervaux.lu\/wp-content\/uploads\/Logo-Aldi.png","contentUrl":"https:\/\/commerces.clervaux.lu\/wp-content\/uploads\/Logo-Aldi.png","width":225,"height":225},{"@type":"BreadcrumbList","@id":"https:\/\/commerces.clervaux.lu\/de\/commerces\/aldi\/#breadcrumb","itemListElement":[{"@type":"ListItem","position":1,"name":"Home","item":"https:\/\/commerces.clervaux.lu\/de\/"},{"@type":"ListItem","position":2,"name":"Commerces","item":"https:\/\/commerces.clervaux.lu\/commerces\/"},{"@type":"ListItem","position":3,"name":"Shopping","item":"https:\/\/commerces.clervaux.lu\/de\/type\/shopping-de\/"},{"@type":"ListItem","position":4,"name":"Aldi"}]},{"@type":"WebSite","@id":"https:\/\/commerces.clervaux.lu\/de\/#website","url":"https:\/\/commerces.clervaux.lu\/de\/","name":"Administration Communale de Clervaux","description":"Un site utilisant WordPress","potentialAction":[{"@type":"SearchAction","target":{"@type":"EntryPoint","urlTemplate":"https:\/\/commerces.clervaux.lu\/de\/?s={search_term_string}"},"query-input":"required name=search_term_string"}],"inLanguage":"de"}]}},"publishpress_future_action":{"enabled":false,"date":"2026-05-08 23:33:18","action":"draft","terms":[],"taxonomy":"listing_category"},"_links":{"self":[{"href":"https:\/\/commerces.clervaux.lu\/de\/wp-json\/wp\/v2\/listing\/2021","targetHints":{"allow":["GET"]}}],"collection":[{"href":"https:\/\/commerces.clervaux.lu\/de\/wp-json\/wp\/v2\/listing"}],"about":[{"href":"https:\/\/commerces.clervaux.lu\/de\/wp-json\/wp\/v2\/types\/listing"}],"wp:featuredmedia":[{"embeddable":true,"href":"https:\/\/commerces.clervaux.lu\/de\/wp-json\/wp\/v2\/media\/4588"}],"wp:attachment":[{"href":"https:\/\/commerces.clervaux.lu\/de\/wp-json\/wp\/v2\/media?parent=2021"}],"wp:term":[{"taxonomy":"listing_category","embeddable":true,"href":"https:\/\/commerces.clervaux.lu\/de\/wp-json\/wp\/v2\/listing_category?post=2021"},{"taxonomy":"listing_location","embeddable":true,"href":"https:\/\/commerces.clervaux.lu\/de\/wp-json\/wp\/v2\/listing_location?post=2021"},{"taxonomy":"listing_tag","embeddable":true,"href":"https:\/\/commerces.clervaux.lu\/de\/wp-json\/wp\/v2\/listing_tag?post=2021"}],"curies":[{"name":"wp","href":"https:\/\/api.w.org\/{rel}","templated":true}]}}

<p>Aldi, der Discounter ganz in Ihrer Nähe. Hier finden Sie ein umfassendes Angebot an starken Eigenmarken. Das sind Marken, die Sie exklusiv bei ALDI finden und die die gleichen Qualitätsstandards erfüllen wie die großen Marken.</p>



<p>BLOCK C &#8211; Nordstrooss Shopping Mile Marnach</p>

<!-- This site is optimized with the Yoast SEO plugin v22.3 - https://yoast.com/wordpress/plugins/seo/ -->
<title>Aldi - Administration Communale de Clervaux</title>
<meta name="robots" content="index, follow, max-snippet:-1, max-image-preview:large, max-video-preview:-1" />
<link rel="canonical" href="https://commerces.clervaux.lu/de/commerces/aldi/" />
<meta property="og:locale" content="de_DE" />
<meta property="og:type" content="article" />
<meta property="og:title" content="Aldi - Administration Communale de Clervaux" />
<meta property="og:description" content="Aldi, der Discounter ganz in Ihrer Nähe. Hier finden Sie ein umfassendes Angebot an starken Eigenmarken. Das sind Marken, die [&hellip;]" />
<meta property="og:url" content="https://commerces.clervaux.lu/de/commerces/aldi/" />
<meta property="og:site_name" content="Administration Communale de Clervaux" />
<meta property="article:modified_time" content="2025-05-09T16:12:39+00:00" />
<meta property="og:image" content="https://commerces.clervaux.lu/wp-content/uploads/Logo-Aldi.png" />
	<meta property="og:image:width" content="225" />
	<meta property="og:image:height" content="225" />
	<meta property="og:image:type" content="image/png" />
<meta name="twitter:card" content="summary_large_image" />
<script type="application/ld+json" class="yoast-schema-graph">{"@context":"https://schema.org","@graph":[{"@type":"WebPage","@id":"https://commerces.clervaux.lu/de/commerces/aldi/","url":"https://commerces.clervaux.lu/de/commerces/aldi/","name":"Aldi - Administration Communale de Clervaux","isPartOf":{"@id":"https://commerces.clervaux.lu/de/#website"},"primaryImageOfPage":{"@id":"https://commerces.clervaux.lu/de/commerces/aldi/#primaryimage"},"image":{"@id":"https://commerces.clervaux.lu/de/commerces/aldi/#primaryimage"},"thumbnailUrl":"https://commerces.clervaux.lu/wp-content/uploads/Logo-Aldi.png","datePublished":"2020-03-12T10:19:12+00:00","dateModified":"2025-05-09T16:12:39+00:00","breadcrumb":{"@id":"https://commerces.clervaux.lu/de/commerces/aldi/#breadcrumb"},"inLanguage":"de","potentialAction":[{"@type":"ReadAction","target":["https://commerces.clervaux.lu/de/commerces/aldi/"]}]},{"@type":"ImageObject","inLanguage":"de","@id":"https://commerces.clervaux.lu/de/commerces/aldi/#primaryimage","url":"https://commerces.clervaux.lu/wp-content/uploads/Logo-Aldi.png","contentUrl":"https://commerces.clervaux.lu/wp-content/uploads/Logo-Aldi.png","width":225,"height":225},{"@type":"BreadcrumbList","@id":"https://commerces.clervaux.lu/de/commerces/aldi/#breadcrumb","itemListElement":[{"@type":"ListItem","position":1,"name":"Home","item":"https://commerces.clervaux.lu/de/"},{"@type":"ListItem","position":2,"name":"Commerces","item":"https://commerces.clervaux.lu/commerces/"},{"@type":"ListItem","position":3,"name":"Shopping","item":"https://commerces.clervaux.lu/de/type/shopping-de/"},{"@type":"ListItem","position":4,"name":"Aldi"}]},{"@type":"WebSite","@id":"https://commerces.clervaux.lu/de/#website","url":"https://commerces.clervaux.lu/de/","name":"Administration Communale de Clervaux","description":"Un site utilisant WordPress","potentialAction":[{"@type":"SearchAction","target":{"@type":"EntryPoint","urlTemplate":"https://commerces.clervaux.lu/de/?s={search_term_string}"},"query-input":"required name=search_term_string"}],"inLanguage":"de"}]}</script>
<!-- / Yoast SEO plugin. -->

Aldi, der Discounter ganz in Ihrer Nähe. Hier finden Sie ein umfassendes Angebot an starken Eigenmarken. Das sind Marken, die [&hellip;]
