{"id":2042,"date":"2020-03-12T09:46:05","date_gmt":"2020-03-12T08:46:05","guid":{"rendered":"https:\/\/commerces.clervaux.lu\/commerces\/optique-bley\/"},"modified":"2025-05-13T20:57:17","modified_gmt":"2025-05-13T18:57:17","slug":"optique-bley","status":"publish","type":"listing","link":"https:\/\/commerces.clervaux.lu\/de\/commerces\/optique-bley\/","title":{"rendered":"Optique Bley"},"content":{"rendered":"\n<p>Optique Bley bietet Ihnen:<\/p>\n\n\n\n<ul class=\"wp-block-list\">\n<li>Beratung und Verkauf von Brillenfassungen<\/li>\n\n\n\n<li>Anpassung und Reparatur von Brillenfassungen<\/li>\n\n\n\n<li>Sehtests<\/li>\n\n\n\n<li>Sonnenbrillen<\/li>\n\n\n\n<li>Anpassung von Kontaktlinsen<\/li>\n\n\n\n<li>H\u00f6rtests<\/li>\n\n\n\n<li>Reparatur und Reinigung von H\u00f6rger\u00e4ten<\/li>\n\n\n\n<li>Zubeh\u00f6r f\u00fcr H\u00f6rger\u00e4te<\/li>\n<\/ul>\n\n\n\n<p>BLOCK A &#8211; Nordstrooss Shopping Mile Marnach<\/p>\n","protected":false},"featured_media":4711,"template":"","listing_category":[712,710,715],"listing_location":[36],"listing_tag":[1140,1137,1139,1136,1141,1138],"class_list":["post-2042","listing","type-listing","status-publish","has-post-thumbnail","hentry","listing_category-dienstleistung","listing_category-handwerk","listing_category-shopping-de","listing_location-marnach","listing_tag-lunettes-de","listing_tag-montures-lunettes-de","listing_tag-appareils-auditifs-de","listing_tag-lentilles-de-contact-de","listing_tag-opticien-de","listing_tag-lunettes-de-soleil-de"],"acf":{"location":{"address":"2, Marbuergerstrooss, L-9764 Marnach","lat":50.0509546,"lng":6.072708899999999,"zoom":14,"place_id":"ChIJAYWRN9n3v0cROKi1q9-4jfA","street_number":"2","street_name":"Marbuergerstrooss","city":"Maarnech","state":"Distrikt Dikrech","post_code":"9764","country":"Luxembourg","country_short":"LU"},"phone":"+352 26 37 88 90 ","email":"optbley@pt.lu","website":"https:\/\/www.optiquebley.lu","timings":"MO\t9.00 - 18.00<br \/>\r\nDI\t9.00 - 18.00<br \/>\r\nMI\t9.00 - 18.00<br \/>\r\nDO\t9.00 - 18.00<br \/>\r\nFR\t9.00 - 18.00<br \/>\r\nSA\t9.00 - 18.00<br \/>\r\nSO\tgeschlossen<br \/>\r\n","gallery":false,"logo":{"ID":1021,"id":1021,"title":"Optique Bley 2 COPY WEB 20181119_LS-2018198_00398","filename":"Optique-Bley-2-COPY-WEB-20181119_LS-2018198_00398.jpg","filesize":59616,"url":"https:\/\/commerces.clervaux.lu\/wp-content\/uploads\/Optique-Bley-2-COPY-WEB-20181119_LS-2018198_00398.jpg","link":"https:\/\/commerces.clervaux.lu\/de\/commerces\/optique-bley\/optique-bley-2-copy-web-20181119_ls-2018198_00398-2\/","alt":"","author":"2","description":"","caption":"","name":"optique-bley-2-copy-web-20181119_ls-2018198_00398-2","status":"inherit","uploaded_to":2042,"date":"2020-04-29 13:16:29","modified":"2020-04-29 13:16:29","menu_order":0,"mime_type":"image\/jpeg","type":"image","subtype":"jpeg","icon":"https:\/\/commerces.clervaux.lu\/wp-includes\/images\/media\/default.png","width":640,"height":427,"sizes":{"thumbnail":"https:\/\/commerces.clervaux.lu\/wp-content\/uploads\/Optique-Bley-2-COPY-WEB-20181119_LS-2018198_00398-150x150.jpg","thumbnail-width":150,"thumbnail-height":150,"medium":"https:\/\/commerces.clervaux.lu\/wp-content\/uploads\/Optique-Bley-2-COPY-WEB-20181119_LS-2018198_00398.jpg","medium-width":640,"medium-height":427,"medium_large":"https:\/\/commerces.clervaux.lu\/wp-content\/uploads\/Optique-Bley-2-COPY-WEB-20181119_LS-2018198_00398.jpg","medium_large-width":640,"medium_large-height":427,"large":"https:\/\/commerces.clervaux.lu\/wp-content\/uploads\/Optique-Bley-2-COPY-WEB-20181119_LS-2018198_00398.jpg","large-width":640,"large-height":427,"1536x1536":"https:\/\/commerces.clervaux.lu\/wp-content\/uploads\/Optique-Bley-2-COPY-WEB-20181119_LS-2018198_00398.jpg","1536x1536-width":640,"1536x1536-height":427,"2048x2048":"https:\/\/commerces.clervaux.lu\/wp-content\/uploads\/Optique-Bley-2-COPY-WEB-20181119_LS-2018198_00398.jpg","2048x2048-width":640,"2048x2048-height":427,"landscape":"https:\/\/commerces.clervaux.lu\/wp-content\/uploads\/Optique-Bley-2-COPY-WEB-20181119_LS-2018198_00398.jpg","landscape-width":640,"landscape-height":427}},"video":"","timings_v2":[{"day":"Montag","slot":[{"value":"9.00 - 18.00"}]},{"day":"Dienstag","slot":[{"value":"9.00 - 18.00"}]},{"day":"Mittwoch","slot":[{"value":"9.00 - 18.00"}]},{"day":"Donnerstag","slot":[{"value":"9.00 - 18.00"}]},{"day":"Freitag","slot":[{"value":"9.00 - 18.00"}]},{"day":"Samstag","slot":[{"value":"9.00 - 18.00"}]},{"day":"Sonntag","slot":[{"value":"Geschlossen"}]}]},"yoast_head":"<!-- This site is optimized with the Yoast SEO plugin v22.3 - https:\/\/yoast.com\/wordpress\/plugins\/seo\/ -->\n<title>Optique Bley - Administration Communale de Clervaux<\/title>\n<meta name=\"robots\" content=\"index, follow, max-snippet:-1, max-image-preview:large, max-video-preview:-1\" \/>\n<link rel=\"canonical\" href=\"https:\/\/commerces.clervaux.lu\/de\/commerces\/optique-bley\/\" \/>\n<meta property=\"og:locale\" content=\"de_DE\" \/>\n<meta property=\"og:type\" content=\"article\" \/>\n<meta property=\"og:title\" content=\"Optique Bley - Administration Communale de Clervaux\" \/>\n<meta property=\"og:description\" content=\"Optique Bley bietet Ihnen: BLOCK A &#8211; Nordstrooss Shopping Mile Marnach\" \/>\n<meta property=\"og:url\" content=\"https:\/\/commerces.clervaux.lu\/de\/commerces\/optique-bley\/\" \/>\n<meta property=\"og:site_name\" content=\"Administration Communale de Clervaux\" \/>\n<meta property=\"article:modified_time\" content=\"2025-05-13T18:57:17+00:00\" \/>\n<meta property=\"og:image\" content=\"https:\/\/commerces.clervaux.lu\/wp-content\/uploads\/LOGO-BLEY-scaled.png\" \/>\n\t<meta property=\"og:image:width\" content=\"2560\" \/>\n\t<meta property=\"og:image:height\" content=\"680\" \/>\n\t<meta property=\"og:image:type\" content=\"image\/png\" \/>\n<meta name=\"twitter:card\" content=\"summary_large_image\" \/>\n<script type=\"application\/ld+json\" class=\"yoast-schema-graph\">{\"@context\":\"https:\/\/schema.org\",\"@graph\":[{\"@type\":\"WebPage\",\"@id\":\"https:\/\/commerces.clervaux.lu\/de\/commerces\/optique-bley\/\",\"url\":\"https:\/\/commerces.clervaux.lu\/de\/commerces\/optique-bley\/\",\"name\":\"Optique Bley - Administration Communale de Clervaux\",\"isPartOf\":{\"@id\":\"https:\/\/commerces.clervaux.lu\/de\/#website\"},\"primaryImageOfPage\":{\"@id\":\"https:\/\/commerces.clervaux.lu\/de\/commerces\/optique-bley\/#primaryimage\"},\"image\":{\"@id\":\"https:\/\/commerces.clervaux.lu\/de\/commerces\/optique-bley\/#primaryimage\"},\"thumbnailUrl\":\"https:\/\/commerces.clervaux.lu\/wp-content\/uploads\/LOGO-BLEY-scaled.png\",\"datePublished\":\"2020-03-12T08:46:05+00:00\",\"dateModified\":\"2025-05-13T18:57:17+00:00\",\"breadcrumb\":{\"@id\":\"https:\/\/commerces.clervaux.lu\/de\/commerces\/optique-bley\/#breadcrumb\"},\"inLanguage\":\"de\",\"potentialAction\":[{\"@type\":\"ReadAction\",\"target\":[\"https:\/\/commerces.clervaux.lu\/de\/commerces\/optique-bley\/\"]}]},{\"@type\":\"ImageObject\",\"inLanguage\":\"de\",\"@id\":\"https:\/\/commerces.clervaux.lu\/de\/commerces\/optique-bley\/#primaryimage\",\"url\":\"https:\/\/commerces.clervaux.lu\/wp-content\/uploads\/LOGO-BLEY-scaled.png\",\"contentUrl\":\"https:\/\/commerces.clervaux.lu\/wp-content\/uploads\/LOGO-BLEY-scaled.png\",\"width\":2560,\"height\":680},{\"@type\":\"BreadcrumbList\",\"@id\":\"https:\/\/commerces.clervaux.lu\/de\/commerces\/optique-bley\/#breadcrumb\",\"itemListElement\":[{\"@type\":\"ListItem\",\"position\":1,\"name\":\"Home\",\"item\":\"https:\/\/commerces.clervaux.lu\/de\/\"},{\"@type\":\"ListItem\",\"position\":2,\"name\":\"Commerces\",\"item\":\"https:\/\/commerces.clervaux.lu\/commerces\/\"},{\"@type\":\"ListItem\",\"position\":3,\"name\":\"Dienstleistung\",\"item\":\"https:\/\/commerces.clervaux.lu\/de\/type\/dienstleistung\/\"},{\"@type\":\"ListItem\",\"position\":4,\"name\":\"Optique Bley\"}]},{\"@type\":\"WebSite\",\"@id\":\"https:\/\/commerces.clervaux.lu\/de\/#website\",\"url\":\"https:\/\/commerces.clervaux.lu\/de\/\",\"name\":\"Administration Communale de Clervaux\",\"description\":\"Un site utilisant WordPress\",\"potentialAction\":[{\"@type\":\"SearchAction\",\"target\":{\"@type\":\"EntryPoint\",\"urlTemplate\":\"https:\/\/commerces.clervaux.lu\/de\/?s={search_term_string}\"},\"query-input\":\"required name=search_term_string\"}],\"inLanguage\":\"de\"}]}<\/script>\n<!-- \/ Yoast SEO plugin. -->","yoast_head_json":{"title":"Optique Bley - Administration Communale de Clervaux","robots":{"index":"index","follow":"follow","max-snippet":"max-snippet:-1","max-image-preview":"max-image-preview:large","max-video-preview":"max-video-preview:-1"},"canonical":"https:\/\/commerces.clervaux.lu\/de\/commerces\/optique-bley\/","og_locale":"de_DE","og_type":"article","og_title":"Optique Bley - Administration Communale de Clervaux","og_description":"Optique Bley bietet Ihnen: BLOCK A &#8211; Nordstrooss Shopping Mile Marnach","og_url":"https:\/\/commerces.clervaux.lu\/de\/commerces\/optique-bley\/","og_site_name":"Administration Communale de Clervaux","article_modified_time":"2025-05-13T18:57:17+00:00","og_image":[{"width":2560,"height":680,"url":"https:\/\/commerces.clervaux.lu\/wp-content\/uploads\/LOGO-BLEY-scaled.png","type":"image\/png"}],"twitter_card":"summary_large_image","schema":{"@context":"https:\/\/schema.org","@graph":[{"@type":"WebPage","@id":"https:\/\/commerces.clervaux.lu\/de\/commerces\/optique-bley\/","url":"https:\/\/commerces.clervaux.lu\/de\/commerces\/optique-bley\/","name":"Optique Bley - Administration Communale de Clervaux","isPartOf":{"@id":"https:\/\/commerces.clervaux.lu\/de\/#website"},"primaryImageOfPage":{"@id":"https:\/\/commerces.clervaux.lu\/de\/commerces\/optique-bley\/#primaryimage"},"image":{"@id":"https:\/\/commerces.clervaux.lu\/de\/commerces\/optique-bley\/#primaryimage"},"thumbnailUrl":"https:\/\/commerces.clervaux.lu\/wp-content\/uploads\/LOGO-BLEY-scaled.png","datePublished":"2020-03-12T08:46:05+00:00","dateModified":"2025-05-13T18:57:17+00:00","breadcrumb":{"@id":"https:\/\/commerces.clervaux.lu\/de\/commerces\/optique-bley\/#breadcrumb"},"inLanguage":"de","potentialAction":[{"@type":"ReadAction","target":["https:\/\/commerces.clervaux.lu\/de\/commerces\/optique-bley\/"]}]},{"@type":"ImageObject","inLanguage":"de","@id":"https:\/\/commerces.clervaux.lu\/de\/commerces\/optique-bley\/#primaryimage","url":"https:\/\/commerces.clervaux.lu\/wp-content\/uploads\/LOGO-BLEY-scaled.png","contentUrl":"https:\/\/commerces.clervaux.lu\/wp-content\/uploads\/LOGO-BLEY-scaled.png","width":2560,"height":680},{"@type":"BreadcrumbList","@id":"https:\/\/commerces.clervaux.lu\/de\/commerces\/optique-bley\/#breadcrumb","itemListElement":[{"@type":"ListItem","position":1,"name":"Home","item":"https:\/\/commerces.clervaux.lu\/de\/"},{"@type":"ListItem","position":2,"name":"Commerces","item":"https:\/\/commerces.clervaux.lu\/commerces\/"},{"@type":"ListItem","position":3,"name":"Dienstleistung","item":"https:\/\/commerces.clervaux.lu\/de\/type\/dienstleistung\/"},{"@type":"ListItem","position":4,"name":"Optique Bley"}]},{"@type":"WebSite","@id":"https:\/\/commerces.clervaux.lu\/de\/#website","url":"https:\/\/commerces.clervaux.lu\/de\/","name":"Administration Communale de Clervaux","description":"Un site utilisant WordPress","potentialAction":[{"@type":"SearchAction","target":{"@type":"EntryPoint","urlTemplate":"https:\/\/commerces.clervaux.lu\/de\/?s={search_term_string}"},"query-input":"required name=search_term_string"}],"inLanguage":"de"}]}},"publishpress_future_action":{"enabled":false,"date":"2026-05-09 05:20:01","action":"draft","terms":[],"taxonomy":"listing_category"},"_links":{"self":[{"href":"https:\/\/commerces.clervaux.lu\/de\/wp-json\/wp\/v2\/listing\/2042","targetHints":{"allow":["GET"]}}],"collection":[{"href":"https:\/\/commerces.clervaux.lu\/de\/wp-json\/wp\/v2\/listing"}],"about":[{"href":"https:\/\/commerces.clervaux.lu\/de\/wp-json\/wp\/v2\/types\/listing"}],"wp:featuredmedia":[{"embeddable":true,"href":"https:\/\/commerces.clervaux.lu\/de\/wp-json\/wp\/v2\/media\/4711"}],"wp:attachment":[{"href":"https:\/\/commerces.clervaux.lu\/de\/wp-json\/wp\/v2\/media?parent=2042"}],"wp:term":[{"taxonomy":"listing_category","embeddable":true,"href":"https:\/\/commerces.clervaux.lu\/de\/wp-json\/wp\/v2\/listing_category?post=2042"},{"taxonomy":"listing_location","embeddable":true,"href":"https:\/\/commerces.clervaux.lu\/de\/wp-json\/wp\/v2\/listing_location?post=2042"},{"taxonomy":"listing_tag","embeddable":true,"href":"https:\/\/commerces.clervaux.lu\/de\/wp-json\/wp\/v2\/listing_tag?post=2042"}],"curies":[{"name":"wp","href":"https:\/\/api.w.org\/{rel}","templated":true}]}}

<p>Optique Bley bietet Ihnen:</p>



<ul class="wp-block-list">
<li>Beratung und Verkauf von Brillenfassungen</li>



<li>Anpassung und Reparatur von Brillenfassungen</li>



<li>Sehtests</li>



<li>Sonnenbrillen</li>



<li>Anpassung von Kontaktlinsen</li>



<li>Hörtests</li>



<li>Reparatur und Reinigung von Hörgeräten</li>



<li>Zubehör für Hörgeräte</li>
</ul>



<p>BLOCK A &#8211; Nordstrooss Shopping Mile Marnach</p>
