{"id":2054,"date":"2020-03-12T08:55:18","date_gmt":"2020-03-12T07:55:18","guid":{"rendered":"https:\/\/commerces.clervaux.lu\/commerces\/naturata-schanck-haff\/"},"modified":"2025-05-30T11:39:57","modified_gmt":"2025-05-30T09:39:57","slug":"naturata-schanck-haff","status":"publish","type":"listing","link":"https:\/\/commerces.clervaux.lu\/de\/commerces\/naturata-schanck-haff\/","title":{"rendered":"K\u00e4serei Schanck-Haff"},"content":{"rendered":"\n<p>Seit 1989 wird die Demeter-Milch vom Bauernhof Schank-Haff im \u00d6sling im Norden Luxemburgs in der direkt auf dem Hof gelegenen BIOG-K\u00e4serei mit viel Know-how und Geduld zu Hartk\u00e4se verarbeitet.<\/p>\n\n\n\n<p>Der Hof Schanck-Haff ist vor allem f\u00fcr seinen \u201e\u00c9isleker K\u00e9is\u201c bekannt, der sorgf\u00e4ltig und nach traditioneller Handwerkskunst f\u00fcr die Marke BIOG der gleichnamigen Genossenschaft hergestellt wird. Die Grundlage f\u00fcr die acht K\u00e4sesorten \u201eHaarden\u201c, \u201eNatur\u201c, \u201eDeelentramt\u201c, \u201ePaprika\u201c, \u201eKnuewelek\u201c, \u201aPeffer\u2018 und \u201eMoschter\u201c ist frische Demeter-Milch.<\/p>\n","protected":false},"featured_media":980,"template":"","listing_category":[710,713],"listing_location":[35],"listing_tag":[1111,1117,1119,1120,2154,1118,1112,1116],"class_list":["post-2054","listing","type-listing","status-publish","has-post-thumbnail","hentry","listing_category-handwerk","listing_category-lebensmittelgeschaft","listing_location-hupperdange","listing_tag-biog-de","listing_tag-eisleker-keis-de","listing_tag-fairassociative-de","listing_tag-hepperdanger-keis-de","listing_tag-kaese","listing_tag-fromagerie-de","listing_tag-fromage-luxemboureois-de","listing_tag-naturata-de"],"acf":{"location":{"address":"10, Duarrefstrooss, L-9755 Hupperdange","lat":50.0955145,"lng":6.0574568,"zoom":14,"place_id":"ChIJzwz3yO0JwEcRTyGO0TasFpM","street_number":"10","street_name":"Duarrefstrooss","city":"H\u00ebpperdang","state":"Distrikt Dikrech","post_code":"9755","country":"Luxembourg","country_short":"LU"},"phone":"+352 49 65 51 33","email":"","website":"https:\/\/www.biog.lu\/fr\/fromageries\/la-fromagerie-fermiere-schanck-haff","timings":"MO \tGeschlossen<br \/>\r\nDI \tGeschlossen<br \/>\r\nMI \tGeschlossen<br \/>\r\nDO\tGeschlossen<br \/>\r\nFR\t13.30 - 18.00<br \/>\r\nSA\t09.00 - 12.00 \/ 13h30 - 15h00<br \/>\r\nSO\tGeschlossen<br \/>\r\n<br \/>\r\n","gallery":false,"timings_v2":[{"day":"Montag","slot":[{"value":"Geschlossen"}]},{"day":"Dienstag","slot":[{"value":"Geschlossen"}]},{"day":"Mittwoch","slot":[{"value":"Geschlossen"}]},{"day":"Donnerstag","slot":[{"value":"Geschlossen"}]},{"day":"Freitag","slot":[{"value":"13.30 - 18.00"}]},{"day":"Samstag","slot":[{"value":"09.00 - 12.00 \/ 13h30 - 15h00"}]},{"day":"Sonntag","slot":[{"value":"Geschlossen"}]}],"logo":{"ID":981,"id":981,"title":"Fromagerie Schanck-Haff 3 COPY WEB","filename":"Fromagerie-Schanck-Haff-3-COPY-WEB.jpg","filesize":142710,"url":"https:\/\/commerces.clervaux.lu\/wp-content\/uploads\/Fromagerie-Schanck-Haff-3-COPY-WEB.jpg","link":"https:\/\/commerces.clervaux.lu\/de\/commerces\/naturata-schanck-haff\/fromagerie-schanck-haff-3-copy-web\/","alt":"","author":"2","description":"","caption":"","name":"fromagerie-schanck-haff-3-copy-web","status":"inherit","uploaded_to":266,"date":"2020-04-29 12:22:04","modified":"2020-04-29 12:22:04","menu_order":0,"mime_type":"image\/jpeg","type":"image","subtype":"jpeg","icon":"https:\/\/commerces.clervaux.lu\/wp-includes\/images\/media\/default.png","width":1632,"height":918,"sizes":{"thumbnail":"https:\/\/commerces.clervaux.lu\/wp-content\/uploads\/Fromagerie-Schanck-Haff-3-COPY-WEB-150x150.jpg","thumbnail-width":150,"thumbnail-height":150,"medium":"https:\/\/commerces.clervaux.lu\/wp-content\/uploads\/Fromagerie-Schanck-Haff-3-COPY-WEB-670x377.jpg","medium-width":670,"medium-height":377,"medium_large":"https:\/\/commerces.clervaux.lu\/wp-content\/uploads\/Fromagerie-Schanck-Haff-3-COPY-WEB-768x432.jpg","medium_large-width":768,"medium_large-height":432,"large":"https:\/\/commerces.clervaux.lu\/wp-content\/uploads\/Fromagerie-Schanck-Haff-3-COPY-WEB-1024x576.jpg","large-width":1024,"large-height":576,"1536x1536":"https:\/\/commerces.clervaux.lu\/wp-content\/uploads\/Fromagerie-Schanck-Haff-3-COPY-WEB-1536x864.jpg","1536x1536-width":1536,"1536x1536-height":864,"2048x2048":"https:\/\/commerces.clervaux.lu\/wp-content\/uploads\/Fromagerie-Schanck-Haff-3-COPY-WEB.jpg","2048x2048-width":1632,"2048x2048-height":918,"landscape":"https:\/\/commerces.clervaux.lu\/wp-content\/uploads\/Fromagerie-Schanck-Haff-3-COPY-WEB.jpg","landscape-width":1632,"landscape-height":918}},"video":""},"yoast_head":"<!-- This site is optimized with the Yoast SEO plugin v22.3 - https:\/\/yoast.com\/wordpress\/plugins\/seo\/ -->\n<title>K\u00e4serei Schanck-Haff - Administration Communale de Clervaux<\/title>\n<meta name=\"robots\" content=\"index, follow, max-snippet:-1, max-image-preview:large, max-video-preview:-1\" \/>\n<link rel=\"canonical\" href=\"https:\/\/commerces.clervaux.lu\/de\/commerces\/naturata-schanck-haff\/\" \/>\n<meta property=\"og:locale\" content=\"de_DE\" \/>\n<meta property=\"og:type\" content=\"article\" \/>\n<meta property=\"og:title\" content=\"K\u00e4serei Schanck-Haff - Administration Communale de Clervaux\" \/>\n<meta property=\"og:description\" content=\"Seit 1989 wird die Demeter-Milch vom Bauernhof Schank-Haff im \u00d6sling im Norden Luxemburgs in der direkt auf dem Hof gelegenen [&hellip;]\" \/>\n<meta property=\"og:url\" content=\"https:\/\/commerces.clervaux.lu\/de\/commerces\/naturata-schanck-haff\/\" \/>\n<meta property=\"og:site_name\" content=\"Administration Communale de Clervaux\" \/>\n<meta property=\"article:modified_time\" content=\"2025-05-30T09:39:57+00:00\" \/>\n<meta property=\"og:image\" content=\"https:\/\/commerces.clervaux.lu\/wp-content\/uploads\/Fromagerie-Schanck-Haff-2-COPY-WEB.jpg\" \/>\n\t<meta property=\"og:image:width\" content=\"1970\" \/>\n\t<meta property=\"og:image:height\" content=\"1313\" \/>\n\t<meta property=\"og:image:type\" content=\"image\/jpeg\" \/>\n<meta name=\"twitter:card\" content=\"summary_large_image\" \/>\n<script type=\"application\/ld+json\" class=\"yoast-schema-graph\">{\"@context\":\"https:\/\/schema.org\",\"@graph\":[{\"@type\":\"WebPage\",\"@id\":\"https:\/\/commerces.clervaux.lu\/de\/commerces\/naturata-schanck-haff\/\",\"url\":\"https:\/\/commerces.clervaux.lu\/de\/commerces\/naturata-schanck-haff\/\",\"name\":\"K\u00e4serei Schanck-Haff - Administration Communale de Clervaux\",\"isPartOf\":{\"@id\":\"https:\/\/commerces.clervaux.lu\/de\/#website\"},\"primaryImageOfPage\":{\"@id\":\"https:\/\/commerces.clervaux.lu\/de\/commerces\/naturata-schanck-haff\/#primaryimage\"},\"image\":{\"@id\":\"https:\/\/commerces.clervaux.lu\/de\/commerces\/naturata-schanck-haff\/#primaryimage\"},\"thumbnailUrl\":\"https:\/\/commerces.clervaux.lu\/wp-content\/uploads\/Fromagerie-Schanck-Haff-2-COPY-WEB.jpg\",\"datePublished\":\"2020-03-12T07:55:18+00:00\",\"dateModified\":\"2025-05-30T09:39:57+00:00\",\"breadcrumb\":{\"@id\":\"https:\/\/commerces.clervaux.lu\/de\/commerces\/naturata-schanck-haff\/#breadcrumb\"},\"inLanguage\":\"de\",\"potentialAction\":[{\"@type\":\"ReadAction\",\"target\":[\"https:\/\/commerces.clervaux.lu\/de\/commerces\/naturata-schanck-haff\/\"]}]},{\"@type\":\"ImageObject\",\"inLanguage\":\"de\",\"@id\":\"https:\/\/commerces.clervaux.lu\/de\/commerces\/naturata-schanck-haff\/#primaryimage\",\"url\":\"https:\/\/commerces.clervaux.lu\/wp-content\/uploads\/Fromagerie-Schanck-Haff-2-COPY-WEB.jpg\",\"contentUrl\":\"https:\/\/commerces.clervaux.lu\/wp-content\/uploads\/Fromagerie-Schanck-Haff-2-COPY-WEB.jpg\",\"width\":1970,\"height\":1313},{\"@type\":\"BreadcrumbList\",\"@id\":\"https:\/\/commerces.clervaux.lu\/de\/commerces\/naturata-schanck-haff\/#breadcrumb\",\"itemListElement\":[{\"@type\":\"ListItem\",\"position\":1,\"name\":\"Home\",\"item\":\"https:\/\/commerces.clervaux.lu\/de\/\"},{\"@type\":\"ListItem\",\"position\":2,\"name\":\"Commerces\",\"item\":\"https:\/\/commerces.clervaux.lu\/commerces\/\"},{\"@type\":\"ListItem\",\"position\":3,\"name\":\"Handwerk\",\"item\":\"https:\/\/commerces.clervaux.lu\/de\/type\/handwerk\/\"},{\"@type\":\"ListItem\",\"position\":4,\"name\":\"K\u00e4serei Schanck-Haff\"}]},{\"@type\":\"WebSite\",\"@id\":\"https:\/\/commerces.clervaux.lu\/de\/#website\",\"url\":\"https:\/\/commerces.clervaux.lu\/de\/\",\"name\":\"Administration Communale de Clervaux\",\"description\":\"Un site utilisant WordPress\",\"potentialAction\":[{\"@type\":\"SearchAction\",\"target\":{\"@type\":\"EntryPoint\",\"urlTemplate\":\"https:\/\/commerces.clervaux.lu\/de\/?s={search_term_string}\"},\"query-input\":\"required name=search_term_string\"}],\"inLanguage\":\"de\"}]}<\/script>\n<!-- \/ Yoast SEO plugin. -->","yoast_head_json":{"title":"K\u00e4serei Schanck-Haff - Administration Communale de Clervaux","robots":{"index":"index","follow":"follow","max-snippet":"max-snippet:-1","max-image-preview":"max-image-preview:large","max-video-preview":"max-video-preview:-1"},"canonical":"https:\/\/commerces.clervaux.lu\/de\/commerces\/naturata-schanck-haff\/","og_locale":"de_DE","og_type":"article","og_title":"K\u00e4serei Schanck-Haff - Administration Communale de Clervaux","og_description":"Seit 1989 wird die Demeter-Milch vom Bauernhof Schank-Haff im \u00d6sling im Norden Luxemburgs in der direkt auf dem Hof gelegenen [&hellip;]","og_url":"https:\/\/commerces.clervaux.lu\/de\/commerces\/naturata-schanck-haff\/","og_site_name":"Administration Communale de Clervaux","article_modified_time":"2025-05-30T09:39:57+00:00","og_image":[{"width":1970,"height":1313,"url":"https:\/\/commerces.clervaux.lu\/wp-content\/uploads\/Fromagerie-Schanck-Haff-2-COPY-WEB.jpg","type":"image\/jpeg"}],"twitter_card":"summary_large_image","schema":{"@context":"https:\/\/schema.org","@graph":[{"@type":"WebPage","@id":"https:\/\/commerces.clervaux.lu\/de\/commerces\/naturata-schanck-haff\/","url":"https:\/\/commerces.clervaux.lu\/de\/commerces\/naturata-schanck-haff\/","name":"K\u00e4serei Schanck-Haff - Administration Communale de Clervaux","isPartOf":{"@id":"https:\/\/commerces.clervaux.lu\/de\/#website"},"primaryImageOfPage":{"@id":"https:\/\/commerces.clervaux.lu\/de\/commerces\/naturata-schanck-haff\/#primaryimage"},"image":{"@id":"https:\/\/commerces.clervaux.lu\/de\/commerces\/naturata-schanck-haff\/#primaryimage"},"thumbnailUrl":"https:\/\/commerces.clervaux.lu\/wp-content\/uploads\/Fromagerie-Schanck-Haff-2-COPY-WEB.jpg","datePublished":"2020-03-12T07:55:18+00:00","dateModified":"2025-05-30T09:39:57+00:00","breadcrumb":{"@id":"https:\/\/commerces.clervaux.lu\/de\/commerces\/naturata-schanck-haff\/#breadcrumb"},"inLanguage":"de","potentialAction":[{"@type":"ReadAction","target":["https:\/\/commerces.clervaux.lu\/de\/commerces\/naturata-schanck-haff\/"]}]},{"@type":"ImageObject","inLanguage":"de","@id":"https:\/\/commerces.clervaux.lu\/de\/commerces\/naturata-schanck-haff\/#primaryimage","url":"https:\/\/commerces.clervaux.lu\/wp-content\/uploads\/Fromagerie-Schanck-Haff-2-COPY-WEB.jpg","contentUrl":"https:\/\/commerces.clervaux.lu\/wp-content\/uploads\/Fromagerie-Schanck-Haff-2-COPY-WEB.jpg","width":1970,"height":1313},{"@type":"BreadcrumbList","@id":"https:\/\/commerces.clervaux.lu\/de\/commerces\/naturata-schanck-haff\/#breadcrumb","itemListElement":[{"@type":"ListItem","position":1,"name":"Home","item":"https:\/\/commerces.clervaux.lu\/de\/"},{"@type":"ListItem","position":2,"name":"Commerces","item":"https:\/\/commerces.clervaux.lu\/commerces\/"},{"@type":"ListItem","position":3,"name":"Handwerk","item":"https:\/\/commerces.clervaux.lu\/de\/type\/handwerk\/"},{"@type":"ListItem","position":4,"name":"K\u00e4serei Schanck-Haff"}]},{"@type":"WebSite","@id":"https:\/\/commerces.clervaux.lu\/de\/#website","url":"https:\/\/commerces.clervaux.lu\/de\/","name":"Administration Communale de Clervaux","description":"Un site utilisant WordPress","potentialAction":[{"@type":"SearchAction","target":{"@type":"EntryPoint","urlTemplate":"https:\/\/commerces.clervaux.lu\/de\/?s={search_term_string}"},"query-input":"required name=search_term_string"}],"inLanguage":"de"}]}},"publishpress_future_action":{"enabled":false,"date":"2026-05-09 07:29:27","action":"draft","terms":[],"taxonomy":"listing_category"},"_links":{"self":[{"href":"https:\/\/commerces.clervaux.lu\/de\/wp-json\/wp\/v2\/listing\/2054","targetHints":{"allow":["GET"]}}],"collection":[{"href":"https:\/\/commerces.clervaux.lu\/de\/wp-json\/wp\/v2\/listing"}],"about":[{"href":"https:\/\/commerces.clervaux.lu\/de\/wp-json\/wp\/v2\/types\/listing"}],"wp:featuredmedia":[{"embeddable":true,"href":"https:\/\/commerces.clervaux.lu\/de\/wp-json\/wp\/v2\/media\/980"}],"wp:attachment":[{"href":"https:\/\/commerces.clervaux.lu\/de\/wp-json\/wp\/v2\/media?parent=2054"}],"wp:term":[{"taxonomy":"listing_category","embeddable":true,"href":"https:\/\/commerces.clervaux.lu\/de\/wp-json\/wp\/v2\/listing_category?post=2054"},{"taxonomy":"listing_location","embeddable":true,"href":"https:\/\/commerces.clervaux.lu\/de\/wp-json\/wp\/v2\/listing_location?post=2054"},{"taxonomy":"listing_tag","embeddable":true,"href":"https:\/\/commerces.clervaux.lu\/de\/wp-json\/wp\/v2\/listing_tag?post=2054"}],"curies":[{"name":"wp","href":"https:\/\/api.w.org\/{rel}","templated":true}]}}

Käserei Schanck-Haff

<p>Seit 1989 wird die Demeter-Milch vom Bauernhof Schank-Haff im Ösling im Norden Luxemburgs in der direkt auf dem Hof gelegenen BIOG-Käserei mit viel Know-how und Geduld zu Hartkäse verarbeitet.</p>



<p>Der Hof Schanck-Haff ist vor allem für seinen „Éisleker Kéis“ bekannt, der sorgfältig und nach traditioneller Handwerkskunst für die Marke BIOG der gleichnamigen Genossenschaft hergestellt wird. Die Grundlage für die acht Käsesorten „Haarden“, „Natur“, „Deelentramt“, „Paprika“, „Knuewelek“, ‚Peffer‘ und „Moschter“ ist frische Demeter-Milch.</p>

Hëpperdang

<!-- This site is optimized with the Yoast SEO plugin v22.3 - https://yoast.com/wordpress/plugins/seo/ -->
<title>Käserei Schanck-Haff - Administration Communale de Clervaux</title>
<meta name="robots" content="index, follow, max-snippet:-1, max-image-preview:large, max-video-preview:-1" />
<link rel="canonical" href="https://commerces.clervaux.lu/de/commerces/naturata-schanck-haff/" />
<meta property="og:locale" content="de_DE" />
<meta property="og:type" content="article" />
<meta property="og:title" content="Käserei Schanck-Haff - Administration Communale de Clervaux" />
<meta property="og:description" content="Seit 1989 wird die Demeter-Milch vom Bauernhof Schank-Haff im Ösling im Norden Luxemburgs in der direkt auf dem Hof gelegenen [&hellip;]" />
<meta property="og:url" content="https://commerces.clervaux.lu/de/commerces/naturata-schanck-haff/" />
<meta property="og:site_name" content="Administration Communale de Clervaux" />
<meta property="article:modified_time" content="2025-05-30T09:39:57+00:00" />
<meta property="og:image" content="https://commerces.clervaux.lu/wp-content/uploads/Fromagerie-Schanck-Haff-2-COPY-WEB.jpg" />
	<meta property="og:image:width" content="1970" />
	<meta property="og:image:height" content="1313" />
	<meta property="og:image:type" content="image/jpeg" />
<meta name="twitter:card" content="summary_large_image" />
<script type="application/ld+json" class="yoast-schema-graph">{"@context":"https://schema.org","@graph":[{"@type":"WebPage","@id":"https://commerces.clervaux.lu/de/commerces/naturata-schanck-haff/","url":"https://commerces.clervaux.lu/de/commerces/naturata-schanck-haff/","name":"Käserei Schanck-Haff - Administration Communale de Clervaux","isPartOf":{"@id":"https://commerces.clervaux.lu/de/#website"},"primaryImageOfPage":{"@id":"https://commerces.clervaux.lu/de/commerces/naturata-schanck-haff/#primaryimage"},"image":{"@id":"https://commerces.clervaux.lu/de/commerces/naturata-schanck-haff/#primaryimage"},"thumbnailUrl":"https://commerces.clervaux.lu/wp-content/uploads/Fromagerie-Schanck-Haff-2-COPY-WEB.jpg","datePublished":"2020-03-12T07:55:18+00:00","dateModified":"2025-05-30T09:39:57+00:00","breadcrumb":{"@id":"https://commerces.clervaux.lu/de/commerces/naturata-schanck-haff/#breadcrumb"},"inLanguage":"de","potentialAction":[{"@type":"ReadAction","target":["https://commerces.clervaux.lu/de/commerces/naturata-schanck-haff/"]}]},{"@type":"ImageObject","inLanguage":"de","@id":"https://commerces.clervaux.lu/de/commerces/naturata-schanck-haff/#primaryimage","url":"https://commerces.clervaux.lu/wp-content/uploads/Fromagerie-Schanck-Haff-2-COPY-WEB.jpg","contentUrl":"https://commerces.clervaux.lu/wp-content/uploads/Fromagerie-Schanck-Haff-2-COPY-WEB.jpg","width":1970,"height":1313},{"@type":"BreadcrumbList","@id":"https://commerces.clervaux.lu/de/commerces/naturata-schanck-haff/#breadcrumb","itemListElement":[{"@type":"ListItem","position":1,"name":"Home","item":"https://commerces.clervaux.lu/de/"},{"@type":"ListItem","position":2,"name":"Commerces","item":"https://commerces.clervaux.lu/commerces/"},{"@type":"ListItem","position":3,"name":"Handwerk","item":"https://commerces.clervaux.lu/de/type/handwerk/"},{"@type":"ListItem","position":4,"name":"Käserei Schanck-Haff"}]},{"@type":"WebSite","@id":"https://commerces.clervaux.lu/de/#website","url":"https://commerces.clervaux.lu/de/","name":"Administration Communale de Clervaux","description":"Un site utilisant WordPress","potentialAction":[{"@type":"SearchAction","target":{"@type":"EntryPoint","urlTemplate":"https://commerces.clervaux.lu/de/?s={search_term_string}"},"query-input":"required name=search_term_string"}],"inLanguage":"de"}]}</script>
<!-- / Yoast SEO plugin. -->

Käserei Schanck-Haff - Administration Communale de Clervaux

Seit 1989 wird die Demeter-Milch vom Bauernhof Schank-Haff im Ösling im Norden Luxemburgs in der direkt auf dem Hof gelegenen [&hellip;]
