{"id":2058,"date":"2020-03-11T16:51:56","date_gmt":"2020-03-11T15:51:56","guid":{"rendered":"https:\/\/commerces.clervaux.lu\/commerces\/kosmetikpraxis-nawal\/"},"modified":"2025-06-14T16:22:41","modified_gmt":"2025-06-14T14:22:41","slug":"kosmetikpraxis-nawal","status":"publish","type":"listing","link":"https:\/\/commerces.clervaux.lu\/de\/commerces\/kosmetikpraxis-nawal\/","title":{"rendered":"Kosmetikpraxis Nawal"},"content":{"rendered":"\n<p>Kosmetikstudio &#8211; Kosmetische Gesichtsbehandlungen &#8211; Ganzk\u00f6rper- und Teilk\u00f6rpermassagen &#8211; Ohrkerzenbehandlungen &#8211; Manik\u00fcre &#8211; Fu\u00dfpflege<\/p>\n","protected":false},"featured_media":4984,"template":"","listing_category":[712],"listing_location":[34],"listing_tag":[762,1047,1046,911,910,1008,1064,1045],"class_list":["post-2058","listing","type-listing","status-publish","has-post-thumbnail","hentry","listing_category-dienstleistung","listing_location-heinerscheid","listing_tag-soin-pieds-de","listing_tag-soin-visage-de","listing_tag-estheticienne-de","listing_tag-maquillage-de","listing_tag-manucure-de","listing_tag-massages-de","listing_tag-soin-bougies-auriculaires-de","listing_tag-institut-de-beaute-de"],"acf":{"location":{"address":"52 Hauptstrooss L-9753 Heinerscheid","lat":50.0939509,"lng":6.0868423,"zoom":14,"place_id":"ChIJa6FiAhv2v0cRj9sLcWOaBNQ","street_number":"52","street_name":"Hauptstrooss","city":"Clerf","state":"Kanton Clerf","post_code":"9753","country":"Luxemburg","country_short":"LU"},"phone":"+352 26 95 81 64 ","email":"kosmetikpraxis@nawal.lu","website":"","timings":"","gallery":false,"logo":{"ID":4984,"id":4984,"title":"_Garbarit-commerces-1920x1080","filename":"Garbarit-commerces-1920x1080-1.jpg","filesize":189293,"url":"https:\/\/commerces.clervaux.lu\/wp-content\/uploads\/Garbarit-commerces-1920x1080-1.jpg","link":"https:\/\/commerces.clervaux.lu\/de\/commerces\/kosmetikpraxis-nawal\/_garbarit-commerces-1920x1080\/","alt":"","author":"2","description":"","caption":"","name":"_garbarit-commerces-1920x1080","status":"inherit","uploaded_to":2058,"date":"2025-06-14 14:22:15","modified":"2025-06-14 14:22:15","menu_order":0,"mime_type":"image\/jpeg","type":"image","subtype":"jpeg","icon":"https:\/\/commerces.clervaux.lu\/wp-includes\/images\/media\/default.png","width":1920,"height":1080,"sizes":{"thumbnail":"https:\/\/commerces.clervaux.lu\/wp-content\/uploads\/Garbarit-commerces-1920x1080-1-150x150.jpg","thumbnail-width":150,"thumbnail-height":150,"medium":"https:\/\/commerces.clervaux.lu\/wp-content\/uploads\/Garbarit-commerces-1920x1080-1-670x377.jpg","medium-width":670,"medium-height":377,"medium_large":"https:\/\/commerces.clervaux.lu\/wp-content\/uploads\/Garbarit-commerces-1920x1080-1-768x432.jpg","medium_large-width":768,"medium_large-height":432,"large":"https:\/\/commerces.clervaux.lu\/wp-content\/uploads\/Garbarit-commerces-1920x1080-1-1024x576.jpg","large-width":1024,"large-height":576,"1536x1536":"https:\/\/commerces.clervaux.lu\/wp-content\/uploads\/Garbarit-commerces-1920x1080-1-1536x864.jpg","1536x1536-width":1536,"1536x1536-height":864,"2048x2048":"https:\/\/commerces.clervaux.lu\/wp-content\/uploads\/Garbarit-commerces-1920x1080-1.jpg","2048x2048-width":1920,"2048x2048-height":1080,"landscape":"https:\/\/commerces.clervaux.lu\/wp-content\/uploads\/Garbarit-commerces-1920x1080-1.jpg","landscape-width":1920,"landscape-height":1080}},"video":"","timings_v2":[{"day":"","slot":[{"value":""}]},{"day":"","slot":[{"value":""}]},{"day":"","slot":[{"value":""}]},{"day":"","slot":[{"value":""}]},{"day":"","slot":[{"value":""}]},{"day":"","slot":[{"value":""}]},{"day":"","slot":[{"value":""}]}]},"yoast_head":"<!-- This site is optimized with the Yoast SEO plugin v22.3 - https:\/\/yoast.com\/wordpress\/plugins\/seo\/ -->\n<title>Kosmetikpraxis Nawal - Administration Communale de Clervaux<\/title>\n<meta name=\"robots\" content=\"index, follow, max-snippet:-1, max-image-preview:large, max-video-preview:-1\" \/>\n<link rel=\"canonical\" href=\"https:\/\/commerces.clervaux.lu\/de\/commerces\/kosmetikpraxis-nawal\/\" \/>\n<meta property=\"og:locale\" content=\"de_DE\" \/>\n<meta property=\"og:type\" content=\"article\" \/>\n<meta property=\"og:title\" content=\"Kosmetikpraxis Nawal - Administration Communale de Clervaux\" \/>\n<meta property=\"og:description\" content=\"Kosmetikstudio &#8211; Kosmetische Gesichtsbehandlungen &#8211; Ganzk\u00f6rper- und Teilk\u00f6rpermassagen &#8211; Ohrkerzenbehandlungen &#8211; Manik\u00fcre &#8211; Fu\u00dfpflege\" \/>\n<meta property=\"og:url\" content=\"https:\/\/commerces.clervaux.lu\/de\/commerces\/kosmetikpraxis-nawal\/\" \/>\n<meta property=\"og:site_name\" content=\"Administration Communale de Clervaux\" \/>\n<meta property=\"article:modified_time\" content=\"2025-06-14T14:22:41+00:00\" \/>\n<meta property=\"og:image\" content=\"https:\/\/commerces.clervaux.lu\/wp-content\/uploads\/Garbarit-commerces-1920x1080-1.jpg\" \/>\n\t<meta property=\"og:image:width\" content=\"1920\" \/>\n\t<meta property=\"og:image:height\" content=\"1080\" \/>\n\t<meta property=\"og:image:type\" content=\"image\/jpeg\" \/>\n<meta name=\"twitter:card\" content=\"summary_large_image\" \/>\n<script type=\"application\/ld+json\" class=\"yoast-schema-graph\">{\"@context\":\"https:\/\/schema.org\",\"@graph\":[{\"@type\":\"WebPage\",\"@id\":\"https:\/\/commerces.clervaux.lu\/de\/commerces\/kosmetikpraxis-nawal\/\",\"url\":\"https:\/\/commerces.clervaux.lu\/de\/commerces\/kosmetikpraxis-nawal\/\",\"name\":\"Kosmetikpraxis Nawal - Administration Communale de Clervaux\",\"isPartOf\":{\"@id\":\"https:\/\/commerces.clervaux.lu\/de\/#website\"},\"primaryImageOfPage\":{\"@id\":\"https:\/\/commerces.clervaux.lu\/de\/commerces\/kosmetikpraxis-nawal\/#primaryimage\"},\"image\":{\"@id\":\"https:\/\/commerces.clervaux.lu\/de\/commerces\/kosmetikpraxis-nawal\/#primaryimage\"},\"thumbnailUrl\":\"https:\/\/commerces.clervaux.lu\/wp-content\/uploads\/Garbarit-commerces-1920x1080-1.jpg\",\"datePublished\":\"2020-03-11T15:51:56+00:00\",\"dateModified\":\"2025-06-14T14:22:41+00:00\",\"breadcrumb\":{\"@id\":\"https:\/\/commerces.clervaux.lu\/de\/commerces\/kosmetikpraxis-nawal\/#breadcrumb\"},\"inLanguage\":\"de\",\"potentialAction\":[{\"@type\":\"ReadAction\",\"target\":[\"https:\/\/commerces.clervaux.lu\/de\/commerces\/kosmetikpraxis-nawal\/\"]}]},{\"@type\":\"ImageObject\",\"inLanguage\":\"de\",\"@id\":\"https:\/\/commerces.clervaux.lu\/de\/commerces\/kosmetikpraxis-nawal\/#primaryimage\",\"url\":\"https:\/\/commerces.clervaux.lu\/wp-content\/uploads\/Garbarit-commerces-1920x1080-1.jpg\",\"contentUrl\":\"https:\/\/commerces.clervaux.lu\/wp-content\/uploads\/Garbarit-commerces-1920x1080-1.jpg\",\"width\":1920,\"height\":1080},{\"@type\":\"BreadcrumbList\",\"@id\":\"https:\/\/commerces.clervaux.lu\/de\/commerces\/kosmetikpraxis-nawal\/#breadcrumb\",\"itemListElement\":[{\"@type\":\"ListItem\",\"position\":1,\"name\":\"Home\",\"item\":\"https:\/\/commerces.clervaux.lu\/de\/\"},{\"@type\":\"ListItem\",\"position\":2,\"name\":\"Commerces\",\"item\":\"https:\/\/commerces.clervaux.lu\/commerces\/\"},{\"@type\":\"ListItem\",\"position\":3,\"name\":\"Dienstleistung\",\"item\":\"https:\/\/commerces.clervaux.lu\/de\/type\/dienstleistung\/\"},{\"@type\":\"ListItem\",\"position\":4,\"name\":\"Kosmetikpraxis Nawal\"}]},{\"@type\":\"WebSite\",\"@id\":\"https:\/\/commerces.clervaux.lu\/de\/#website\",\"url\":\"https:\/\/commerces.clervaux.lu\/de\/\",\"name\":\"Administration Communale de Clervaux\",\"description\":\"Un site utilisant WordPress\",\"potentialAction\":[{\"@type\":\"SearchAction\",\"target\":{\"@type\":\"EntryPoint\",\"urlTemplate\":\"https:\/\/commerces.clervaux.lu\/de\/?s={search_term_string}\"},\"query-input\":\"required name=search_term_string\"}],\"inLanguage\":\"de\"}]}<\/script>\n<!-- \/ Yoast SEO plugin. -->","yoast_head_json":{"title":"Kosmetikpraxis Nawal - Administration Communale de Clervaux","robots":{"index":"index","follow":"follow","max-snippet":"max-snippet:-1","max-image-preview":"max-image-preview:large","max-video-preview":"max-video-preview:-1"},"canonical":"https:\/\/commerces.clervaux.lu\/de\/commerces\/kosmetikpraxis-nawal\/","og_locale":"de_DE","og_type":"article","og_title":"Kosmetikpraxis Nawal - Administration Communale de Clervaux","og_description":"Kosmetikstudio &#8211; Kosmetische Gesichtsbehandlungen &#8211; Ganzk\u00f6rper- und Teilk\u00f6rpermassagen &#8211; Ohrkerzenbehandlungen &#8211; Manik\u00fcre &#8211; Fu\u00dfpflege","og_url":"https:\/\/commerces.clervaux.lu\/de\/commerces\/kosmetikpraxis-nawal\/","og_site_name":"Administration Communale de Clervaux","article_modified_time":"2025-06-14T14:22:41+00:00","og_image":[{"width":1920,"height":1080,"url":"https:\/\/commerces.clervaux.lu\/wp-content\/uploads\/Garbarit-commerces-1920x1080-1.jpg","type":"image\/jpeg"}],"twitter_card":"summary_large_image","schema":{"@context":"https:\/\/schema.org","@graph":[{"@type":"WebPage","@id":"https:\/\/commerces.clervaux.lu\/de\/commerces\/kosmetikpraxis-nawal\/","url":"https:\/\/commerces.clervaux.lu\/de\/commerces\/kosmetikpraxis-nawal\/","name":"Kosmetikpraxis Nawal - Administration Communale de Clervaux","isPartOf":{"@id":"https:\/\/commerces.clervaux.lu\/de\/#website"},"primaryImageOfPage":{"@id":"https:\/\/commerces.clervaux.lu\/de\/commerces\/kosmetikpraxis-nawal\/#primaryimage"},"image":{"@id":"https:\/\/commerces.clervaux.lu\/de\/commerces\/kosmetikpraxis-nawal\/#primaryimage"},"thumbnailUrl":"https:\/\/commerces.clervaux.lu\/wp-content\/uploads\/Garbarit-commerces-1920x1080-1.jpg","datePublished":"2020-03-11T15:51:56+00:00","dateModified":"2025-06-14T14:22:41+00:00","breadcrumb":{"@id":"https:\/\/commerces.clervaux.lu\/de\/commerces\/kosmetikpraxis-nawal\/#breadcrumb"},"inLanguage":"de","potentialAction":[{"@type":"ReadAction","target":["https:\/\/commerces.clervaux.lu\/de\/commerces\/kosmetikpraxis-nawal\/"]}]},{"@type":"ImageObject","inLanguage":"de","@id":"https:\/\/commerces.clervaux.lu\/de\/commerces\/kosmetikpraxis-nawal\/#primaryimage","url":"https:\/\/commerces.clervaux.lu\/wp-content\/uploads\/Garbarit-commerces-1920x1080-1.jpg","contentUrl":"https:\/\/commerces.clervaux.lu\/wp-content\/uploads\/Garbarit-commerces-1920x1080-1.jpg","width":1920,"height":1080},{"@type":"BreadcrumbList","@id":"https:\/\/commerces.clervaux.lu\/de\/commerces\/kosmetikpraxis-nawal\/#breadcrumb","itemListElement":[{"@type":"ListItem","position":1,"name":"Home","item":"https:\/\/commerces.clervaux.lu\/de\/"},{"@type":"ListItem","position":2,"name":"Commerces","item":"https:\/\/commerces.clervaux.lu\/commerces\/"},{"@type":"ListItem","position":3,"name":"Dienstleistung","item":"https:\/\/commerces.clervaux.lu\/de\/type\/dienstleistung\/"},{"@type":"ListItem","position":4,"name":"Kosmetikpraxis Nawal"}]},{"@type":"WebSite","@id":"https:\/\/commerces.clervaux.lu\/de\/#website","url":"https:\/\/commerces.clervaux.lu\/de\/","name":"Administration Communale de Clervaux","description":"Un site utilisant WordPress","potentialAction":[{"@type":"SearchAction","target":{"@type":"EntryPoint","urlTemplate":"https:\/\/commerces.clervaux.lu\/de\/?s={search_term_string}"},"query-input":"required name=search_term_string"}],"inLanguage":"de"}]}},"publishpress_future_action":{"enabled":false,"date":"2026-05-09 00:02:17","action":"draft","terms":[],"taxonomy":"listing_category"},"_links":{"self":[{"href":"https:\/\/commerces.clervaux.lu\/de\/wp-json\/wp\/v2\/listing\/2058","targetHints":{"allow":["GET"]}}],"collection":[{"href":"https:\/\/commerces.clervaux.lu\/de\/wp-json\/wp\/v2\/listing"}],"about":[{"href":"https:\/\/commerces.clervaux.lu\/de\/wp-json\/wp\/v2\/types\/listing"}],"wp:featuredmedia":[{"embeddable":true,"href":"https:\/\/commerces.clervaux.lu\/de\/wp-json\/wp\/v2\/media\/4984"}],"wp:attachment":[{"href":"https:\/\/commerces.clervaux.lu\/de\/wp-json\/wp\/v2\/media?parent=2058"}],"wp:term":[{"taxonomy":"listing_category","embeddable":true,"href":"https:\/\/commerces.clervaux.lu\/de\/wp-json\/wp\/v2\/listing_category?post=2058"},{"taxonomy":"listing_location","embeddable":true,"href":"https:\/\/commerces.clervaux.lu\/de\/wp-json\/wp\/v2\/listing_location?post=2058"},{"taxonomy":"listing_tag","embeddable":true,"href":"https:\/\/commerces.clervaux.lu\/de\/wp-json\/wp\/v2\/listing_tag?post=2058"}],"curies":[{"name":"wp","href":"https:\/\/api.w.org\/{rel}","templated":true}]}}

<p>Kosmetikstudio &#8211; Kosmetische Gesichtsbehandlungen &#8211; Ganzkörper- und Teilkörpermassagen &#8211; Ohrkerzenbehandlungen &#8211; Maniküre &#8211; Fußpflege</p>

<!-- This site is optimized with the Yoast SEO plugin v22.3 - https://yoast.com/wordpress/plugins/seo/ -->
<title>Kosmetikpraxis Nawal - Administration Communale de Clervaux</title>
<meta name="robots" content="index, follow, max-snippet:-1, max-image-preview:large, max-video-preview:-1" />
<link rel="canonical" href="https://commerces.clervaux.lu/de/commerces/kosmetikpraxis-nawal/" />
<meta property="og:locale" content="de_DE" />
<meta property="og:type" content="article" />
<meta property="og:title" content="Kosmetikpraxis Nawal - Administration Communale de Clervaux" />
<meta property="og:description" content="Kosmetikstudio &#8211; Kosmetische Gesichtsbehandlungen &#8211; Ganzkörper- und Teilkörpermassagen &#8211; Ohrkerzenbehandlungen &#8211; Maniküre &#8211; Fußpflege" />
<meta property="og:url" content="https://commerces.clervaux.lu/de/commerces/kosmetikpraxis-nawal/" />
<meta property="og:site_name" content="Administration Communale de Clervaux" />
<meta property="article:modified_time" content="2025-06-14T14:22:41+00:00" />
<meta property="og:image" content="https://commerces.clervaux.lu/wp-content/uploads/Garbarit-commerces-1920x1080-1.jpg" />
	<meta property="og:image:width" content="1920" />
	<meta property="og:image:height" content="1080" />
	<meta property="og:image:type" content="image/jpeg" />
<meta name="twitter:card" content="summary_large_image" />
<script type="application/ld+json" class="yoast-schema-graph">{"@context":"https://schema.org","@graph":[{"@type":"WebPage","@id":"https://commerces.clervaux.lu/de/commerces/kosmetikpraxis-nawal/","url":"https://commerces.clervaux.lu/de/commerces/kosmetikpraxis-nawal/","name":"Kosmetikpraxis Nawal - Administration Communale de Clervaux","isPartOf":{"@id":"https://commerces.clervaux.lu/de/#website"},"primaryImageOfPage":{"@id":"https://commerces.clervaux.lu/de/commerces/kosmetikpraxis-nawal/#primaryimage"},"image":{"@id":"https://commerces.clervaux.lu/de/commerces/kosmetikpraxis-nawal/#primaryimage"},"thumbnailUrl":"https://commerces.clervaux.lu/wp-content/uploads/Garbarit-commerces-1920x1080-1.jpg","datePublished":"2020-03-11T15:51:56+00:00","dateModified":"2025-06-14T14:22:41+00:00","breadcrumb":{"@id":"https://commerces.clervaux.lu/de/commerces/kosmetikpraxis-nawal/#breadcrumb"},"inLanguage":"de","potentialAction":[{"@type":"ReadAction","target":["https://commerces.clervaux.lu/de/commerces/kosmetikpraxis-nawal/"]}]},{"@type":"ImageObject","inLanguage":"de","@id":"https://commerces.clervaux.lu/de/commerces/kosmetikpraxis-nawal/#primaryimage","url":"https://commerces.clervaux.lu/wp-content/uploads/Garbarit-commerces-1920x1080-1.jpg","contentUrl":"https://commerces.clervaux.lu/wp-content/uploads/Garbarit-commerces-1920x1080-1.jpg","width":1920,"height":1080},{"@type":"BreadcrumbList","@id":"https://commerces.clervaux.lu/de/commerces/kosmetikpraxis-nawal/#breadcrumb","itemListElement":[{"@type":"ListItem","position":1,"name":"Home","item":"https://commerces.clervaux.lu/de/"},{"@type":"ListItem","position":2,"name":"Commerces","item":"https://commerces.clervaux.lu/commerces/"},{"@type":"ListItem","position":3,"name":"Dienstleistung","item":"https://commerces.clervaux.lu/de/type/dienstleistung/"},{"@type":"ListItem","position":4,"name":"Kosmetikpraxis Nawal"}]},{"@type":"WebSite","@id":"https://commerces.clervaux.lu/de/#website","url":"https://commerces.clervaux.lu/de/","name":"Administration Communale de Clervaux","description":"Un site utilisant WordPress","potentialAction":[{"@type":"SearchAction","target":{"@type":"EntryPoint","urlTemplate":"https://commerces.clervaux.lu/de/?s={search_term_string}"},"query-input":"required name=search_term_string"}],"inLanguage":"de"}]}</script>
<!-- / Yoast SEO plugin. -->

Kosmetikstudio &#8211; Kosmetische Gesichtsbehandlungen &#8211; Ganzkörper- und Teilkörpermassagen &#8211; Ohrkerzenbehandlungen &#8211; Maniküre &#8211; Fußpflege
