{"id":2066,"date":"2020-03-11T16:16:04","date_gmt":"2020-03-11T15:16:04","guid":{"rendered":"https:\/\/commerces.clervaux.lu\/commerces\/hotel-restaurant-reiff\/"},"modified":"2025-05-30T16:11:19","modified_gmt":"2025-05-30T14:11:19","slug":"hotel-restaurant-reiff","status":"publish","type":"listing","link":"https:\/\/commerces.clervaux.lu\/de\/commerces\/hotel-restaurant-reiff\/","title":{"rendered":"H\u00f4tel-Restaurant Reiff"},"content":{"rendered":"\n<p>Das 3-Sterne-Hotel in Fischbach, nur 5 km von Clerf entfernt, empf\u00e4ngt Sie in einer gem\u00fctlichen und gepflegten Atmosph\u00e4re.<\/p>\n\n\n\n<p>Das elegante Restaurant serviert saisonale Gerichte aus regionalen Produkten, begleitet von Weinen aus der Moselregion oder aus Frankreich. Genie\u00dfen Sie auch die Panoramaterrasse mit atemberaubendem Blick auf das Tal.<\/p>\n\n\n\n<p>Kostenlose Parkpl\u00e4tze und WLAN im gesamten Hotel.<\/p>\n","protected":false},"featured_media":4928,"template":"","listing_category":[711,714],"listing_location":[32],"listing_tag":[1028,759,1029,837,1025,736],"class_list":["post-2066","listing","type-listing","status-publish","has-post-thumbnail","hentry","listing_category-gastronomie","listing_category-unterkunft","listing_location-fischbach","listing_tag-a-la-carte-de","listing_tag-hotel-de","listing_tag-vue-panoramique-de","listing_tag-restaurant-de","listing_tag-menu-du-jour-de","listing_tag-terrasse-de"],"acf":{"location":{"address":"4, Hauptstrooss, L-9749 Fischbach","lat":50.0757936,"lng":6.0733975,"zoom":14,"place_id":"ChIJfb0K_tcJwEcRDxHRM2YxU9w","street_number":"4","street_name":"Hauptstrooss","city":"F\u00ebschbech","state":"Distrikt Dikrech","post_code":"9749","country":"Luxembourg","country_short":"LU"},"phone":"+352 92 15 01 ","email":"info@hotel-reiff.lu","website":"https:\/\/www.hotel-reiff.lu","timings":"W\u00f6chentliche Schlie\u00dfung Montag Abend und Dienstag (mittags und abends)","gallery":false,"logo":{"ID":4926,"id":4926,"title":"Reiff iMGP2313","filename":"Reiff-iMGP2313.jpg","filesize":242115,"url":"https:\/\/commerces.clervaux.lu\/wp-content\/uploads\/Reiff-iMGP2313.jpg","link":"https:\/\/commerces.clervaux.lu\/de\/commerces\/hotel-restaurant-reiff\/reiff-imgp2313\/","alt":"","author":"2","description":"","caption":"","name":"reiff-imgp2313","status":"inherit","uploaded_to":2066,"date":"2025-05-30 14:09:52","modified":"2025-05-30 14:09:52","menu_order":0,"mime_type":"image\/jpeg","type":"image","subtype":"jpeg","icon":"https:\/\/commerces.clervaux.lu\/wp-includes\/images\/media\/default.png","width":640,"height":480,"sizes":{"thumbnail":"https:\/\/commerces.clervaux.lu\/wp-content\/uploads\/Reiff-iMGP2313-150x150.jpg","thumbnail-width":150,"thumbnail-height":150,"medium":"https:\/\/commerces.clervaux.lu\/wp-content\/uploads\/Reiff-iMGP2313-593x445.jpg","medium-width":593,"medium-height":445,"medium_large":"https:\/\/commerces.clervaux.lu\/wp-content\/uploads\/Reiff-iMGP2313.jpg","medium_large-width":640,"medium_large-height":480,"large":"https:\/\/commerces.clervaux.lu\/wp-content\/uploads\/Reiff-iMGP2313.jpg","large-width":640,"large-height":480,"1536x1536":"https:\/\/commerces.clervaux.lu\/wp-content\/uploads\/Reiff-iMGP2313.jpg","1536x1536-width":640,"1536x1536-height":480,"2048x2048":"https:\/\/commerces.clervaux.lu\/wp-content\/uploads\/Reiff-iMGP2313.jpg","2048x2048-width":640,"2048x2048-height":480,"landscape":"https:\/\/commerces.clervaux.lu\/wp-content\/uploads\/Reiff-iMGP2313.jpg","landscape-width":640,"landscape-height":480}},"video":"<a href=\"https:\/\/vimeo.com\/855271534?share=copy\">https:\/\/vimeo.com\/855271534?share=copy<\/a>","timings_v2":[{"day":"","slot":[{"value":"W\u00f6chentliche Schlie\u00dfung Montag Abend und Dienstag (mittags und abends)"}]},{"day":"","slot":[{"value":""}]},{"day":"","slot":[{"value":""}]},{"day":"","slot":[{"value":""}]},{"day":"","slot":[{"value":""}]},{"day":"","slot":[{"value":""}]},{"day":"","slot":[{"value":""}]}]},"yoast_head":"<!-- This site is optimized with the Yoast SEO plugin v22.3 - https:\/\/yoast.com\/wordpress\/plugins\/seo\/ -->\n<title>H\u00f4tel-Restaurant Reiff - Administration Communale de Clervaux<\/title>\n<meta name=\"robots\" content=\"index, follow, max-snippet:-1, max-image-preview:large, max-video-preview:-1\" \/>\n<link rel=\"canonical\" href=\"https:\/\/commerces.clervaux.lu\/de\/commerces\/hotel-restaurant-reiff\/\" \/>\n<meta property=\"og:locale\" content=\"de_DE\" \/>\n<meta property=\"og:type\" content=\"article\" \/>\n<meta property=\"og:title\" content=\"H\u00f4tel-Restaurant Reiff - Administration Communale de Clervaux\" \/>\n<meta property=\"og:description\" content=\"Das 3-Sterne-Hotel in Fischbach, nur 5 km von Clerf entfernt, empf\u00e4ngt Sie in einer gem\u00fctlichen und gepflegten Atmosph\u00e4re. Das elegante [&hellip;]\" \/>\n<meta property=\"og:url\" content=\"https:\/\/commerces.clervaux.lu\/de\/commerces\/hotel-restaurant-reiff\/\" \/>\n<meta property=\"og:site_name\" content=\"Administration Communale de Clervaux\" \/>\n<meta property=\"article:modified_time\" content=\"2025-05-30T14:11:19+00:00\" \/>\n<meta property=\"og:image\" content=\"https:\/\/commerces.clervaux.lu\/wp-content\/uploads\/Logo-Reiff.jpeg\" \/>\n\t<meta property=\"og:image:width\" content=\"225\" \/>\n\t<meta property=\"og:image:height\" content=\"225\" \/>\n\t<meta property=\"og:image:type\" content=\"image\/jpeg\" \/>\n<meta name=\"twitter:card\" content=\"summary_large_image\" \/>\n<script type=\"application\/ld+json\" class=\"yoast-schema-graph\">{\"@context\":\"https:\/\/schema.org\",\"@graph\":[{\"@type\":\"WebPage\",\"@id\":\"https:\/\/commerces.clervaux.lu\/de\/commerces\/hotel-restaurant-reiff\/\",\"url\":\"https:\/\/commerces.clervaux.lu\/de\/commerces\/hotel-restaurant-reiff\/\",\"name\":\"H\u00f4tel-Restaurant Reiff - Administration Communale de Clervaux\",\"isPartOf\":{\"@id\":\"https:\/\/commerces.clervaux.lu\/de\/#website\"},\"primaryImageOfPage\":{\"@id\":\"https:\/\/commerces.clervaux.lu\/de\/commerces\/hotel-restaurant-reiff\/#primaryimage\"},\"image\":{\"@id\":\"https:\/\/commerces.clervaux.lu\/de\/commerces\/hotel-restaurant-reiff\/#primaryimage\"},\"thumbnailUrl\":\"https:\/\/commerces.clervaux.lu\/wp-content\/uploads\/Logo-Reiff.jpeg\",\"datePublished\":\"2020-03-11T15:16:04+00:00\",\"dateModified\":\"2025-05-30T14:11:19+00:00\",\"breadcrumb\":{\"@id\":\"https:\/\/commerces.clervaux.lu\/de\/commerces\/hotel-restaurant-reiff\/#breadcrumb\"},\"inLanguage\":\"de\",\"potentialAction\":[{\"@type\":\"ReadAction\",\"target\":[\"https:\/\/commerces.clervaux.lu\/de\/commerces\/hotel-restaurant-reiff\/\"]}]},{\"@type\":\"ImageObject\",\"inLanguage\":\"de\",\"@id\":\"https:\/\/commerces.clervaux.lu\/de\/commerces\/hotel-restaurant-reiff\/#primaryimage\",\"url\":\"https:\/\/commerces.clervaux.lu\/wp-content\/uploads\/Logo-Reiff.jpeg\",\"contentUrl\":\"https:\/\/commerces.clervaux.lu\/wp-content\/uploads\/Logo-Reiff.jpeg\",\"width\":225,\"height\":225},{\"@type\":\"BreadcrumbList\",\"@id\":\"https:\/\/commerces.clervaux.lu\/de\/commerces\/hotel-restaurant-reiff\/#breadcrumb\",\"itemListElement\":[{\"@type\":\"ListItem\",\"position\":1,\"name\":\"Home\",\"item\":\"https:\/\/commerces.clervaux.lu\/de\/\"},{\"@type\":\"ListItem\",\"position\":2,\"name\":\"Commerces\",\"item\":\"https:\/\/commerces.clervaux.lu\/commerces\/\"},{\"@type\":\"ListItem\",\"position\":3,\"name\":\"Gastronomie\",\"item\":\"https:\/\/commerces.clervaux.lu\/de\/type\/gastronomie\/\"},{\"@type\":\"ListItem\",\"position\":4,\"name\":\"H\u00f4tel-Restaurant Reiff\"}]},{\"@type\":\"WebSite\",\"@id\":\"https:\/\/commerces.clervaux.lu\/de\/#website\",\"url\":\"https:\/\/commerces.clervaux.lu\/de\/\",\"name\":\"Administration Communale de Clervaux\",\"description\":\"Un site utilisant WordPress\",\"potentialAction\":[{\"@type\":\"SearchAction\",\"target\":{\"@type\":\"EntryPoint\",\"urlTemplate\":\"https:\/\/commerces.clervaux.lu\/de\/?s={search_term_string}\"},\"query-input\":\"required name=search_term_string\"}],\"inLanguage\":\"de\"}]}<\/script>\n<!-- \/ Yoast SEO plugin. -->","yoast_head_json":{"title":"H\u00f4tel-Restaurant Reiff - Administration Communale de Clervaux","robots":{"index":"index","follow":"follow","max-snippet":"max-snippet:-1","max-image-preview":"max-image-preview:large","max-video-preview":"max-video-preview:-1"},"canonical":"https:\/\/commerces.clervaux.lu\/de\/commerces\/hotel-restaurant-reiff\/","og_locale":"de_DE","og_type":"article","og_title":"H\u00f4tel-Restaurant Reiff - Administration Communale de Clervaux","og_description":"Das 3-Sterne-Hotel in Fischbach, nur 5 km von Clerf entfernt, empf\u00e4ngt Sie in einer gem\u00fctlichen und gepflegten Atmosph\u00e4re. Das elegante [&hellip;]","og_url":"https:\/\/commerces.clervaux.lu\/de\/commerces\/hotel-restaurant-reiff\/","og_site_name":"Administration Communale de Clervaux","article_modified_time":"2025-05-30T14:11:19+00:00","og_image":[{"width":225,"height":225,"url":"https:\/\/commerces.clervaux.lu\/wp-content\/uploads\/Logo-Reiff.jpeg","type":"image\/jpeg"}],"twitter_card":"summary_large_image","schema":{"@context":"https:\/\/schema.org","@graph":[{"@type":"WebPage","@id":"https:\/\/commerces.clervaux.lu\/de\/commerces\/hotel-restaurant-reiff\/","url":"https:\/\/commerces.clervaux.lu\/de\/commerces\/hotel-restaurant-reiff\/","name":"H\u00f4tel-Restaurant Reiff - Administration Communale de Clervaux","isPartOf":{"@id":"https:\/\/commerces.clervaux.lu\/de\/#website"},"primaryImageOfPage":{"@id":"https:\/\/commerces.clervaux.lu\/de\/commerces\/hotel-restaurant-reiff\/#primaryimage"},"image":{"@id":"https:\/\/commerces.clervaux.lu\/de\/commerces\/hotel-restaurant-reiff\/#primaryimage"},"thumbnailUrl":"https:\/\/commerces.clervaux.lu\/wp-content\/uploads\/Logo-Reiff.jpeg","datePublished":"2020-03-11T15:16:04+00:00","dateModified":"2025-05-30T14:11:19+00:00","breadcrumb":{"@id":"https:\/\/commerces.clervaux.lu\/de\/commerces\/hotel-restaurant-reiff\/#breadcrumb"},"inLanguage":"de","potentialAction":[{"@type":"ReadAction","target":["https:\/\/commerces.clervaux.lu\/de\/commerces\/hotel-restaurant-reiff\/"]}]},{"@type":"ImageObject","inLanguage":"de","@id":"https:\/\/commerces.clervaux.lu\/de\/commerces\/hotel-restaurant-reiff\/#primaryimage","url":"https:\/\/commerces.clervaux.lu\/wp-content\/uploads\/Logo-Reiff.jpeg","contentUrl":"https:\/\/commerces.clervaux.lu\/wp-content\/uploads\/Logo-Reiff.jpeg","width":225,"height":225},{"@type":"BreadcrumbList","@id":"https:\/\/commerces.clervaux.lu\/de\/commerces\/hotel-restaurant-reiff\/#breadcrumb","itemListElement":[{"@type":"ListItem","position":1,"name":"Home","item":"https:\/\/commerces.clervaux.lu\/de\/"},{"@type":"ListItem","position":2,"name":"Commerces","item":"https:\/\/commerces.clervaux.lu\/commerces\/"},{"@type":"ListItem","position":3,"name":"Gastronomie","item":"https:\/\/commerces.clervaux.lu\/de\/type\/gastronomie\/"},{"@type":"ListItem","position":4,"name":"H\u00f4tel-Restaurant Reiff"}]},{"@type":"WebSite","@id":"https:\/\/commerces.clervaux.lu\/de\/#website","url":"https:\/\/commerces.clervaux.lu\/de\/","name":"Administration Communale de Clervaux","description":"Un site utilisant WordPress","potentialAction":[{"@type":"SearchAction","target":{"@type":"EntryPoint","urlTemplate":"https:\/\/commerces.clervaux.lu\/de\/?s={search_term_string}"},"query-input":"required name=search_term_string"}],"inLanguage":"de"}]}},"publishpress_future_action":{"enabled":false,"date":"2026-05-08 23:45:49","action":"draft","terms":[],"taxonomy":"listing_category"},"_links":{"self":[{"href":"https:\/\/commerces.clervaux.lu\/de\/wp-json\/wp\/v2\/listing\/2066","targetHints":{"allow":["GET"]}}],"collection":[{"href":"https:\/\/commerces.clervaux.lu\/de\/wp-json\/wp\/v2\/listing"}],"about":[{"href":"https:\/\/commerces.clervaux.lu\/de\/wp-json\/wp\/v2\/types\/listing"}],"wp:featuredmedia":[{"embeddable":true,"href":"https:\/\/commerces.clervaux.lu\/de\/wp-json\/wp\/v2\/media\/4928"}],"wp:attachment":[{"href":"https:\/\/commerces.clervaux.lu\/de\/wp-json\/wp\/v2\/media?parent=2066"}],"wp:term":[{"taxonomy":"listing_category","embeddable":true,"href":"https:\/\/commerces.clervaux.lu\/de\/wp-json\/wp\/v2\/listing_category?post=2066"},{"taxonomy":"listing_location","embeddable":true,"href":"https:\/\/commerces.clervaux.lu\/de\/wp-json\/wp\/v2\/listing_location?post=2066"},{"taxonomy":"listing_tag","embeddable":true,"href":"https:\/\/commerces.clervaux.lu\/de\/wp-json\/wp\/v2\/listing_tag?post=2066"}],"curies":[{"name":"wp","href":"https:\/\/api.w.org\/{rel}","templated":true}]}}

Hôtel-Restaurant Reiff

<p>Das 3-Sterne-Hotel in Fischbach, nur 5 km von Clerf entfernt, empfängt Sie in einer gemütlichen und gepflegten Atmosphäre.</p>



<p>Das elegante Restaurant serviert saisonale Gerichte aus regionalen Produkten, begleitet von Weinen aus der Moselregion oder aus Frankreich. Genießen Sie auch die Panoramaterrasse mit atemberaubendem Blick auf das Tal.</p>



<p>Kostenlose Parkplätze und WLAN im gesamten Hotel.</p>

Fëschbech

Wöchentliche Schließung Montag Abend und Dienstag (mittags und abends)

<!-- This site is optimized with the Yoast SEO plugin v22.3 - https://yoast.com/wordpress/plugins/seo/ -->
<title>Hôtel-Restaurant Reiff - Administration Communale de Clervaux</title>
<meta name="robots" content="index, follow, max-snippet:-1, max-image-preview:large, max-video-preview:-1" />
<link rel="canonical" href="https://commerces.clervaux.lu/de/commerces/hotel-restaurant-reiff/" />
<meta property="og:locale" content="de_DE" />
<meta property="og:type" content="article" />
<meta property="og:title" content="Hôtel-Restaurant Reiff - Administration Communale de Clervaux" />
<meta property="og:description" content="Das 3-Sterne-Hotel in Fischbach, nur 5 km von Clerf entfernt, empfängt Sie in einer gemütlichen und gepflegten Atmosphäre. Das elegante [&hellip;]" />
<meta property="og:url" content="https://commerces.clervaux.lu/de/commerces/hotel-restaurant-reiff/" />
<meta property="og:site_name" content="Administration Communale de Clervaux" />
<meta property="article:modified_time" content="2025-05-30T14:11:19+00:00" />
<meta property="og:image" content="https://commerces.clervaux.lu/wp-content/uploads/Logo-Reiff.jpeg" />
	<meta property="og:image:width" content="225" />
	<meta property="og:image:height" content="225" />
	<meta property="og:image:type" content="image/jpeg" />
<meta name="twitter:card" content="summary_large_image" />
<script type="application/ld+json" class="yoast-schema-graph">{"@context":"https://schema.org","@graph":[{"@type":"WebPage","@id":"https://commerces.clervaux.lu/de/commerces/hotel-restaurant-reiff/","url":"https://commerces.clervaux.lu/de/commerces/hotel-restaurant-reiff/","name":"Hôtel-Restaurant Reiff - Administration Communale de Clervaux","isPartOf":{"@id":"https://commerces.clervaux.lu/de/#website"},"primaryImageOfPage":{"@id":"https://commerces.clervaux.lu/de/commerces/hotel-restaurant-reiff/#primaryimage"},"image":{"@id":"https://commerces.clervaux.lu/de/commerces/hotel-restaurant-reiff/#primaryimage"},"thumbnailUrl":"https://commerces.clervaux.lu/wp-content/uploads/Logo-Reiff.jpeg","datePublished":"2020-03-11T15:16:04+00:00","dateModified":"2025-05-30T14:11:19+00:00","breadcrumb":{"@id":"https://commerces.clervaux.lu/de/commerces/hotel-restaurant-reiff/#breadcrumb"},"inLanguage":"de","potentialAction":[{"@type":"ReadAction","target":["https://commerces.clervaux.lu/de/commerces/hotel-restaurant-reiff/"]}]},{"@type":"ImageObject","inLanguage":"de","@id":"https://commerces.clervaux.lu/de/commerces/hotel-restaurant-reiff/#primaryimage","url":"https://commerces.clervaux.lu/wp-content/uploads/Logo-Reiff.jpeg","contentUrl":"https://commerces.clervaux.lu/wp-content/uploads/Logo-Reiff.jpeg","width":225,"height":225},{"@type":"BreadcrumbList","@id":"https://commerces.clervaux.lu/de/commerces/hotel-restaurant-reiff/#breadcrumb","itemListElement":[{"@type":"ListItem","position":1,"name":"Home","item":"https://commerces.clervaux.lu/de/"},{"@type":"ListItem","position":2,"name":"Commerces","item":"https://commerces.clervaux.lu/commerces/"},{"@type":"ListItem","position":3,"name":"Gastronomie","item":"https://commerces.clervaux.lu/de/type/gastronomie/"},{"@type":"ListItem","position":4,"name":"Hôtel-Restaurant Reiff"}]},{"@type":"WebSite","@id":"https://commerces.clervaux.lu/de/#website","url":"https://commerces.clervaux.lu/de/","name":"Administration Communale de Clervaux","description":"Un site utilisant WordPress","potentialAction":[{"@type":"SearchAction","target":{"@type":"EntryPoint","urlTemplate":"https://commerces.clervaux.lu/de/?s={search_term_string}"},"query-input":"required name=search_term_string"}],"inLanguage":"de"}]}</script>
<!-- / Yoast SEO plugin. -->

Hôtel-Restaurant Reiff - Administration Communale de Clervaux

Das 3-Sterne-Hotel in Fischbach, nur 5 km von Clerf entfernt, empfängt Sie in einer gemütlichen und gepflegten Atmosphäre. Das elegante [&hellip;]
