{"id":2072,"date":"2020-03-11T15:43:44","date_gmt":"2020-03-11T14:43:44","guid":{"rendered":"https:\/\/commerces.clervaux.lu\/commerces\/atelier-zeyen-stephan-s-a\/"},"modified":"2025-05-12T22:33:04","modified_gmt":"2025-05-12T20:33:04","slug":"atelier-zeyen-stephan-s-a","status":"publish","type":"listing","link":"https:\/\/commerces.clervaux.lu\/de\/commerces\/atelier-zeyen-stephan-s-a\/","title":{"rendered":"Fensterwelt Willems"},"content":{"rendered":"\n<p>Ihr Fensterspezialist im Norden Luxemburgs. Sie sind die Visitenkarte jedes Hauses: Haust\u00fcren und Fenster, Garagentore, Rolll\u00e4den und Markisen. Qualit\u00e4t \u201emade in Germany\u201c wertet Ihre Immobilie auf. Deshalb setzt Fensterwelt Willems konsequent auf renommierte deutsche Marken.&nbsp;<\/p>\n\n\n\n<p>Von seinem Hauptsitz in Fischbach aus beliefert das Unternehmen anspruchsvolle Kunden in Luxemburg und der West-Eifel. Ob Neubau oder ma\u00dfgeschneiderte Renovierung \u2013 Fensterwelt Willems legt gro\u00dfen Wert auf individuelle Beratung, auch auf der Baustelle.<\/p>\n","protected":false},"featured_media":2998,"template":"","listing_category":[712,710],"listing_location":[719],"listing_tag":[820,824,818,819,823,821,822],"class_list":["post-2072","listing","type-listing","status-publish","has-post-thumbnail","hentry","listing_category-dienstleistung","listing_category-handwerk","listing_location-fischbach-de","listing_tag-fenetres-de","listing_tag-portes-de-garagae-de","listing_tag-fabricant-de","listing_tag-installateur-de","listing_tag-protection-solaire-de","listing_tag-portes-de","listing_tag-verandas-de"],"acf":{"location":{"address":"22, Hinnick L-9749 Fischbach","lat":50.0714695,"lng":6.0692637,"zoom":14,"place_id":"ChIJO2nMgNYJwEcRA4hUuZcc5K4","street_number":"22","street_name":"Hinnick","city":"F\u00ebschbech","state":"Distrikt Dikrech","post_code":"9749","country":"Luxembourg","country_short":"LU"},"phone":" +352 28 99 80 50","email":"info@fensterweltwillems.com","website":"https:\/\/www.fensterweltwillems.lu","timings":"MO\t9.00-12.00 \/ 13.00-17.00<br \/>\r\nDI\t9.00-12.00 \/ 13.00-17.00<br \/>\r\nMI\t9.00-12.00 \/ 13.00-17.00<br \/>\r\nDO\t9.00-12.00 \/ 13.00-17.00<br \/>\r\nFR\t9.00-12.00 \/ 13.00-17.00<br \/>\r\nSA\tGeschlossen<br \/>\r\nSO\t14.00-17.00<br \/>\r\n","gallery":false,"video":"","logo":{"ID":4695,"id":4695,"title":"Willems_Referenzen-15","filename":"Willems_Referenzen-15.jpg","filesize":225959,"url":"https:\/\/commerces.clervaux.lu\/wp-content\/uploads\/Willems_Referenzen-15.jpg","link":"https:\/\/commerces.clervaux.lu\/de\/commerces\/atelier-zeyen-stephan-s-a\/willems_referenzen-15-2\/","alt":"","author":"2","description":"","caption":"","name":"willems_referenzen-15-2","status":"inherit","uploaded_to":2072,"date":"2025-05-12 20:31:31","modified":"2025-05-12 20:31:31","menu_order":0,"mime_type":"image\/jpeg","type":"image","subtype":"jpeg","icon":"https:\/\/commerces.clervaux.lu\/wp-includes\/images\/media\/default.png","width":1200,"height":900,"sizes":{"thumbnail":"https:\/\/commerces.clervaux.lu\/wp-content\/uploads\/Willems_Referenzen-15-150x150.jpg","thumbnail-width":150,"thumbnail-height":150,"medium":"https:\/\/commerces.clervaux.lu\/wp-content\/uploads\/Willems_Referenzen-15-593x445.jpg","medium-width":593,"medium-height":445,"medium_large":"https:\/\/commerces.clervaux.lu\/wp-content\/uploads\/Willems_Referenzen-15-768x576.jpg","medium_large-width":768,"medium_large-height":576,"large":"https:\/\/commerces.clervaux.lu\/wp-content\/uploads\/Willems_Referenzen-15-1024x768.jpg","large-width":1024,"large-height":768,"1536x1536":"https:\/\/commerces.clervaux.lu\/wp-content\/uploads\/Willems_Referenzen-15.jpg","1536x1536-width":1200,"1536x1536-height":900,"2048x2048":"https:\/\/commerces.clervaux.lu\/wp-content\/uploads\/Willems_Referenzen-15.jpg","2048x2048-width":1200,"2048x2048-height":900,"landscape":"https:\/\/commerces.clervaux.lu\/wp-content\/uploads\/Willems_Referenzen-15.jpg","landscape-width":1200,"landscape-height":900}},"timings_v2":[{"day":"Montag","slot":[{"value":"09.00 - 12.00"},{"value":"13.00 - 17.00"}]},{"day":"Dienstag","slot":[{"value":"09.00 - 12.00"},{"value":"13.00 - 17.00"}]},{"day":"Mittwoch","slot":[{"value":"09.00 - 12.00"},{"value":"13.00 - 17.00"}]},{"day":"Donnerstag","slot":[{"value":"09.00 - 12.00"},{"value":"13.00 - 17.00"}]},{"day":"Freitag","slot":[{"value":"09.00 - 12.00"},{"value":"13.00 - 17.00"}]},{"day":"Samstag","slot":[{"value":"Geschlossen"}]},{"day":"Sonntag","slot":[{"value":"14.00 - 17.00"}]}]},"yoast_head":"<!-- This site is optimized with the Yoast SEO plugin v22.3 - https:\/\/yoast.com\/wordpress\/plugins\/seo\/ -->\n<title>Fensterwelt Willems - Administration Communale de Clervaux<\/title>\n<meta name=\"robots\" content=\"index, follow, max-snippet:-1, max-image-preview:large, max-video-preview:-1\" \/>\n<link rel=\"canonical\" href=\"https:\/\/commerces.clervaux.lu\/de\/commerces\/atelier-zeyen-stephan-s-a\/\" \/>\n<meta property=\"og:locale\" content=\"de_DE\" \/>\n<meta property=\"og:type\" content=\"article\" \/>\n<meta property=\"og:title\" content=\"Fensterwelt Willems - Administration Communale de Clervaux\" \/>\n<meta property=\"og:description\" content=\"Ihr Fensterspezialist im Norden Luxemburgs. Sie sind die Visitenkarte jedes Hauses: Haust\u00fcren und Fenster, Garagentore, Rolll\u00e4den und Markisen. Qualit\u00e4t \u201emade [&hellip;]\" \/>\n<meta property=\"og:url\" content=\"https:\/\/commerces.clervaux.lu\/de\/commerces\/atelier-zeyen-stephan-s-a\/\" \/>\n<meta property=\"og:site_name\" content=\"Administration Communale de Clervaux\" \/>\n<meta property=\"article:modified_time\" content=\"2025-05-12T20:33:04+00:00\" \/>\n<meta property=\"og:image\" content=\"https:\/\/commerces.clervaux.lu\/wp-content\/uploads\/Logo-Fensterwelt-Willems-NEW.jpg\" \/>\n\t<meta property=\"og:image:width\" content=\"1458\" \/>\n\t<meta property=\"og:image:height\" content=\"896\" \/>\n\t<meta property=\"og:image:type\" content=\"image\/jpeg\" \/>\n<meta name=\"twitter:card\" content=\"summary_large_image\" \/>\n<script type=\"application\/ld+json\" class=\"yoast-schema-graph\">{\"@context\":\"https:\/\/schema.org\",\"@graph\":[{\"@type\":\"WebPage\",\"@id\":\"https:\/\/commerces.clervaux.lu\/de\/commerces\/atelier-zeyen-stephan-s-a\/\",\"url\":\"https:\/\/commerces.clervaux.lu\/de\/commerces\/atelier-zeyen-stephan-s-a\/\",\"name\":\"Fensterwelt Willems - Administration Communale de Clervaux\",\"isPartOf\":{\"@id\":\"https:\/\/commerces.clervaux.lu\/de\/#website\"},\"primaryImageOfPage\":{\"@id\":\"https:\/\/commerces.clervaux.lu\/de\/commerces\/atelier-zeyen-stephan-s-a\/#primaryimage\"},\"image\":{\"@id\":\"https:\/\/commerces.clervaux.lu\/de\/commerces\/atelier-zeyen-stephan-s-a\/#primaryimage\"},\"thumbnailUrl\":\"https:\/\/commerces.clervaux.lu\/wp-content\/uploads\/Logo-Fensterwelt-Willems-NEW.jpg\",\"datePublished\":\"2020-03-11T14:43:44+00:00\",\"dateModified\":\"2025-05-12T20:33:04+00:00\",\"breadcrumb\":{\"@id\":\"https:\/\/commerces.clervaux.lu\/de\/commerces\/atelier-zeyen-stephan-s-a\/#breadcrumb\"},\"inLanguage\":\"de\",\"potentialAction\":[{\"@type\":\"ReadAction\",\"target\":[\"https:\/\/commerces.clervaux.lu\/de\/commerces\/atelier-zeyen-stephan-s-a\/\"]}]},{\"@type\":\"ImageObject\",\"inLanguage\":\"de\",\"@id\":\"https:\/\/commerces.clervaux.lu\/de\/commerces\/atelier-zeyen-stephan-s-a\/#primaryimage\",\"url\":\"https:\/\/commerces.clervaux.lu\/wp-content\/uploads\/Logo-Fensterwelt-Willems-NEW.jpg\",\"contentUrl\":\"https:\/\/commerces.clervaux.lu\/wp-content\/uploads\/Logo-Fensterwelt-Willems-NEW.jpg\",\"width\":1458,\"height\":896},{\"@type\":\"BreadcrumbList\",\"@id\":\"https:\/\/commerces.clervaux.lu\/de\/commerces\/atelier-zeyen-stephan-s-a\/#breadcrumb\",\"itemListElement\":[{\"@type\":\"ListItem\",\"position\":1,\"name\":\"Home\",\"item\":\"https:\/\/commerces.clervaux.lu\/de\/\"},{\"@type\":\"ListItem\",\"position\":2,\"name\":\"Commerces\",\"item\":\"https:\/\/commerces.clervaux.lu\/commerces\/\"},{\"@type\":\"ListItem\",\"position\":3,\"name\":\"Dienstleistung\",\"item\":\"https:\/\/commerces.clervaux.lu\/de\/type\/dienstleistung\/\"},{\"@type\":\"ListItem\",\"position\":4,\"name\":\"Fensterwelt Willems\"}]},{\"@type\":\"WebSite\",\"@id\":\"https:\/\/commerces.clervaux.lu\/de\/#website\",\"url\":\"https:\/\/commerces.clervaux.lu\/de\/\",\"name\":\"Administration Communale de Clervaux\",\"description\":\"Un site utilisant WordPress\",\"potentialAction\":[{\"@type\":\"SearchAction\",\"target\":{\"@type\":\"EntryPoint\",\"urlTemplate\":\"https:\/\/commerces.clervaux.lu\/de\/?s={search_term_string}\"},\"query-input\":\"required name=search_term_string\"}],\"inLanguage\":\"de\"}]}<\/script>\n<!-- \/ Yoast SEO plugin. -->","yoast_head_json":{"title":"Fensterwelt Willems - Administration Communale de Clervaux","robots":{"index":"index","follow":"follow","max-snippet":"max-snippet:-1","max-image-preview":"max-image-preview:large","max-video-preview":"max-video-preview:-1"},"canonical":"https:\/\/commerces.clervaux.lu\/de\/commerces\/atelier-zeyen-stephan-s-a\/","og_locale":"de_DE","og_type":"article","og_title":"Fensterwelt Willems - Administration Communale de Clervaux","og_description":"Ihr Fensterspezialist im Norden Luxemburgs. Sie sind die Visitenkarte jedes Hauses: Haust\u00fcren und Fenster, Garagentore, Rolll\u00e4den und Markisen. Qualit\u00e4t \u201emade [&hellip;]","og_url":"https:\/\/commerces.clervaux.lu\/de\/commerces\/atelier-zeyen-stephan-s-a\/","og_site_name":"Administration Communale de Clervaux","article_modified_time":"2025-05-12T20:33:04+00:00","og_image":[{"width":1458,"height":896,"url":"https:\/\/commerces.clervaux.lu\/wp-content\/uploads\/Logo-Fensterwelt-Willems-NEW.jpg","type":"image\/jpeg"}],"twitter_card":"summary_large_image","schema":{"@context":"https:\/\/schema.org","@graph":[{"@type":"WebPage","@id":"https:\/\/commerces.clervaux.lu\/de\/commerces\/atelier-zeyen-stephan-s-a\/","url":"https:\/\/commerces.clervaux.lu\/de\/commerces\/atelier-zeyen-stephan-s-a\/","name":"Fensterwelt Willems - Administration Communale de Clervaux","isPartOf":{"@id":"https:\/\/commerces.clervaux.lu\/de\/#website"},"primaryImageOfPage":{"@id":"https:\/\/commerces.clervaux.lu\/de\/commerces\/atelier-zeyen-stephan-s-a\/#primaryimage"},"image":{"@id":"https:\/\/commerces.clervaux.lu\/de\/commerces\/atelier-zeyen-stephan-s-a\/#primaryimage"},"thumbnailUrl":"https:\/\/commerces.clervaux.lu\/wp-content\/uploads\/Logo-Fensterwelt-Willems-NEW.jpg","datePublished":"2020-03-11T14:43:44+00:00","dateModified":"2025-05-12T20:33:04+00:00","breadcrumb":{"@id":"https:\/\/commerces.clervaux.lu\/de\/commerces\/atelier-zeyen-stephan-s-a\/#breadcrumb"},"inLanguage":"de","potentialAction":[{"@type":"ReadAction","target":["https:\/\/commerces.clervaux.lu\/de\/commerces\/atelier-zeyen-stephan-s-a\/"]}]},{"@type":"ImageObject","inLanguage":"de","@id":"https:\/\/commerces.clervaux.lu\/de\/commerces\/atelier-zeyen-stephan-s-a\/#primaryimage","url":"https:\/\/commerces.clervaux.lu\/wp-content\/uploads\/Logo-Fensterwelt-Willems-NEW.jpg","contentUrl":"https:\/\/commerces.clervaux.lu\/wp-content\/uploads\/Logo-Fensterwelt-Willems-NEW.jpg","width":1458,"height":896},{"@type":"BreadcrumbList","@id":"https:\/\/commerces.clervaux.lu\/de\/commerces\/atelier-zeyen-stephan-s-a\/#breadcrumb","itemListElement":[{"@type":"ListItem","position":1,"name":"Home","item":"https:\/\/commerces.clervaux.lu\/de\/"},{"@type":"ListItem","position":2,"name":"Commerces","item":"https:\/\/commerces.clervaux.lu\/commerces\/"},{"@type":"ListItem","position":3,"name":"Dienstleistung","item":"https:\/\/commerces.clervaux.lu\/de\/type\/dienstleistung\/"},{"@type":"ListItem","position":4,"name":"Fensterwelt Willems"}]},{"@type":"WebSite","@id":"https:\/\/commerces.clervaux.lu\/de\/#website","url":"https:\/\/commerces.clervaux.lu\/de\/","name":"Administration Communale de Clervaux","description":"Un site utilisant WordPress","potentialAction":[{"@type":"SearchAction","target":{"@type":"EntryPoint","urlTemplate":"https:\/\/commerces.clervaux.lu\/de\/?s={search_term_string}"},"query-input":"required name=search_term_string"}],"inLanguage":"de"}]}},"publishpress_future_action":{"enabled":false,"date":"2026-05-09 03:05:38","action":"draft","terms":[],"taxonomy":"listing_category"},"_links":{"self":[{"href":"https:\/\/commerces.clervaux.lu\/de\/wp-json\/wp\/v2\/listing\/2072","targetHints":{"allow":["GET"]}}],"collection":[{"href":"https:\/\/commerces.clervaux.lu\/de\/wp-json\/wp\/v2\/listing"}],"about":[{"href":"https:\/\/commerces.clervaux.lu\/de\/wp-json\/wp\/v2\/types\/listing"}],"wp:featuredmedia":[{"embeddable":true,"href":"https:\/\/commerces.clervaux.lu\/de\/wp-json\/wp\/v2\/media\/2998"}],"wp:attachment":[{"href":"https:\/\/commerces.clervaux.lu\/de\/wp-json\/wp\/v2\/media?parent=2072"}],"wp:term":[{"taxonomy":"listing_category","embeddable":true,"href":"https:\/\/commerces.clervaux.lu\/de\/wp-json\/wp\/v2\/listing_category?post=2072"},{"taxonomy":"listing_location","embeddable":true,"href":"https:\/\/commerces.clervaux.lu\/de\/wp-json\/wp\/v2\/listing_location?post=2072"},{"taxonomy":"listing_tag","embeddable":true,"href":"https:\/\/commerces.clervaux.lu\/de\/wp-json\/wp\/v2\/listing_tag?post=2072"}],"curies":[{"name":"wp","href":"https:\/\/api.w.org\/{rel}","templated":true}]}}

<p>Ihr Fensterspezialist im Norden Luxemburgs. Sie sind die Visitenkarte jedes Hauses: Haustüren und Fenster, Garagentore, Rollläden und Markisen. Qualität „made in Germany“ wertet Ihre Immobilie auf. Deshalb setzt Fensterwelt Willems konsequent auf renommierte deutsche Marken.&nbsp;</p>



<p>Von seinem Hauptsitz in Fischbach aus beliefert das Unternehmen anspruchsvolle Kunden in Luxemburg und der West-Eifel. Ob Neubau oder maßgeschneiderte Renovierung – Fensterwelt Willems legt großen Wert auf individuelle Beratung, auch auf der Baustelle.</p>

Fëschbech

<!-- This site is optimized with the Yoast SEO plugin v22.3 - https://yoast.com/wordpress/plugins/seo/ -->
<title>Fensterwelt Willems - Administration Communale de Clervaux</title>
<meta name="robots" content="index, follow, max-snippet:-1, max-image-preview:large, max-video-preview:-1" />
<link rel="canonical" href="https://commerces.clervaux.lu/de/commerces/atelier-zeyen-stephan-s-a/" />
<meta property="og:locale" content="de_DE" />
<meta property="og:type" content="article" />
<meta property="og:title" content="Fensterwelt Willems - Administration Communale de Clervaux" />
<meta property="og:description" content="Ihr Fensterspezialist im Norden Luxemburgs. Sie sind die Visitenkarte jedes Hauses: Haustüren und Fenster, Garagentore, Rollläden und Markisen. Qualität „made [&hellip;]" />
<meta property="og:url" content="https://commerces.clervaux.lu/de/commerces/atelier-zeyen-stephan-s-a/" />
<meta property="og:site_name" content="Administration Communale de Clervaux" />
<meta property="article:modified_time" content="2025-05-12T20:33:04+00:00" />
<meta property="og:image" content="https://commerces.clervaux.lu/wp-content/uploads/Logo-Fensterwelt-Willems-NEW.jpg" />
	<meta property="og:image:width" content="1458" />
	<meta property="og:image:height" content="896" />
	<meta property="og:image:type" content="image/jpeg" />
<meta name="twitter:card" content="summary_large_image" />
<script type="application/ld+json" class="yoast-schema-graph">{"@context":"https://schema.org","@graph":[{"@type":"WebPage","@id":"https://commerces.clervaux.lu/de/commerces/atelier-zeyen-stephan-s-a/","url":"https://commerces.clervaux.lu/de/commerces/atelier-zeyen-stephan-s-a/","name":"Fensterwelt Willems - Administration Communale de Clervaux","isPartOf":{"@id":"https://commerces.clervaux.lu/de/#website"},"primaryImageOfPage":{"@id":"https://commerces.clervaux.lu/de/commerces/atelier-zeyen-stephan-s-a/#primaryimage"},"image":{"@id":"https://commerces.clervaux.lu/de/commerces/atelier-zeyen-stephan-s-a/#primaryimage"},"thumbnailUrl":"https://commerces.clervaux.lu/wp-content/uploads/Logo-Fensterwelt-Willems-NEW.jpg","datePublished":"2020-03-11T14:43:44+00:00","dateModified":"2025-05-12T20:33:04+00:00","breadcrumb":{"@id":"https://commerces.clervaux.lu/de/commerces/atelier-zeyen-stephan-s-a/#breadcrumb"},"inLanguage":"de","potentialAction":[{"@type":"ReadAction","target":["https://commerces.clervaux.lu/de/commerces/atelier-zeyen-stephan-s-a/"]}]},{"@type":"ImageObject","inLanguage":"de","@id":"https://commerces.clervaux.lu/de/commerces/atelier-zeyen-stephan-s-a/#primaryimage","url":"https://commerces.clervaux.lu/wp-content/uploads/Logo-Fensterwelt-Willems-NEW.jpg","contentUrl":"https://commerces.clervaux.lu/wp-content/uploads/Logo-Fensterwelt-Willems-NEW.jpg","width":1458,"height":896},{"@type":"BreadcrumbList","@id":"https://commerces.clervaux.lu/de/commerces/atelier-zeyen-stephan-s-a/#breadcrumb","itemListElement":[{"@type":"ListItem","position":1,"name":"Home","item":"https://commerces.clervaux.lu/de/"},{"@type":"ListItem","position":2,"name":"Commerces","item":"https://commerces.clervaux.lu/commerces/"},{"@type":"ListItem","position":3,"name":"Dienstleistung","item":"https://commerces.clervaux.lu/de/type/dienstleistung/"},{"@type":"ListItem","position":4,"name":"Fensterwelt Willems"}]},{"@type":"WebSite","@id":"https://commerces.clervaux.lu/de/#website","url":"https://commerces.clervaux.lu/de/","name":"Administration Communale de Clervaux","description":"Un site utilisant WordPress","potentialAction":[{"@type":"SearchAction","target":{"@type":"EntryPoint","urlTemplate":"https://commerces.clervaux.lu/de/?s={search_term_string}"},"query-input":"required name=search_term_string"}],"inLanguage":"de"}]}</script>
<!-- / Yoast SEO plugin. -->

Ihr Fensterspezialist im Norden Luxemburgs. Sie sind die Visitenkarte jedes Hauses: Haustüren und Fenster, Garagentore, Rollläden und Markisen. Qualität „made [&hellip;]
