{"id":2075,"date":"2020-03-11T15:27:25","date_gmt":"2020-03-11T14:27:25","guid":{"rendered":"https:\/\/commerces.clervaux.lu\/commerces\/cafe-restaurant-a-peitesch\/"},"modified":"2025-05-24T13:45:00","modified_gmt":"2025-05-24T11:45:00","slug":"cafe-restaurant-a-peitesch","status":"publish","type":"listing","link":"https:\/\/commerces.clervaux.lu\/de\/commerces\/cafe-restaurant-a-peitesch\/","title":{"rendered":"Caf\u00e9-Restaurant &#8222;A P\u00e9itesch&#8220;"},"content":{"rendered":"\n<p>Das Caf\u00e9-Restaurant A Peitesch verf\u00fcgt \u00fcber eine Kegelbahn, eine Terrasse und eine beheizte Veranda (Wintergarten). Es liegt 100 m vom Golfplatz von Clerf entfernt. Vom Wirt zubereitete K\u00fcche. Luxemburgische und franz\u00f6sische Spezialit\u00e4ten. <\/p>\n","protected":false},"featured_media":4749,"template":"","listing_category":[711],"listing_location":[31],"listing_tag":[757,756,837,885,736],"class_list":["post-2075","listing","type-listing","status-publish","has-post-thumbnail","hentry","listing_category-gastronomie","listing_location-eselborn","listing_tag-cafe-de","listing_tag-petite-restauration-de","listing_tag-restaurant-de","listing_tag-plats-du-jour-de","listing_tag-terrasse-de"],"acf":{"location":{"address":"24, rue du Village L-9748 Eselborn","lat":50.0628357,"lng":6.0021171,"zoom":14,"place_id":"ChIJDfvzJOQIwEcRseldkgWPVe0","street_number":"24","street_name":"Rue Du Village","city":"Eselborn","state":"Diekirch","post_code":"9748","country":"Luxembourg","country_short":"LU"},"phone":"+352 94 91 81","email":"gilles5@pt.lu","website":"https:\/\/www.cafeapeitesch.lu","timings":"MO\t10.30 \u2013 01.00<br \/>\r\nDI\tGeschlossen<br \/>\r\nMI\t10.30 \u2013 01.00<br \/>\r\nDO\t17.00 \u2013 01.00<br \/>\r\nFR\t10.30 \u2013 01.00<br \/>\r\nSA\t17.00 \u2013 01.00<br \/>\r\nSO \t10.00 \u2013 23.00 <br \/>\r\n","gallery":false,"logo":{"ID":552,"id":552,"title":"Cafe\u0301 A Pe\u0301itesch COPY WEB 61488689_3003965449629817_1116506547078299648_n","filename":"Cafe\u0301-A-Pe\u0301itesch-COPY-WEB-61488689_3003965449629817_1116506547078299648_n.jpg","filesize":80594,"url":"https:\/\/commerces.clervaux.lu\/wp-content\/uploads\/Cafe\u0301-A-Pe\u0301itesch-COPY-WEB-61488689_3003965449629817_1116506547078299648_n.jpg","link":"https:\/\/commerces.clervaux.lu\/de\/commerces\/cafe-restaurant-a-peitesch\/cafe-a-peitesch-copy-web-61488689_3003965449629817_1116506547078299648_n-2\/","alt":"","author":"2","description":"","caption":"","name":"cafe-a-peitesch-copy-web-61488689_3003965449629817_1116506547078299648_n-2","status":"inherit","uploaded_to":2075,"date":"2020-04-21 15:02:29","modified":"2020-04-21 15:02:32","menu_order":0,"mime_type":"image\/jpeg","type":"image","subtype":"jpeg","icon":"https:\/\/commerces.clervaux.lu\/wp-includes\/images\/media\/default.png","width":828,"height":828,"sizes":{"thumbnail":"https:\/\/commerces.clervaux.lu\/wp-content\/uploads\/Cafe\u0301-A-Pe\u0301itesch-COPY-WEB-61488689_3003965449629817_1116506547078299648_n-150x150.jpg","thumbnail-width":150,"thumbnail-height":150,"medium":"https:\/\/commerces.clervaux.lu\/wp-content\/uploads\/Cafe\u0301-A-Pe\u0301itesch-COPY-WEB-61488689_3003965449629817_1116506547078299648_n-445x445.jpg","medium-width":445,"medium-height":445,"medium_large":"https:\/\/commerces.clervaux.lu\/wp-content\/uploads\/Cafe\u0301-A-Pe\u0301itesch-COPY-WEB-61488689_3003965449629817_1116506547078299648_n-768x768.jpg","medium_large-width":768,"medium_large-height":768,"large":"https:\/\/commerces.clervaux.lu\/wp-content\/uploads\/Cafe\u0301-A-Pe\u0301itesch-COPY-WEB-61488689_3003965449629817_1116506547078299648_n.jpg","large-width":828,"large-height":828,"1536x1536":"https:\/\/commerces.clervaux.lu\/wp-content\/uploads\/Cafe\u0301-A-Pe\u0301itesch-COPY-WEB-61488689_3003965449629817_1116506547078299648_n.jpg","1536x1536-width":828,"1536x1536-height":828,"2048x2048":"https:\/\/commerces.clervaux.lu\/wp-content\/uploads\/Cafe\u0301-A-Pe\u0301itesch-COPY-WEB-61488689_3003965449629817_1116506547078299648_n.jpg","2048x2048-width":828,"2048x2048-height":828,"landscape":"https:\/\/commerces.clervaux.lu\/wp-content\/uploads\/Cafe\u0301-A-Pe\u0301itesch-COPY-WEB-61488689_3003965449629817_1116506547078299648_n.jpg","landscape-width":828,"landscape-height":828}},"video":"","timings_v2":[{"day":"Montag","slot":[{"value":"10.30 - 01.00"}]},{"day":"Dienstag","slot":[{"value":"Geschlossen"}]},{"day":"Mittwoch","slot":[{"value":"10.30 - 01.00 "}]},{"day":"Donnerstag","slot":[{"value":"17.00 \u2013 01.00"}]},{"day":"Freitag","slot":[{"value":"10.30 - 01.00 "}]},{"day":"Samstag","slot":[{"value":"17.00 \u2013 01.00"}]},{"day":"Sonntag","slot":[{"value":"10.00 - 23.00"}]}]},"yoast_head":"<!-- This site is optimized with the Yoast SEO plugin v22.3 - https:\/\/yoast.com\/wordpress\/plugins\/seo\/ -->\n<title>Caf\u00e9-Restaurant &quot;A P\u00e9itesch&quot; - Administration Communale de Clervaux<\/title>\n<meta name=\"robots\" content=\"index, follow, max-snippet:-1, max-image-preview:large, max-video-preview:-1\" \/>\n<link rel=\"canonical\" href=\"https:\/\/commerces.clervaux.lu\/de\/commerces\/cafe-restaurant-a-peitesch\/\" \/>\n<meta property=\"og:locale\" content=\"de_DE\" \/>\n<meta property=\"og:type\" content=\"article\" \/>\n<meta property=\"og:title\" content=\"Caf\u00e9-Restaurant &quot;A P\u00e9itesch&quot; - Administration Communale de Clervaux\" \/>\n<meta property=\"og:description\" content=\"Das Caf\u00e9-Restaurant A Peitesch verf\u00fcgt \u00fcber eine Kegelbahn, eine Terrasse und eine beheizte Veranda (Wintergarten). Es liegt 100 m vom [&hellip;]\" \/>\n<meta property=\"og:url\" content=\"https:\/\/commerces.clervaux.lu\/de\/commerces\/cafe-restaurant-a-peitesch\/\" \/>\n<meta property=\"og:site_name\" content=\"Administration Communale de Clervaux\" \/>\n<meta property=\"article:modified_time\" content=\"2025-05-24T11:45:00+00:00\" \/>\n<meta property=\"og:image\" content=\"https:\/\/commerces.clervaux.lu\/wp-content\/uploads\/Logo-A-Peitesch.png\" \/>\n\t<meta property=\"og:image:width\" content=\"189\" \/>\n\t<meta property=\"og:image:height\" content=\"267\" \/>\n\t<meta property=\"og:image:type\" content=\"image\/png\" \/>\n<meta name=\"twitter:card\" content=\"summary_large_image\" \/>\n<script type=\"application\/ld+json\" class=\"yoast-schema-graph\">{\"@context\":\"https:\/\/schema.org\",\"@graph\":[{\"@type\":\"WebPage\",\"@id\":\"https:\/\/commerces.clervaux.lu\/de\/commerces\/cafe-restaurant-a-peitesch\/\",\"url\":\"https:\/\/commerces.clervaux.lu\/de\/commerces\/cafe-restaurant-a-peitesch\/\",\"name\":\"Caf\u00e9-Restaurant \\\"A P\u00e9itesch\\\" - Administration Communale de Clervaux\",\"isPartOf\":{\"@id\":\"https:\/\/commerces.clervaux.lu\/de\/#website\"},\"primaryImageOfPage\":{\"@id\":\"https:\/\/commerces.clervaux.lu\/de\/commerces\/cafe-restaurant-a-peitesch\/#primaryimage\"},\"image\":{\"@id\":\"https:\/\/commerces.clervaux.lu\/de\/commerces\/cafe-restaurant-a-peitesch\/#primaryimage\"},\"thumbnailUrl\":\"https:\/\/commerces.clervaux.lu\/wp-content\/uploads\/Logo-A-Peitesch.png\",\"datePublished\":\"2020-03-11T14:27:25+00:00\",\"dateModified\":\"2025-05-24T11:45:00+00:00\",\"breadcrumb\":{\"@id\":\"https:\/\/commerces.clervaux.lu\/de\/commerces\/cafe-restaurant-a-peitesch\/#breadcrumb\"},\"inLanguage\":\"de\",\"potentialAction\":[{\"@type\":\"ReadAction\",\"target\":[\"https:\/\/commerces.clervaux.lu\/de\/commerces\/cafe-restaurant-a-peitesch\/\"]}]},{\"@type\":\"ImageObject\",\"inLanguage\":\"de\",\"@id\":\"https:\/\/commerces.clervaux.lu\/de\/commerces\/cafe-restaurant-a-peitesch\/#primaryimage\",\"url\":\"https:\/\/commerces.clervaux.lu\/wp-content\/uploads\/Logo-A-Peitesch.png\",\"contentUrl\":\"https:\/\/commerces.clervaux.lu\/wp-content\/uploads\/Logo-A-Peitesch.png\",\"width\":189,\"height\":267},{\"@type\":\"BreadcrumbList\",\"@id\":\"https:\/\/commerces.clervaux.lu\/de\/commerces\/cafe-restaurant-a-peitesch\/#breadcrumb\",\"itemListElement\":[{\"@type\":\"ListItem\",\"position\":1,\"name\":\"Home\",\"item\":\"https:\/\/commerces.clervaux.lu\/de\/\"},{\"@type\":\"ListItem\",\"position\":2,\"name\":\"Commerces\",\"item\":\"https:\/\/commerces.clervaux.lu\/commerces\/\"},{\"@type\":\"ListItem\",\"position\":3,\"name\":\"Gastronomie\",\"item\":\"https:\/\/commerces.clervaux.lu\/de\/type\/gastronomie\/\"},{\"@type\":\"ListItem\",\"position\":4,\"name\":\"Caf\u00e9-Restaurant &#8222;A P\u00e9itesch&#8220;\"}]},{\"@type\":\"WebSite\",\"@id\":\"https:\/\/commerces.clervaux.lu\/de\/#website\",\"url\":\"https:\/\/commerces.clervaux.lu\/de\/\",\"name\":\"Administration Communale de Clervaux\",\"description\":\"Un site utilisant WordPress\",\"potentialAction\":[{\"@type\":\"SearchAction\",\"target\":{\"@type\":\"EntryPoint\",\"urlTemplate\":\"https:\/\/commerces.clervaux.lu\/de\/?s={search_term_string}\"},\"query-input\":\"required name=search_term_string\"}],\"inLanguage\":\"de\"}]}<\/script>\n<!-- \/ Yoast SEO plugin. -->","yoast_head_json":{"title":"Caf\u00e9-Restaurant \"A P\u00e9itesch\" - Administration Communale de Clervaux","robots":{"index":"index","follow":"follow","max-snippet":"max-snippet:-1","max-image-preview":"max-image-preview:large","max-video-preview":"max-video-preview:-1"},"canonical":"https:\/\/commerces.clervaux.lu\/de\/commerces\/cafe-restaurant-a-peitesch\/","og_locale":"de_DE","og_type":"article","og_title":"Caf\u00e9-Restaurant \"A P\u00e9itesch\" - Administration Communale de Clervaux","og_description":"Das Caf\u00e9-Restaurant A Peitesch verf\u00fcgt \u00fcber eine Kegelbahn, eine Terrasse und eine beheizte Veranda (Wintergarten). Es liegt 100 m vom [&hellip;]","og_url":"https:\/\/commerces.clervaux.lu\/de\/commerces\/cafe-restaurant-a-peitesch\/","og_site_name":"Administration Communale de Clervaux","article_modified_time":"2025-05-24T11:45:00+00:00","og_image":[{"width":189,"height":267,"url":"https:\/\/commerces.clervaux.lu\/wp-content\/uploads\/Logo-A-Peitesch.png","type":"image\/png"}],"twitter_card":"summary_large_image","schema":{"@context":"https:\/\/schema.org","@graph":[{"@type":"WebPage","@id":"https:\/\/commerces.clervaux.lu\/de\/commerces\/cafe-restaurant-a-peitesch\/","url":"https:\/\/commerces.clervaux.lu\/de\/commerces\/cafe-restaurant-a-peitesch\/","name":"Caf\u00e9-Restaurant \"A P\u00e9itesch\" - Administration Communale de Clervaux","isPartOf":{"@id":"https:\/\/commerces.clervaux.lu\/de\/#website"},"primaryImageOfPage":{"@id":"https:\/\/commerces.clervaux.lu\/de\/commerces\/cafe-restaurant-a-peitesch\/#primaryimage"},"image":{"@id":"https:\/\/commerces.clervaux.lu\/de\/commerces\/cafe-restaurant-a-peitesch\/#primaryimage"},"thumbnailUrl":"https:\/\/commerces.clervaux.lu\/wp-content\/uploads\/Logo-A-Peitesch.png","datePublished":"2020-03-11T14:27:25+00:00","dateModified":"2025-05-24T11:45:00+00:00","breadcrumb":{"@id":"https:\/\/commerces.clervaux.lu\/de\/commerces\/cafe-restaurant-a-peitesch\/#breadcrumb"},"inLanguage":"de","potentialAction":[{"@type":"ReadAction","target":["https:\/\/commerces.clervaux.lu\/de\/commerces\/cafe-restaurant-a-peitesch\/"]}]},{"@type":"ImageObject","inLanguage":"de","@id":"https:\/\/commerces.clervaux.lu\/de\/commerces\/cafe-restaurant-a-peitesch\/#primaryimage","url":"https:\/\/commerces.clervaux.lu\/wp-content\/uploads\/Logo-A-Peitesch.png","contentUrl":"https:\/\/commerces.clervaux.lu\/wp-content\/uploads\/Logo-A-Peitesch.png","width":189,"height":267},{"@type":"BreadcrumbList","@id":"https:\/\/commerces.clervaux.lu\/de\/commerces\/cafe-restaurant-a-peitesch\/#breadcrumb","itemListElement":[{"@type":"ListItem","position":1,"name":"Home","item":"https:\/\/commerces.clervaux.lu\/de\/"},{"@type":"ListItem","position":2,"name":"Commerces","item":"https:\/\/commerces.clervaux.lu\/commerces\/"},{"@type":"ListItem","position":3,"name":"Gastronomie","item":"https:\/\/commerces.clervaux.lu\/de\/type\/gastronomie\/"},{"@type":"ListItem","position":4,"name":"Caf\u00e9-Restaurant &#8222;A P\u00e9itesch&#8220;"}]},{"@type":"WebSite","@id":"https:\/\/commerces.clervaux.lu\/de\/#website","url":"https:\/\/commerces.clervaux.lu\/de\/","name":"Administration Communale de Clervaux","description":"Un site utilisant WordPress","potentialAction":[{"@type":"SearchAction","target":{"@type":"EntryPoint","urlTemplate":"https:\/\/commerces.clervaux.lu\/de\/?s={search_term_string}"},"query-input":"required name=search_term_string"}],"inLanguage":"de"}]}},"publishpress_future_action":{"enabled":false,"date":"2026-05-08 21:23:14","action":"draft","terms":[],"taxonomy":"listing_category"},"_links":{"self":[{"href":"https:\/\/commerces.clervaux.lu\/de\/wp-json\/wp\/v2\/listing\/2075","targetHints":{"allow":["GET"]}}],"collection":[{"href":"https:\/\/commerces.clervaux.lu\/de\/wp-json\/wp\/v2\/listing"}],"about":[{"href":"https:\/\/commerces.clervaux.lu\/de\/wp-json\/wp\/v2\/types\/listing"}],"wp:featuredmedia":[{"embeddable":true,"href":"https:\/\/commerces.clervaux.lu\/de\/wp-json\/wp\/v2\/media\/4749"}],"wp:attachment":[{"href":"https:\/\/commerces.clervaux.lu\/de\/wp-json\/wp\/v2\/media?parent=2075"}],"wp:term":[{"taxonomy":"listing_category","embeddable":true,"href":"https:\/\/commerces.clervaux.lu\/de\/wp-json\/wp\/v2\/listing_category?post=2075"},{"taxonomy":"listing_location","embeddable":true,"href":"https:\/\/commerces.clervaux.lu\/de\/wp-json\/wp\/v2\/listing_location?post=2075"},{"taxonomy":"listing_tag","embeddable":true,"href":"https:\/\/commerces.clervaux.lu\/de\/wp-json\/wp\/v2\/listing_tag?post=2075"}],"curies":[{"name":"wp","href":"https:\/\/api.w.org\/{rel}","templated":true}]}}

Café-Restaurant &#8222;A Péitesch&#8220;

<p>Das Café-Restaurant A Peitesch verfügt über eine Kegelbahn, eine Terrasse und eine beheizte Veranda (Wintergarten). Es liegt 100 m vom Golfplatz von Clerf entfernt. Vom Wirt zubereitete Küche. Luxemburgische und französische Spezialitäten. </p>

<!-- This site is optimized with the Yoast SEO plugin v22.3 - https://yoast.com/wordpress/plugins/seo/ -->
<title>Café-Restaurant &quot;A Péitesch&quot; - Administration Communale de Clervaux</title>
<meta name="robots" content="index, follow, max-snippet:-1, max-image-preview:large, max-video-preview:-1" />
<link rel="canonical" href="https://commerces.clervaux.lu/de/commerces/cafe-restaurant-a-peitesch/" />
<meta property="og:locale" content="de_DE" />
<meta property="og:type" content="article" />
<meta property="og:title" content="Café-Restaurant &quot;A Péitesch&quot; - Administration Communale de Clervaux" />
<meta property="og:description" content="Das Café-Restaurant A Peitesch verfügt über eine Kegelbahn, eine Terrasse und eine beheizte Veranda (Wintergarten). Es liegt 100 m vom [&hellip;]" />
<meta property="og:url" content="https://commerces.clervaux.lu/de/commerces/cafe-restaurant-a-peitesch/" />
<meta property="og:site_name" content="Administration Communale de Clervaux" />
<meta property="article:modified_time" content="2025-05-24T11:45:00+00:00" />
<meta property="og:image" content="https://commerces.clervaux.lu/wp-content/uploads/Logo-A-Peitesch.png" />
	<meta property="og:image:width" content="189" />
	<meta property="og:image:height" content="267" />
	<meta property="og:image:type" content="image/png" />
<meta name="twitter:card" content="summary_large_image" />
<script type="application/ld+json" class="yoast-schema-graph">{"@context":"https://schema.org","@graph":[{"@type":"WebPage","@id":"https://commerces.clervaux.lu/de/commerces/cafe-restaurant-a-peitesch/","url":"https://commerces.clervaux.lu/de/commerces/cafe-restaurant-a-peitesch/","name":"Café-Restaurant \"A Péitesch\" - Administration Communale de Clervaux","isPartOf":{"@id":"https://commerces.clervaux.lu/de/#website"},"primaryImageOfPage":{"@id":"https://commerces.clervaux.lu/de/commerces/cafe-restaurant-a-peitesch/#primaryimage"},"image":{"@id":"https://commerces.clervaux.lu/de/commerces/cafe-restaurant-a-peitesch/#primaryimage"},"thumbnailUrl":"https://commerces.clervaux.lu/wp-content/uploads/Logo-A-Peitesch.png","datePublished":"2020-03-11T14:27:25+00:00","dateModified":"2025-05-24T11:45:00+00:00","breadcrumb":{"@id":"https://commerces.clervaux.lu/de/commerces/cafe-restaurant-a-peitesch/#breadcrumb"},"inLanguage":"de","potentialAction":[{"@type":"ReadAction","target":["https://commerces.clervaux.lu/de/commerces/cafe-restaurant-a-peitesch/"]}]},{"@type":"ImageObject","inLanguage":"de","@id":"https://commerces.clervaux.lu/de/commerces/cafe-restaurant-a-peitesch/#primaryimage","url":"https://commerces.clervaux.lu/wp-content/uploads/Logo-A-Peitesch.png","contentUrl":"https://commerces.clervaux.lu/wp-content/uploads/Logo-A-Peitesch.png","width":189,"height":267},{"@type":"BreadcrumbList","@id":"https://commerces.clervaux.lu/de/commerces/cafe-restaurant-a-peitesch/#breadcrumb","itemListElement":[{"@type":"ListItem","position":1,"name":"Home","item":"https://commerces.clervaux.lu/de/"},{"@type":"ListItem","position":2,"name":"Commerces","item":"https://commerces.clervaux.lu/commerces/"},{"@type":"ListItem","position":3,"name":"Gastronomie","item":"https://commerces.clervaux.lu/de/type/gastronomie/"},{"@type":"ListItem","position":4,"name":"Café-Restaurant &#8222;A Péitesch&#8220;"}]},{"@type":"WebSite","@id":"https://commerces.clervaux.lu/de/#website","url":"https://commerces.clervaux.lu/de/","name":"Administration Communale de Clervaux","description":"Un site utilisant WordPress","potentialAction":[{"@type":"SearchAction","target":{"@type":"EntryPoint","urlTemplate":"https://commerces.clervaux.lu/de/?s={search_term_string}"},"query-input":"required name=search_term_string"}],"inLanguage":"de"}]}</script>
<!-- / Yoast SEO plugin. -->

Café-Restaurant "A Péitesch" - Administration Communale de Clervaux

Das Café-Restaurant A Peitesch verfügt über eine Kegelbahn, eine Terrasse und eine beheizte Veranda (Wintergarten). Es liegt 100 m vom [&hellip;]
