{"id":2102,"date":"2020-03-11T13:13:14","date_gmt":"2020-03-11T12:13:14","guid":{"rendered":"https:\/\/commerces.clervaux.lu\/commerces\/hotel-koener-s-a-r-l\/"},"modified":"2025-05-30T16:01:53","modified_gmt":"2025-05-30T14:01:53","slug":"hotel-koener-s-a-r-l","status":"publish","type":"listing","link":"https:\/\/commerces.clervaux.lu\/de\/commerces\/hotel-koener-s-a-r-l\/","title":{"rendered":"H\u00f4tel Koener"},"content":{"rendered":"\n<p>Das Hotel Koener ist seit Ende der 1880er Jahre ein Wahrzeichen der Region. Nach der Fusion zwischen dem Hotel International und dem Hotel Koener schien die Beibehaltung des Namens Hotel Koener eine Selbstverst\u00e4ndlichkeit zu sein. Mit seinen 90 Zimmern und Suiten, die Authentizit\u00e4t und Komfort im Herzen von Clerf vereinen, ist dieses Hotel ideal f\u00fcr Ausfl\u00fcge zu zweit, mit der Familie oder mit Freunden.<\/p>\n\n\n\n<p>Genie\u00dfen Sie lokale Spezialit\u00e4ten im<a href=\"https:\/\/commerces.clervaux.lu\/de\/commerces\/chloes-restaurant\/\">\u00a0Restaurant<\/a>\u00a0oder in der\u00a0<a href=\"https:\/\/commerces.clervaux.lu\/de\/commerces\/brasserie-koener\/\">Brasserie\u00a0<\/a>des Hotels, reservieren Sie einen der R\u00e4ume f\u00fcr sich und tanken Sie neue Energie in unserem 800 m\u00b2 gro\u00dfen\u00a0<a href=\"https:\/\/commerces.clervaux.lu\/de\/commerces\/hotel-international-wellness-and-conferences\/\">Spa Cinq Mon<\/a><a href=\"https:\/\/commerces.clervaux.lu\/commerces\/hotel-international-wellness-and-conferences\/\">des<\/a>\u00a0(mit Pool, Hammam, Sauna usw.).<\/p>\n\n\n\n<p>Kostenloses WLAN ist in der gesamten Unterkunft verf\u00fcgbar und kostenpflichtige Parkpl\u00e4tze stehen vor Ort zur Verf\u00fcgung.<\/p>\n","protected":false},"featured_media":4923,"template":"","listing_category":[714],"listing_location":[717],"listing_tag":[759,837,1023,748,1024,761],"class_list":["post-2102","listing","type-listing","status-publish","has-post-thumbnail","hentry","listing_category-unterkunft","listing_location-clervaux-de","listing_tag-hotel-de","listing_tag-restaurant-de","listing_tag-sauna-de","listing_tag-piscine-de","listing_tag-espace-thalgo-de","listing_tag-wellness-de"],"acf":{"location":{"address":"14, Grand-Rue, L-9710 Clervaux","lat":50.0532278,"lng":6.031011599999999,"zoom":14,"place_id":"ChIJOU6IskQIwEcRMg5nbg5D6vw","street_number":"14","street_name":"Grand-Rue","city":"Clervaux","state":"Diekirch","post_code":"9710","country":"Luxembourg","country_short":"LU"},"phone":"+352 92 10 02","email":"info@excellence-hotels.com","website":"https:\/\/www.koenerclervaux.lu","timings":"","gallery":false,"logo":{"ID":4921,"id":4921,"title":"Hotel Koener","filename":"Hotel-Koener.png","filesize":522522,"url":"https:\/\/commerces.clervaux.lu\/wp-content\/uploads\/Hotel-Koener.png","link":"https:\/\/commerces.clervaux.lu\/de\/commerces\/hotel-koener-s-a-r-l\/hotel-koener-2\/","alt":"","author":"2","description":"","caption":"","name":"hotel-koener-2","status":"inherit","uploaded_to":2102,"date":"2025-05-30 13:54:53","modified":"2025-05-30 13:54:53","menu_order":0,"mime_type":"image\/png","type":"image","subtype":"png","icon":"https:\/\/commerces.clervaux.lu\/wp-includes\/images\/media\/default.png","width":593,"height":425,"sizes":{"thumbnail":"https:\/\/commerces.clervaux.lu\/wp-content\/uploads\/Hotel-Koener-150x150.png","thumbnail-width":150,"thumbnail-height":150,"medium":"https:\/\/commerces.clervaux.lu\/wp-content\/uploads\/Hotel-Koener.png","medium-width":593,"medium-height":425,"medium_large":"https:\/\/commerces.clervaux.lu\/wp-content\/uploads\/Hotel-Koener.png","medium_large-width":593,"medium_large-height":425,"large":"https:\/\/commerces.clervaux.lu\/wp-content\/uploads\/Hotel-Koener.png","large-width":593,"large-height":425,"1536x1536":"https:\/\/commerces.clervaux.lu\/wp-content\/uploads\/Hotel-Koener.png","1536x1536-width":593,"1536x1536-height":425,"2048x2048":"https:\/\/commerces.clervaux.lu\/wp-content\/uploads\/Hotel-Koener.png","2048x2048-width":593,"2048x2048-height":425,"landscape":"https:\/\/commerces.clervaux.lu\/wp-content\/uploads\/Hotel-Koener.png","landscape-width":593,"landscape-height":425}},"video":"","timings_v2":[{"day":"","slot":[{"value":""}]},{"day":"","slot":[{"value":""}]},{"day":"","slot":[{"value":""}]},{"day":"","slot":[{"value":""}]},{"day":"","slot":[{"value":""}]},{"day":"","slot":[{"value":""}]},{"day":"","slot":[{"value":""}]}]},"yoast_head":"<!-- This site is optimized with the Yoast SEO plugin v22.3 - https:\/\/yoast.com\/wordpress\/plugins\/seo\/ -->\n<title>H\u00f4tel Koener - Administration Communale de Clervaux<\/title>\n<meta name=\"robots\" content=\"index, follow, max-snippet:-1, max-image-preview:large, max-video-preview:-1\" \/>\n<link rel=\"canonical\" href=\"https:\/\/commerces.clervaux.lu\/de\/commerces\/hotel-koener-s-a-r-l\/\" \/>\n<meta property=\"og:locale\" content=\"de_DE\" \/>\n<meta property=\"og:type\" content=\"article\" \/>\n<meta property=\"og:title\" content=\"H\u00f4tel Koener - Administration Communale de Clervaux\" \/>\n<meta property=\"og:description\" content=\"Das Hotel Koener ist seit Ende der 1880er Jahre ein Wahrzeichen der Region. Nach der Fusion zwischen dem Hotel International [&hellip;]\" \/>\n<meta property=\"og:url\" content=\"https:\/\/commerces.clervaux.lu\/de\/commerces\/hotel-koener-s-a-r-l\/\" \/>\n<meta property=\"og:site_name\" content=\"Administration Communale de Clervaux\" \/>\n<meta property=\"article:modified_time\" content=\"2025-05-30T14:01:53+00:00\" \/>\n<meta property=\"og:image\" content=\"https:\/\/commerces.clervaux.lu\/wp-content\/uploads\/Logo-koener_grey_header.png.webp\" \/>\n\t<meta property=\"og:image:width\" content=\"2445\" \/>\n\t<meta property=\"og:image:height\" content=\"2518\" \/>\n\t<meta property=\"og:image:type\" content=\"image\/webp\" \/>\n<meta name=\"twitter:card\" content=\"summary_large_image\" \/>\n<meta name=\"twitter:label1\" content=\"Gesch\u00e4tzte Lesezeit\" \/>\n\t<meta name=\"twitter:data1\" content=\"1\u00a0Minute\" \/>\n<script type=\"application\/ld+json\" class=\"yoast-schema-graph\">{\"@context\":\"https:\/\/schema.org\",\"@graph\":[{\"@type\":\"WebPage\",\"@id\":\"https:\/\/commerces.clervaux.lu\/de\/commerces\/hotel-koener-s-a-r-l\/\",\"url\":\"https:\/\/commerces.clervaux.lu\/de\/commerces\/hotel-koener-s-a-r-l\/\",\"name\":\"H\u00f4tel Koener - Administration Communale de Clervaux\",\"isPartOf\":{\"@id\":\"https:\/\/commerces.clervaux.lu\/de\/#website\"},\"primaryImageOfPage\":{\"@id\":\"https:\/\/commerces.clervaux.lu\/de\/commerces\/hotel-koener-s-a-r-l\/#primaryimage\"},\"image\":{\"@id\":\"https:\/\/commerces.clervaux.lu\/de\/commerces\/hotel-koener-s-a-r-l\/#primaryimage\"},\"thumbnailUrl\":\"https:\/\/commerces.clervaux.lu\/wp-content\/uploads\/Logo-koener_grey_header.png.webp\",\"datePublished\":\"2020-03-11T12:13:14+00:00\",\"dateModified\":\"2025-05-30T14:01:53+00:00\",\"breadcrumb\":{\"@id\":\"https:\/\/commerces.clervaux.lu\/de\/commerces\/hotel-koener-s-a-r-l\/#breadcrumb\"},\"inLanguage\":\"de\",\"potentialAction\":[{\"@type\":\"ReadAction\",\"target\":[\"https:\/\/commerces.clervaux.lu\/de\/commerces\/hotel-koener-s-a-r-l\/\"]}]},{\"@type\":\"ImageObject\",\"inLanguage\":\"de\",\"@id\":\"https:\/\/commerces.clervaux.lu\/de\/commerces\/hotel-koener-s-a-r-l\/#primaryimage\",\"url\":\"https:\/\/commerces.clervaux.lu\/wp-content\/uploads\/Logo-koener_grey_header.png.webp\",\"contentUrl\":\"https:\/\/commerces.clervaux.lu\/wp-content\/uploads\/Logo-koener_grey_header.png.webp\",\"width\":2445,\"height\":2518},{\"@type\":\"BreadcrumbList\",\"@id\":\"https:\/\/commerces.clervaux.lu\/de\/commerces\/hotel-koener-s-a-r-l\/#breadcrumb\",\"itemListElement\":[{\"@type\":\"ListItem\",\"position\":1,\"name\":\"Home\",\"item\":\"https:\/\/commerces.clervaux.lu\/de\/\"},{\"@type\":\"ListItem\",\"position\":2,\"name\":\"Commerces\",\"item\":\"https:\/\/commerces.clervaux.lu\/commerces\/\"},{\"@type\":\"ListItem\",\"position\":3,\"name\":\"Unterkunft\",\"item\":\"https:\/\/commerces.clervaux.lu\/de\/type\/unterkunft\/\"},{\"@type\":\"ListItem\",\"position\":4,\"name\":\"H\u00f4tel Koener\"}]},{\"@type\":\"WebSite\",\"@id\":\"https:\/\/commerces.clervaux.lu\/de\/#website\",\"url\":\"https:\/\/commerces.clervaux.lu\/de\/\",\"name\":\"Administration Communale de Clervaux\",\"description\":\"Un site utilisant WordPress\",\"potentialAction\":[{\"@type\":\"SearchAction\",\"target\":{\"@type\":\"EntryPoint\",\"urlTemplate\":\"https:\/\/commerces.clervaux.lu\/de\/?s={search_term_string}\"},\"query-input\":\"required name=search_term_string\"}],\"inLanguage\":\"de\"}]}<\/script>\n<!-- \/ Yoast SEO plugin. -->","yoast_head_json":{"title":"H\u00f4tel Koener - Administration Communale de Clervaux","robots":{"index":"index","follow":"follow","max-snippet":"max-snippet:-1","max-image-preview":"max-image-preview:large","max-video-preview":"max-video-preview:-1"},"canonical":"https:\/\/commerces.clervaux.lu\/de\/commerces\/hotel-koener-s-a-r-l\/","og_locale":"de_DE","og_type":"article","og_title":"H\u00f4tel Koener - Administration Communale de Clervaux","og_description":"Das Hotel Koener ist seit Ende der 1880er Jahre ein Wahrzeichen der Region. Nach der Fusion zwischen dem Hotel International [&hellip;]","og_url":"https:\/\/commerces.clervaux.lu\/de\/commerces\/hotel-koener-s-a-r-l\/","og_site_name":"Administration Communale de Clervaux","article_modified_time":"2025-05-30T14:01:53+00:00","og_image":[{"width":2445,"height":2518,"url":"https:\/\/commerces.clervaux.lu\/wp-content\/uploads\/Logo-koener_grey_header.png.webp","type":"image\/webp"}],"twitter_card":"summary_large_image","twitter_misc":{"Gesch\u00e4tzte Lesezeit":"1\u00a0Minute"},"schema":{"@context":"https:\/\/schema.org","@graph":[{"@type":"WebPage","@id":"https:\/\/commerces.clervaux.lu\/de\/commerces\/hotel-koener-s-a-r-l\/","url":"https:\/\/commerces.clervaux.lu\/de\/commerces\/hotel-koener-s-a-r-l\/","name":"H\u00f4tel Koener - Administration Communale de Clervaux","isPartOf":{"@id":"https:\/\/commerces.clervaux.lu\/de\/#website"},"primaryImageOfPage":{"@id":"https:\/\/commerces.clervaux.lu\/de\/commerces\/hotel-koener-s-a-r-l\/#primaryimage"},"image":{"@id":"https:\/\/commerces.clervaux.lu\/de\/commerces\/hotel-koener-s-a-r-l\/#primaryimage"},"thumbnailUrl":"https:\/\/commerces.clervaux.lu\/wp-content\/uploads\/Logo-koener_grey_header.png.webp","datePublished":"2020-03-11T12:13:14+00:00","dateModified":"2025-05-30T14:01:53+00:00","breadcrumb":{"@id":"https:\/\/commerces.clervaux.lu\/de\/commerces\/hotel-koener-s-a-r-l\/#breadcrumb"},"inLanguage":"de","potentialAction":[{"@type":"ReadAction","target":["https:\/\/commerces.clervaux.lu\/de\/commerces\/hotel-koener-s-a-r-l\/"]}]},{"@type":"ImageObject","inLanguage":"de","@id":"https:\/\/commerces.clervaux.lu\/de\/commerces\/hotel-koener-s-a-r-l\/#primaryimage","url":"https:\/\/commerces.clervaux.lu\/wp-content\/uploads\/Logo-koener_grey_header.png.webp","contentUrl":"https:\/\/commerces.clervaux.lu\/wp-content\/uploads\/Logo-koener_grey_header.png.webp","width":2445,"height":2518},{"@type":"BreadcrumbList","@id":"https:\/\/commerces.clervaux.lu\/de\/commerces\/hotel-koener-s-a-r-l\/#breadcrumb","itemListElement":[{"@type":"ListItem","position":1,"name":"Home","item":"https:\/\/commerces.clervaux.lu\/de\/"},{"@type":"ListItem","position":2,"name":"Commerces","item":"https:\/\/commerces.clervaux.lu\/commerces\/"},{"@type":"ListItem","position":3,"name":"Unterkunft","item":"https:\/\/commerces.clervaux.lu\/de\/type\/unterkunft\/"},{"@type":"ListItem","position":4,"name":"H\u00f4tel Koener"}]},{"@type":"WebSite","@id":"https:\/\/commerces.clervaux.lu\/de\/#website","url":"https:\/\/commerces.clervaux.lu\/de\/","name":"Administration Communale de Clervaux","description":"Un site utilisant WordPress","potentialAction":[{"@type":"SearchAction","target":{"@type":"EntryPoint","urlTemplate":"https:\/\/commerces.clervaux.lu\/de\/?s={search_term_string}"},"query-input":"required name=search_term_string"}],"inLanguage":"de"}]}},"publishpress_future_action":{"enabled":false,"date":"2026-05-08 22:39:18","action":"draft","terms":[],"taxonomy":"listing_category"},"_links":{"self":[{"href":"https:\/\/commerces.clervaux.lu\/de\/wp-json\/wp\/v2\/listing\/2102","targetHints":{"allow":["GET"]}}],"collection":[{"href":"https:\/\/commerces.clervaux.lu\/de\/wp-json\/wp\/v2\/listing"}],"about":[{"href":"https:\/\/commerces.clervaux.lu\/de\/wp-json\/wp\/v2\/types\/listing"}],"wp:featuredmedia":[{"embeddable":true,"href":"https:\/\/commerces.clervaux.lu\/de\/wp-json\/wp\/v2\/media\/4923"}],"wp:attachment":[{"href":"https:\/\/commerces.clervaux.lu\/de\/wp-json\/wp\/v2\/media?parent=2102"}],"wp:term":[{"taxonomy":"listing_category","embeddable":true,"href":"https:\/\/commerces.clervaux.lu\/de\/wp-json\/wp\/v2\/listing_category?post=2102"},{"taxonomy":"listing_location","embeddable":true,"href":"https:\/\/commerces.clervaux.lu\/de\/wp-json\/wp\/v2\/listing_location?post=2102"},{"taxonomy":"listing_tag","embeddable":true,"href":"https:\/\/commerces.clervaux.lu\/de\/wp-json\/wp\/v2\/listing_tag?post=2102"}],"curies":[{"name":"wp","href":"https:\/\/api.w.org\/{rel}","templated":true}]}}

Hôtel Koener

<p>Das Hotel Koener ist seit Ende der 1880er Jahre ein Wahrzeichen der Region. Nach der Fusion zwischen dem Hotel International und dem Hotel Koener schien die Beibehaltung des Namens Hotel Koener eine Selbstverständlichkeit zu sein. Mit seinen 90 Zimmern und Suiten, die Authentizität und Komfort im Herzen von Clerf vereinen, ist dieses Hotel ideal für Ausflüge zu zweit, mit der Familie oder mit Freunden.</p>



<p>Genießen Sie lokale Spezialitäten im<a href="https://commerces.clervaux.lu/de/commerces/chloes-restaurant/"> Restaurant</a> oder in der <a href="https://commerces.clervaux.lu/de/commerces/brasserie-koener/">Brasserie </a>des Hotels, reservieren Sie einen der Räume für sich und tanken Sie neue Energie in unserem 800 m² großen <a href="https://commerces.clervaux.lu/de/commerces/hotel-international-wellness-and-conferences/">Spa Cinq Mon</a><a href="https://commerces.clervaux.lu/commerces/hotel-international-wellness-and-conferences/">des</a> (mit Pool, Hammam, Sauna usw.).</p>



<p>Kostenloses WLAN ist in der gesamten Unterkunft verfügbar und kostenpflichtige Parkplätze stehen vor Ort zur Verfügung.</p>

<!-- This site is optimized with the Yoast SEO plugin v22.3 - https://yoast.com/wordpress/plugins/seo/ -->
<title>Hôtel Koener - Administration Communale de Clervaux</title>
<meta name="robots" content="index, follow, max-snippet:-1, max-image-preview:large, max-video-preview:-1" />
<link rel="canonical" href="https://commerces.clervaux.lu/de/commerces/hotel-koener-s-a-r-l/" />
<meta property="og:locale" content="de_DE" />
<meta property="og:type" content="article" />
<meta property="og:title" content="Hôtel Koener - Administration Communale de Clervaux" />
<meta property="og:description" content="Das Hotel Koener ist seit Ende der 1880er Jahre ein Wahrzeichen der Region. Nach der Fusion zwischen dem Hotel International [&hellip;]" />
<meta property="og:url" content="https://commerces.clervaux.lu/de/commerces/hotel-koener-s-a-r-l/" />
<meta property="og:site_name" content="Administration Communale de Clervaux" />
<meta property="article:modified_time" content="2025-05-30T14:01:53+00:00" />
<meta property="og:image" content="https://commerces.clervaux.lu/wp-content/uploads/Logo-koener_grey_header.png.webp" />
	<meta property="og:image:width" content="2445" />
	<meta property="og:image:height" content="2518" />
	<meta property="og:image:type" content="image/webp" />
<meta name="twitter:card" content="summary_large_image" />
<meta name="twitter:label1" content="Geschätzte Lesezeit" />
	<meta name="twitter:data1" content="1 Minute" />
<script type="application/ld+json" class="yoast-schema-graph">{"@context":"https://schema.org","@graph":[{"@type":"WebPage","@id":"https://commerces.clervaux.lu/de/commerces/hotel-koener-s-a-r-l/","url":"https://commerces.clervaux.lu/de/commerces/hotel-koener-s-a-r-l/","name":"Hôtel Koener - Administration Communale de Clervaux","isPartOf":{"@id":"https://commerces.clervaux.lu/de/#website"},"primaryImageOfPage":{"@id":"https://commerces.clervaux.lu/de/commerces/hotel-koener-s-a-r-l/#primaryimage"},"image":{"@id":"https://commerces.clervaux.lu/de/commerces/hotel-koener-s-a-r-l/#primaryimage"},"thumbnailUrl":"https://commerces.clervaux.lu/wp-content/uploads/Logo-koener_grey_header.png.webp","datePublished":"2020-03-11T12:13:14+00:00","dateModified":"2025-05-30T14:01:53+00:00","breadcrumb":{"@id":"https://commerces.clervaux.lu/de/commerces/hotel-koener-s-a-r-l/#breadcrumb"},"inLanguage":"de","potentialAction":[{"@type":"ReadAction","target":["https://commerces.clervaux.lu/de/commerces/hotel-koener-s-a-r-l/"]}]},{"@type":"ImageObject","inLanguage":"de","@id":"https://commerces.clervaux.lu/de/commerces/hotel-koener-s-a-r-l/#primaryimage","url":"https://commerces.clervaux.lu/wp-content/uploads/Logo-koener_grey_header.png.webp","contentUrl":"https://commerces.clervaux.lu/wp-content/uploads/Logo-koener_grey_header.png.webp","width":2445,"height":2518},{"@type":"BreadcrumbList","@id":"https://commerces.clervaux.lu/de/commerces/hotel-koener-s-a-r-l/#breadcrumb","itemListElement":[{"@type":"ListItem","position":1,"name":"Home","item":"https://commerces.clervaux.lu/de/"},{"@type":"ListItem","position":2,"name":"Commerces","item":"https://commerces.clervaux.lu/commerces/"},{"@type":"ListItem","position":3,"name":"Unterkunft","item":"https://commerces.clervaux.lu/de/type/unterkunft/"},{"@type":"ListItem","position":4,"name":"Hôtel Koener"}]},{"@type":"WebSite","@id":"https://commerces.clervaux.lu/de/#website","url":"https://commerces.clervaux.lu/de/","name":"Administration Communale de Clervaux","description":"Un site utilisant WordPress","potentialAction":[{"@type":"SearchAction","target":{"@type":"EntryPoint","urlTemplate":"https://commerces.clervaux.lu/de/?s={search_term_string}"},"query-input":"required name=search_term_string"}],"inLanguage":"de"}]}</script>
<!-- / Yoast SEO plugin. -->

Hôtel Koener - Administration Communale de Clervaux
