{"id":3577,"date":"2024-02-07T15:10:24","date_gmt":"2024-02-07T14:10:24","guid":{"rendered":"https:\/\/commerces.clervaux.lu\/?post_type=listing&#038;p=3577"},"modified":"2026-01-27T10:53:11","modified_gmt":"2026-01-27T09:53:11","slug":"letzebuerger-maartverband-asbl-2","status":"publish","type":"listing","link":"https:\/\/commerces.clervaux.lu\/de\/commerces\/letzebuerger-maartverband-asbl-2\/","title":{"rendered":"L\u00ebtzebuerger Maartverband asbl"},"content":{"rendered":"\n<p>Wo Frische zum Mittelpunkt des Lebens wird! Der Verein bietet frische Ware an auf den regionalen M\u00e4rkten durchs Land. <\/p>\n\n\n\n<p>Denn unser Ziel ist es, Sie \u2013 unsere Kunden \u2013 t\u00e4glich zu \u00fcberzeugen und jedem mit einem L\u00e4cheln zu begegnen. Dazu die noch frischeste Ware, in den sympathischen, regionalen M\u00e4rkten \u2013 und fertig ist Ihr sch\u00f6nster Marktplatz der Welt, direkt in Ihrer N\u00e4he!<\/p>\n\n\n\n<p><\/p>\n","protected":false},"featured_media":0,"template":"","listing_category":[713],"listing_location":[42],"listing_tag":[812],"class_list":["post-3577","listing","type-listing","status-publish","hentry","listing_category-lebensmittelgeschaft","listing_location-lieler","listing_tag-vente-de"],"acf":{"location":{"address":"41, Hauptstrooss L-9972 Lieler","lat":50.1239875,"lng":6.108836999999999,"zoom":14,"place_id":"ChIJpcqWnOr1v0cRRiYRePrl3LU","street_number":"41","street_name":"Hauptstrooss","city":"Klierf","state":"Kanton Klierf","post_code":"9972","country":"Luxembourg","country_short":"LU"},"phone":"","email":"maarteverband@hotmail.com","website":"https:\/\/www.maart.lu","timings":"","logo":{"ID":4319,"id":4319,"title":"Kabeskapp","filename":"Kabeskapp.jpg","filesize":8405,"url":"https:\/\/commerces.clervaux.lu\/wp-content\/uploads\/Kabeskapp.jpg","link":"https:\/\/commerces.clervaux.lu\/de\/commerces\/letzebuerger-maartverband-asbl-2\/kabeskapp-2\/","alt":"","author":"2","description":"","caption":"","name":"kabeskapp-2","status":"inherit","uploaded_to":3577,"date":"2025-02-21 11:23:42","modified":"2025-02-21 11:23:42","menu_order":0,"mime_type":"image\/jpeg","type":"image","subtype":"jpeg","icon":"https:\/\/commerces.clervaux.lu\/wp-includes\/images\/media\/default.png","width":188,"height":218,"sizes":{"thumbnail":"https:\/\/commerces.clervaux.lu\/wp-content\/uploads\/Kabeskapp-150x150.jpg","thumbnail-width":150,"thumbnail-height":150,"medium":"https:\/\/commerces.clervaux.lu\/wp-content\/uploads\/Kabeskapp.jpg","medium-width":188,"medium-height":218,"medium_large":"https:\/\/commerces.clervaux.lu\/wp-content\/uploads\/Kabeskapp.jpg","medium_large-width":188,"medium_large-height":218,"large":"https:\/\/commerces.clervaux.lu\/wp-content\/uploads\/Kabeskapp.jpg","large-width":188,"large-height":218,"1536x1536":"https:\/\/commerces.clervaux.lu\/wp-content\/uploads\/Kabeskapp.jpg","1536x1536-width":188,"1536x1536-height":218,"2048x2048":"https:\/\/commerces.clervaux.lu\/wp-content\/uploads\/Kabeskapp.jpg","2048x2048-width":188,"2048x2048-height":218,"landscape":"https:\/\/commerces.clervaux.lu\/wp-content\/uploads\/Kabeskapp.jpg","landscape-width":188,"landscape-height":218}},"gallery":[{"ID":4365,"id":4365,"title":"766412-740x493","filename":"766412-740x493-1.jpg","filesize":328952,"url":"https:\/\/commerces.clervaux.lu\/wp-content\/uploads\/766412-740x493-1.jpg","link":"https:\/\/commerces.clervaux.lu\/de\/commerces\/letzebuerger-maartverband-asbl-2\/766412-740x493-2\/","alt":"","author":"2","description":"","caption":"","name":"766412-740x493-2","status":"inherit","uploaded_to":3577,"date":"2025-02-21 14:34:28","modified":"2025-03-04 11:08:53","menu_order":0,"mime_type":"image\/jpeg","type":"image","subtype":"jpeg","icon":"https:\/\/commerces.clervaux.lu\/wp-includes\/images\/media\/default.png","width":740,"height":493,"sizes":{"thumbnail":"https:\/\/commerces.clervaux.lu\/wp-content\/uploads\/766412-740x493-1-150x150.jpg","thumbnail-width":150,"thumbnail-height":150,"medium":"https:\/\/commerces.clervaux.lu\/wp-content\/uploads\/766412-740x493-1-668x445.jpg","medium-width":668,"medium-height":445,"medium_large":"https:\/\/commerces.clervaux.lu\/wp-content\/uploads\/766412-740x493-1.jpg","medium_large-width":740,"medium_large-height":493,"large":"https:\/\/commerces.clervaux.lu\/wp-content\/uploads\/766412-740x493-1.jpg","large-width":740,"large-height":493,"1536x1536":"https:\/\/commerces.clervaux.lu\/wp-content\/uploads\/766412-740x493-1.jpg","1536x1536-width":740,"1536x1536-height":493,"2048x2048":"https:\/\/commerces.clervaux.lu\/wp-content\/uploads\/766412-740x493-1.jpg","2048x2048-width":740,"2048x2048-height":493,"landscape":"https:\/\/commerces.clervaux.lu\/wp-content\/uploads\/766412-740x493-1.jpg","landscape-width":740,"landscape-height":493}}],"video":"","timings_v2":[{"day":"","slot":[{"value":""}]},{"day":"","slot":[{"value":""}]},{"day":"","slot":[{"value":""}]},{"day":"","slot":[{"value":""}]},{"day":"","slot":[{"value":""}]},{"day":"","slot":[{"value":""}]},{"day":"","slot":[{"value":""}]}]},"yoast_head":"<!-- This site is optimized with the Yoast SEO plugin v22.3 - https:\/\/yoast.com\/wordpress\/plugins\/seo\/ -->\n<title>L\u00ebtzebuerger Maartverband asbl - Administration Communale de Clervaux<\/title>\n<meta name=\"robots\" content=\"index, follow, max-snippet:-1, max-image-preview:large, max-video-preview:-1\" \/>\n<link rel=\"canonical\" href=\"https:\/\/commerces.clervaux.lu\/de\/commerces\/letzebuerger-maartverband-asbl-2\/\" \/>\n<meta property=\"og:locale\" content=\"de_DE\" \/>\n<meta property=\"og:type\" content=\"article\" \/>\n<meta property=\"og:title\" content=\"L\u00ebtzebuerger Maartverband asbl - Administration Communale de Clervaux\" \/>\n<meta property=\"og:description\" content=\"Wo Frische zum Mittelpunkt des Lebens wird! Der Verein bietet frische Ware an auf den regionalen M\u00e4rkten durchs Land. Denn [&hellip;]\" \/>\n<meta property=\"og:url\" content=\"https:\/\/commerces.clervaux.lu\/de\/commerces\/letzebuerger-maartverband-asbl-2\/\" \/>\n<meta property=\"og:site_name\" content=\"Administration Communale de Clervaux\" \/>\n<meta property=\"article:modified_time\" content=\"2026-01-27T09:53:11+00:00\" \/>\n<meta name=\"twitter:card\" content=\"summary_large_image\" \/>\n<script type=\"application\/ld+json\" class=\"yoast-schema-graph\">{\"@context\":\"https:\/\/schema.org\",\"@graph\":[{\"@type\":\"WebPage\",\"@id\":\"https:\/\/commerces.clervaux.lu\/de\/commerces\/letzebuerger-maartverband-asbl-2\/\",\"url\":\"https:\/\/commerces.clervaux.lu\/de\/commerces\/letzebuerger-maartverband-asbl-2\/\",\"name\":\"L\u00ebtzebuerger Maartverband asbl - Administration Communale de Clervaux\",\"isPartOf\":{\"@id\":\"https:\/\/commerces.clervaux.lu\/de\/#website\"},\"datePublished\":\"2024-02-07T14:10:24+00:00\",\"dateModified\":\"2026-01-27T09:53:11+00:00\",\"breadcrumb\":{\"@id\":\"https:\/\/commerces.clervaux.lu\/de\/commerces\/letzebuerger-maartverband-asbl-2\/#breadcrumb\"},\"inLanguage\":\"de\",\"potentialAction\":[{\"@type\":\"ReadAction\",\"target\":[\"https:\/\/commerces.clervaux.lu\/de\/commerces\/letzebuerger-maartverband-asbl-2\/\"]}]},{\"@type\":\"BreadcrumbList\",\"@id\":\"https:\/\/commerces.clervaux.lu\/de\/commerces\/letzebuerger-maartverband-asbl-2\/#breadcrumb\",\"itemListElement\":[{\"@type\":\"ListItem\",\"position\":1,\"name\":\"Home\",\"item\":\"https:\/\/commerces.clervaux.lu\/de\/\"},{\"@type\":\"ListItem\",\"position\":2,\"name\":\"Commerces\",\"item\":\"https:\/\/commerces.clervaux.lu\/commerces\/\"},{\"@type\":\"ListItem\",\"position\":3,\"name\":\"Lebensmittelgesch\u00e4ft\",\"item\":\"https:\/\/commerces.clervaux.lu\/de\/type\/lebensmittelgeschaft\/\"},{\"@type\":\"ListItem\",\"position\":4,\"name\":\"L\u00ebtzebuerger Maartverband asbl\"}]},{\"@type\":\"WebSite\",\"@id\":\"https:\/\/commerces.clervaux.lu\/de\/#website\",\"url\":\"https:\/\/commerces.clervaux.lu\/de\/\",\"name\":\"Administration Communale de Clervaux\",\"description\":\"Un site utilisant WordPress\",\"potentialAction\":[{\"@type\":\"SearchAction\",\"target\":{\"@type\":\"EntryPoint\",\"urlTemplate\":\"https:\/\/commerces.clervaux.lu\/de\/?s={search_term_string}\"},\"query-input\":\"required name=search_term_string\"}],\"inLanguage\":\"de\"}]}<\/script>\n<!-- \/ Yoast SEO plugin. -->","yoast_head_json":{"title":"L\u00ebtzebuerger Maartverband asbl - Administration Communale de Clervaux","robots":{"index":"index","follow":"follow","max-snippet":"max-snippet:-1","max-image-preview":"max-image-preview:large","max-video-preview":"max-video-preview:-1"},"canonical":"https:\/\/commerces.clervaux.lu\/de\/commerces\/letzebuerger-maartverband-asbl-2\/","og_locale":"de_DE","og_type":"article","og_title":"L\u00ebtzebuerger Maartverband asbl - Administration Communale de Clervaux","og_description":"Wo Frische zum Mittelpunkt des Lebens wird! Der Verein bietet frische Ware an auf den regionalen M\u00e4rkten durchs Land. Denn [&hellip;]","og_url":"https:\/\/commerces.clervaux.lu\/de\/commerces\/letzebuerger-maartverband-asbl-2\/","og_site_name":"Administration Communale de Clervaux","article_modified_time":"2026-01-27T09:53:11+00:00","twitter_card":"summary_large_image","schema":{"@context":"https:\/\/schema.org","@graph":[{"@type":"WebPage","@id":"https:\/\/commerces.clervaux.lu\/de\/commerces\/letzebuerger-maartverband-asbl-2\/","url":"https:\/\/commerces.clervaux.lu\/de\/commerces\/letzebuerger-maartverband-asbl-2\/","name":"L\u00ebtzebuerger Maartverband asbl - Administration Communale de Clervaux","isPartOf":{"@id":"https:\/\/commerces.clervaux.lu\/de\/#website"},"datePublished":"2024-02-07T14:10:24+00:00","dateModified":"2026-01-27T09:53:11+00:00","breadcrumb":{"@id":"https:\/\/commerces.clervaux.lu\/de\/commerces\/letzebuerger-maartverband-asbl-2\/#breadcrumb"},"inLanguage":"de","potentialAction":[{"@type":"ReadAction","target":["https:\/\/commerces.clervaux.lu\/de\/commerces\/letzebuerger-maartverband-asbl-2\/"]}]},{"@type":"BreadcrumbList","@id":"https:\/\/commerces.clervaux.lu\/de\/commerces\/letzebuerger-maartverband-asbl-2\/#breadcrumb","itemListElement":[{"@type":"ListItem","position":1,"name":"Home","item":"https:\/\/commerces.clervaux.lu\/de\/"},{"@type":"ListItem","position":2,"name":"Commerces","item":"https:\/\/commerces.clervaux.lu\/commerces\/"},{"@type":"ListItem","position":3,"name":"Lebensmittelgesch\u00e4ft","item":"https:\/\/commerces.clervaux.lu\/de\/type\/lebensmittelgeschaft\/"},{"@type":"ListItem","position":4,"name":"L\u00ebtzebuerger Maartverband asbl"}]},{"@type":"WebSite","@id":"https:\/\/commerces.clervaux.lu\/de\/#website","url":"https:\/\/commerces.clervaux.lu\/de\/","name":"Administration Communale de Clervaux","description":"Un site utilisant WordPress","potentialAction":[{"@type":"SearchAction","target":{"@type":"EntryPoint","urlTemplate":"https:\/\/commerces.clervaux.lu\/de\/?s={search_term_string}"},"query-input":"required name=search_term_string"}],"inLanguage":"de"}]}},"publishpress_future_action":{"enabled":false,"date":"2026-05-08 22:29:58","action":"draft","terms":[],"taxonomy":"listing_category"},"_links":{"self":[{"href":"https:\/\/commerces.clervaux.lu\/de\/wp-json\/wp\/v2\/listing\/3577","targetHints":{"allow":["GET"]}}],"collection":[{"href":"https:\/\/commerces.clervaux.lu\/de\/wp-json\/wp\/v2\/listing"}],"about":[{"href":"https:\/\/commerces.clervaux.lu\/de\/wp-json\/wp\/v2\/types\/listing"}],"wp:attachment":[{"href":"https:\/\/commerces.clervaux.lu\/de\/wp-json\/wp\/v2\/media?parent=3577"}],"wp:term":[{"taxonomy":"listing_category","embeddable":true,"href":"https:\/\/commerces.clervaux.lu\/de\/wp-json\/wp\/v2\/listing_category?post=3577"},{"taxonomy":"listing_location","embeddable":true,"href":"https:\/\/commerces.clervaux.lu\/de\/wp-json\/wp\/v2\/listing_location?post=3577"},{"taxonomy":"listing_tag","embeddable":true,"href":"https:\/\/commerces.clervaux.lu\/de\/wp-json\/wp\/v2\/listing_tag?post=3577"}],"curies":[{"name":"wp","href":"https:\/\/api.w.org\/{rel}","templated":true}]}}

Lëtzebuerger Maartverband asbl

<p>Wo Frische zum Mittelpunkt des Lebens wird! Der Verein bietet frische Ware an auf den regionalen Märkten durchs Land. </p>



<p>Denn unser Ziel ist es, Sie – unsere Kunden – täglich zu überzeugen und jedem mit einem Lächeln zu begegnen. Dazu die noch frischeste Ware, in den sympathischen, regionalen Märkten – und fertig ist Ihr schönster Marktplatz der Welt, direkt in Ihrer Nähe!</p>



<p></p>

<!-- This site is optimized with the Yoast SEO plugin v22.3 - https://yoast.com/wordpress/plugins/seo/ -->
<title>Lëtzebuerger Maartverband asbl - Administration Communale de Clervaux</title>
<meta name="robots" content="index, follow, max-snippet:-1, max-image-preview:large, max-video-preview:-1" />
<link rel="canonical" href="https://commerces.clervaux.lu/de/commerces/letzebuerger-maartverband-asbl-2/" />
<meta property="og:locale" content="de_DE" />
<meta property="og:type" content="article" />
<meta property="og:title" content="Lëtzebuerger Maartverband asbl - Administration Communale de Clervaux" />
<meta property="og:description" content="Wo Frische zum Mittelpunkt des Lebens wird! Der Verein bietet frische Ware an auf den regionalen Märkten durchs Land. Denn [&hellip;]" />
<meta property="og:url" content="https://commerces.clervaux.lu/de/commerces/letzebuerger-maartverband-asbl-2/" />
<meta property="og:site_name" content="Administration Communale de Clervaux" />
<meta property="article:modified_time" content="2026-01-27T09:53:11+00:00" />
<meta name="twitter:card" content="summary_large_image" />
<script type="application/ld+json" class="yoast-schema-graph">{"@context":"https://schema.org","@graph":[{"@type":"WebPage","@id":"https://commerces.clervaux.lu/de/commerces/letzebuerger-maartverband-asbl-2/","url":"https://commerces.clervaux.lu/de/commerces/letzebuerger-maartverband-asbl-2/","name":"Lëtzebuerger Maartverband asbl - Administration Communale de Clervaux","isPartOf":{"@id":"https://commerces.clervaux.lu/de/#website"},"datePublished":"2024-02-07T14:10:24+00:00","dateModified":"2026-01-27T09:53:11+00:00","breadcrumb":{"@id":"https://commerces.clervaux.lu/de/commerces/letzebuerger-maartverband-asbl-2/#breadcrumb"},"inLanguage":"de","potentialAction":[{"@type":"ReadAction","target":["https://commerces.clervaux.lu/de/commerces/letzebuerger-maartverband-asbl-2/"]}]},{"@type":"BreadcrumbList","@id":"https://commerces.clervaux.lu/de/commerces/letzebuerger-maartverband-asbl-2/#breadcrumb","itemListElement":[{"@type":"ListItem","position":1,"name":"Home","item":"https://commerces.clervaux.lu/de/"},{"@type":"ListItem","position":2,"name":"Commerces","item":"https://commerces.clervaux.lu/commerces/"},{"@type":"ListItem","position":3,"name":"Lebensmittelgeschäft","item":"https://commerces.clervaux.lu/de/type/lebensmittelgeschaft/"},{"@type":"ListItem","position":4,"name":"Lëtzebuerger Maartverband asbl"}]},{"@type":"WebSite","@id":"https://commerces.clervaux.lu/de/#website","url":"https://commerces.clervaux.lu/de/","name":"Administration Communale de Clervaux","description":"Un site utilisant WordPress","potentialAction":[{"@type":"SearchAction","target":{"@type":"EntryPoint","urlTemplate":"https://commerces.clervaux.lu/de/?s={search_term_string}"},"query-input":"required name=search_term_string"}],"inLanguage":"de"}]}</script>
<!-- / Yoast SEO plugin. -->

Lëtzebuerger Maartverband asbl - Administration Communale de Clervaux

Wo Frische zum Mittelpunkt des Lebens wird! Der Verein bietet frische Ware an auf den regionalen Märkten durchs Land. Denn [&hellip;]

Lebensmittelgeschäft
