{"id":3985,"date":"2024-07-10T10:21:29","date_gmt":"2024-07-10T08:21:29","guid":{"rendered":"https:\/\/commerces.clervaux.lu\/?post_type=listing&#038;p=3985"},"modified":"2025-05-29T15:27:05","modified_gmt":"2025-05-29T13:27:05","slug":"eltereforum","status":"publish","type":"listing","link":"https:\/\/commerces.clervaux.lu\/de\/commerces\/eltereforum\/","title":{"rendered":"Eltereforum"},"content":{"rendered":"\n<p>Die Elternforen, eine Initiative des Erziehungs-und Bildungsministeriums (MENJE), sind Orte des Austauschs, der Information und der Unterst\u00fctzung f\u00fcr alle Eltern.<\/p>\n\n\n\n<p>Es handelt sich um Treffpunkte in freundlicher Atmosph\u00e4re, wo die Eltern in allen Bereichen ihres Elternseins unterst\u00fctzt und gest\u00e4rkt werden. Das Angebot richtet sich an alle M\u00fctter, V\u00e4ter und Gro\u00dfeltern, ab der Schwangerschaft, vom fr\u00fchen Kindesalter bis zum 18. Lebensjahr. <\/p>\n","protected":false},"featured_media":4849,"template":"","listing_category":[712],"listing_location":[36],"listing_tag":[1741,1742,1740,1744],"class_list":["post-3985","listing","type-listing","status-publish","has-post-thumbnail","hentry","listing_category-dienstleistung","listing_location-marnach","listing_tag-eltereforum-2","listing_tag-eltern","listing_tag-elternsein","listing_tag-schwangerschaft"],"acf":{"location":{"address":"1 Marbuergerstrooss, L-9764 Marnach","lat":50.05263739999999,"lng":6.0715555,"zoom":14,"place_id":"ChIJy-zl_dj3v0cRiVOxyZWG5lA","street_number":"1","street_name":"Marbuergerstrooss","city":"Klierf","state":"Kanton Klierf","post_code":"9764","country":"Luxemburg","country_short":"LU"},"phone":"+352 621 108 242","email":"eltereforum.marnach@men.lu","website":"https:\/\/eltereforum.lu\/de\/","timings":"MO \t08.00 - 18.00<br \/>\r\nDI \t08.00 - 18.00<br \/>\r\nMI \t08.00 - 18.00<br \/>\r\nDO \t08.00 - 18.00<br \/>\r\nFR \t08.00 - 18.00<br \/>\r\nSA\tGeschlossen<br \/>\r\nSO\tGeschlossen<br \/>\r\n","timings_v2":[{"day":"Montag","slot":[{"value":"08.00 - 18.00"}]},{"day":"Dienstag","slot":[{"value":"08.00 - 18.00"}]},{"day":"Mittwoch","slot":[{"value":"08.00 - 18.00"}]},{"day":"Donnerstag","slot":[{"value":"08.00 - 18.00"}]},{"day":"Freitag","slot":[{"value":"08.00 - 18.00"}]},{"day":"Samstag","slot":[{"value":"Geschlossen"}]},{"day":"Sonntag","slot":[{"value":"Geschlossen"}]}],"logo":{"ID":4847,"id":4847,"title":"Eltereforum","filename":"Eltereforum.jpg","filesize":439408,"url":"https:\/\/commerces.clervaux.lu\/wp-content\/uploads\/Eltereforum.jpg","link":"https:\/\/commerces.clervaux.lu\/de\/commerces\/eltereforum\/eltereforum-2\/","alt":"","author":"2","description":"","caption":"","name":"eltereforum-2","status":"inherit","uploaded_to":3985,"date":"2025-05-29 13:25:16","modified":"2025-05-29 13:25:16","menu_order":0,"mime_type":"image\/jpeg","type":"image","subtype":"jpeg","icon":"https:\/\/commerces.clervaux.lu\/wp-includes\/images\/media\/default.png","width":1280,"height":960,"sizes":{"thumbnail":"https:\/\/commerces.clervaux.lu\/wp-content\/uploads\/Eltereforum-150x150.jpg","thumbnail-width":150,"thumbnail-height":150,"medium":"https:\/\/commerces.clervaux.lu\/wp-content\/uploads\/Eltereforum-593x445.jpg","medium-width":593,"medium-height":445,"medium_large":"https:\/\/commerces.clervaux.lu\/wp-content\/uploads\/Eltereforum-768x576.jpg","medium_large-width":768,"medium_large-height":576,"large":"https:\/\/commerces.clervaux.lu\/wp-content\/uploads\/Eltereforum-1024x768.jpg","large-width":1024,"large-height":768,"1536x1536":"https:\/\/commerces.clervaux.lu\/wp-content\/uploads\/Eltereforum.jpg","1536x1536-width":1280,"1536x1536-height":960,"2048x2048":"https:\/\/commerces.clervaux.lu\/wp-content\/uploads\/Eltereforum.jpg","2048x2048-width":1280,"2048x2048-height":960,"landscape":"https:\/\/commerces.clervaux.lu\/wp-content\/uploads\/Eltereforum.jpg","landscape-width":1280,"landscape-height":960}},"gallery":false,"video":""},"yoast_head":"<!-- This site is optimized with the Yoast SEO plugin v22.3 - https:\/\/yoast.com\/wordpress\/plugins\/seo\/ -->\n<title>Eltereforum - Administration Communale de Clervaux<\/title>\n<meta name=\"robots\" content=\"index, follow, max-snippet:-1, max-image-preview:large, max-video-preview:-1\" \/>\n<link rel=\"canonical\" href=\"https:\/\/commerces.clervaux.lu\/de\/commerces\/eltereforum\/\" \/>\n<meta property=\"og:locale\" content=\"de_DE\" \/>\n<meta property=\"og:type\" content=\"article\" \/>\n<meta property=\"og:title\" content=\"Eltereforum - Administration Communale de Clervaux\" \/>\n<meta property=\"og:description\" content=\"Die Elternforen, eine Initiative des Erziehungs-und Bildungsministeriums (MENJE), sind Orte des Austauschs, der Information und der Unterst\u00fctzung f\u00fcr alle Eltern. [&hellip;]\" \/>\n<meta property=\"og:url\" content=\"https:\/\/commerces.clervaux.lu\/de\/commerces\/eltereforum\/\" \/>\n<meta property=\"og:site_name\" content=\"Administration Communale de Clervaux\" \/>\n<meta property=\"article:modified_time\" content=\"2025-05-29T13:27:05+00:00\" \/>\n<meta property=\"og:image\" content=\"https:\/\/commerces.clervaux.lu\/wp-content\/uploads\/Logo-Eltereforum.png\" \/>\n\t<meta property=\"og:image:width\" content=\"831\" \/>\n\t<meta property=\"og:image:height\" content=\"348\" \/>\n\t<meta property=\"og:image:type\" content=\"image\/png\" \/>\n<meta name=\"twitter:card\" content=\"summary_large_image\" \/>\n<script type=\"application\/ld+json\" class=\"yoast-schema-graph\">{\"@context\":\"https:\/\/schema.org\",\"@graph\":[{\"@type\":\"WebPage\",\"@id\":\"https:\/\/commerces.clervaux.lu\/de\/commerces\/eltereforum\/\",\"url\":\"https:\/\/commerces.clervaux.lu\/de\/commerces\/eltereforum\/\",\"name\":\"Eltereforum - Administration Communale de Clervaux\",\"isPartOf\":{\"@id\":\"https:\/\/commerces.clervaux.lu\/de\/#website\"},\"primaryImageOfPage\":{\"@id\":\"https:\/\/commerces.clervaux.lu\/de\/commerces\/eltereforum\/#primaryimage\"},\"image\":{\"@id\":\"https:\/\/commerces.clervaux.lu\/de\/commerces\/eltereforum\/#primaryimage\"},\"thumbnailUrl\":\"https:\/\/commerces.clervaux.lu\/wp-content\/uploads\/Logo-Eltereforum.png\",\"datePublished\":\"2024-07-10T08:21:29+00:00\",\"dateModified\":\"2025-05-29T13:27:05+00:00\",\"breadcrumb\":{\"@id\":\"https:\/\/commerces.clervaux.lu\/de\/commerces\/eltereforum\/#breadcrumb\"},\"inLanguage\":\"de\",\"potentialAction\":[{\"@type\":\"ReadAction\",\"target\":[\"https:\/\/commerces.clervaux.lu\/de\/commerces\/eltereforum\/\"]}]},{\"@type\":\"ImageObject\",\"inLanguage\":\"de\",\"@id\":\"https:\/\/commerces.clervaux.lu\/de\/commerces\/eltereforum\/#primaryimage\",\"url\":\"https:\/\/commerces.clervaux.lu\/wp-content\/uploads\/Logo-Eltereforum.png\",\"contentUrl\":\"https:\/\/commerces.clervaux.lu\/wp-content\/uploads\/Logo-Eltereforum.png\",\"width\":831,\"height\":348},{\"@type\":\"BreadcrumbList\",\"@id\":\"https:\/\/commerces.clervaux.lu\/de\/commerces\/eltereforum\/#breadcrumb\",\"itemListElement\":[{\"@type\":\"ListItem\",\"position\":1,\"name\":\"Home\",\"item\":\"https:\/\/commerces.clervaux.lu\/de\/\"},{\"@type\":\"ListItem\",\"position\":2,\"name\":\"Commerces\",\"item\":\"https:\/\/commerces.clervaux.lu\/commerces\/\"},{\"@type\":\"ListItem\",\"position\":3,\"name\":\"Dienstleistung\",\"item\":\"https:\/\/commerces.clervaux.lu\/de\/type\/dienstleistung\/\"},{\"@type\":\"ListItem\",\"position\":4,\"name\":\"Eltereforum\"}]},{\"@type\":\"WebSite\",\"@id\":\"https:\/\/commerces.clervaux.lu\/de\/#website\",\"url\":\"https:\/\/commerces.clervaux.lu\/de\/\",\"name\":\"Administration Communale de Clervaux\",\"description\":\"Un site utilisant WordPress\",\"potentialAction\":[{\"@type\":\"SearchAction\",\"target\":{\"@type\":\"EntryPoint\",\"urlTemplate\":\"https:\/\/commerces.clervaux.lu\/de\/?s={search_term_string}\"},\"query-input\":\"required name=search_term_string\"}],\"inLanguage\":\"de\"}]}<\/script>\n<!-- \/ Yoast SEO plugin. -->","yoast_head_json":{"title":"Eltereforum - Administration Communale de Clervaux","robots":{"index":"index","follow":"follow","max-snippet":"max-snippet:-1","max-image-preview":"max-image-preview:large","max-video-preview":"max-video-preview:-1"},"canonical":"https:\/\/commerces.clervaux.lu\/de\/commerces\/eltereforum\/","og_locale":"de_DE","og_type":"article","og_title":"Eltereforum - Administration Communale de Clervaux","og_description":"Die Elternforen, eine Initiative des Erziehungs-und Bildungsministeriums (MENJE), sind Orte des Austauschs, der Information und der Unterst\u00fctzung f\u00fcr alle Eltern. [&hellip;]","og_url":"https:\/\/commerces.clervaux.lu\/de\/commerces\/eltereforum\/","og_site_name":"Administration Communale de Clervaux","article_modified_time":"2025-05-29T13:27:05+00:00","og_image":[{"width":831,"height":348,"url":"https:\/\/commerces.clervaux.lu\/wp-content\/uploads\/Logo-Eltereforum.png","type":"image\/png"}],"twitter_card":"summary_large_image","schema":{"@context":"https:\/\/schema.org","@graph":[{"@type":"WebPage","@id":"https:\/\/commerces.clervaux.lu\/de\/commerces\/eltereforum\/","url":"https:\/\/commerces.clervaux.lu\/de\/commerces\/eltereforum\/","name":"Eltereforum - Administration Communale de Clervaux","isPartOf":{"@id":"https:\/\/commerces.clervaux.lu\/de\/#website"},"primaryImageOfPage":{"@id":"https:\/\/commerces.clervaux.lu\/de\/commerces\/eltereforum\/#primaryimage"},"image":{"@id":"https:\/\/commerces.clervaux.lu\/de\/commerces\/eltereforum\/#primaryimage"},"thumbnailUrl":"https:\/\/commerces.clervaux.lu\/wp-content\/uploads\/Logo-Eltereforum.png","datePublished":"2024-07-10T08:21:29+00:00","dateModified":"2025-05-29T13:27:05+00:00","breadcrumb":{"@id":"https:\/\/commerces.clervaux.lu\/de\/commerces\/eltereforum\/#breadcrumb"},"inLanguage":"de","potentialAction":[{"@type":"ReadAction","target":["https:\/\/commerces.clervaux.lu\/de\/commerces\/eltereforum\/"]}]},{"@type":"ImageObject","inLanguage":"de","@id":"https:\/\/commerces.clervaux.lu\/de\/commerces\/eltereforum\/#primaryimage","url":"https:\/\/commerces.clervaux.lu\/wp-content\/uploads\/Logo-Eltereforum.png","contentUrl":"https:\/\/commerces.clervaux.lu\/wp-content\/uploads\/Logo-Eltereforum.png","width":831,"height":348},{"@type":"BreadcrumbList","@id":"https:\/\/commerces.clervaux.lu\/de\/commerces\/eltereforum\/#breadcrumb","itemListElement":[{"@type":"ListItem","position":1,"name":"Home","item":"https:\/\/commerces.clervaux.lu\/de\/"},{"@type":"ListItem","position":2,"name":"Commerces","item":"https:\/\/commerces.clervaux.lu\/commerces\/"},{"@type":"ListItem","position":3,"name":"Dienstleistung","item":"https:\/\/commerces.clervaux.lu\/de\/type\/dienstleistung\/"},{"@type":"ListItem","position":4,"name":"Eltereforum"}]},{"@type":"WebSite","@id":"https:\/\/commerces.clervaux.lu\/de\/#website","url":"https:\/\/commerces.clervaux.lu\/de\/","name":"Administration Communale de Clervaux","description":"Un site utilisant WordPress","potentialAction":[{"@type":"SearchAction","target":{"@type":"EntryPoint","urlTemplate":"https:\/\/commerces.clervaux.lu\/de\/?s={search_term_string}"},"query-input":"required name=search_term_string"}],"inLanguage":"de"}]}},"publishpress_future_action":{"enabled":false,"date":"2026-05-08 22:29:32","action":"draft","terms":[],"taxonomy":"listing_category"},"_links":{"self":[{"href":"https:\/\/commerces.clervaux.lu\/de\/wp-json\/wp\/v2\/listing\/3985","targetHints":{"allow":["GET"]}}],"collection":[{"href":"https:\/\/commerces.clervaux.lu\/de\/wp-json\/wp\/v2\/listing"}],"about":[{"href":"https:\/\/commerces.clervaux.lu\/de\/wp-json\/wp\/v2\/types\/listing"}],"wp:featuredmedia":[{"embeddable":true,"href":"https:\/\/commerces.clervaux.lu\/de\/wp-json\/wp\/v2\/media\/4849"}],"wp:attachment":[{"href":"https:\/\/commerces.clervaux.lu\/de\/wp-json\/wp\/v2\/media?parent=3985"}],"wp:term":[{"taxonomy":"listing_category","embeddable":true,"href":"https:\/\/commerces.clervaux.lu\/de\/wp-json\/wp\/v2\/listing_category?post=3985"},{"taxonomy":"listing_location","embeddable":true,"href":"https:\/\/commerces.clervaux.lu\/de\/wp-json\/wp\/v2\/listing_location?post=3985"},{"taxonomy":"listing_tag","embeddable":true,"href":"https:\/\/commerces.clervaux.lu\/de\/wp-json\/wp\/v2\/listing_tag?post=3985"}],"curies":[{"name":"wp","href":"https:\/\/api.w.org\/{rel}","templated":true}]}}

<p>Die Elternforen, eine Initiative des Erziehungs-und Bildungsministeriums (MENJE), sind Orte des Austauschs, der Information und der Unterstützung für alle Eltern.</p>



<p>Es handelt sich um Treffpunkte in freundlicher Atmosphäre, wo die Eltern in allen Bereichen ihres Elternseins unterstützt und gestärkt werden. Das Angebot richtet sich an alle Mütter, Väter und Großeltern, ab der Schwangerschaft, vom frühen Kindesalter bis zum 18. Lebensjahr. </p>

<!-- This site is optimized with the Yoast SEO plugin v22.3 - https://yoast.com/wordpress/plugins/seo/ -->
<title>Eltereforum - Administration Communale de Clervaux</title>
<meta name="robots" content="index, follow, max-snippet:-1, max-image-preview:large, max-video-preview:-1" />
<link rel="canonical" href="https://commerces.clervaux.lu/de/commerces/eltereforum/" />
<meta property="og:locale" content="de_DE" />
<meta property="og:type" content="article" />
<meta property="og:title" content="Eltereforum - Administration Communale de Clervaux" />
<meta property="og:description" content="Die Elternforen, eine Initiative des Erziehungs-und Bildungsministeriums (MENJE), sind Orte des Austauschs, der Information und der Unterstützung für alle Eltern. [&hellip;]" />
<meta property="og:url" content="https://commerces.clervaux.lu/de/commerces/eltereforum/" />
<meta property="og:site_name" content="Administration Communale de Clervaux" />
<meta property="article:modified_time" content="2025-05-29T13:27:05+00:00" />
<meta property="og:image" content="https://commerces.clervaux.lu/wp-content/uploads/Logo-Eltereforum.png" />
	<meta property="og:image:width" content="831" />
	<meta property="og:image:height" content="348" />
	<meta property="og:image:type" content="image/png" />
<meta name="twitter:card" content="summary_large_image" />
<script type="application/ld+json" class="yoast-schema-graph">{"@context":"https://schema.org","@graph":[{"@type":"WebPage","@id":"https://commerces.clervaux.lu/de/commerces/eltereforum/","url":"https://commerces.clervaux.lu/de/commerces/eltereforum/","name":"Eltereforum - Administration Communale de Clervaux","isPartOf":{"@id":"https://commerces.clervaux.lu/de/#website"},"primaryImageOfPage":{"@id":"https://commerces.clervaux.lu/de/commerces/eltereforum/#primaryimage"},"image":{"@id":"https://commerces.clervaux.lu/de/commerces/eltereforum/#primaryimage"},"thumbnailUrl":"https://commerces.clervaux.lu/wp-content/uploads/Logo-Eltereforum.png","datePublished":"2024-07-10T08:21:29+00:00","dateModified":"2025-05-29T13:27:05+00:00","breadcrumb":{"@id":"https://commerces.clervaux.lu/de/commerces/eltereforum/#breadcrumb"},"inLanguage":"de","potentialAction":[{"@type":"ReadAction","target":["https://commerces.clervaux.lu/de/commerces/eltereforum/"]}]},{"@type":"ImageObject","inLanguage":"de","@id":"https://commerces.clervaux.lu/de/commerces/eltereforum/#primaryimage","url":"https://commerces.clervaux.lu/wp-content/uploads/Logo-Eltereforum.png","contentUrl":"https://commerces.clervaux.lu/wp-content/uploads/Logo-Eltereforum.png","width":831,"height":348},{"@type":"BreadcrumbList","@id":"https://commerces.clervaux.lu/de/commerces/eltereforum/#breadcrumb","itemListElement":[{"@type":"ListItem","position":1,"name":"Home","item":"https://commerces.clervaux.lu/de/"},{"@type":"ListItem","position":2,"name":"Commerces","item":"https://commerces.clervaux.lu/commerces/"},{"@type":"ListItem","position":3,"name":"Dienstleistung","item":"https://commerces.clervaux.lu/de/type/dienstleistung/"},{"@type":"ListItem","position":4,"name":"Eltereforum"}]},{"@type":"WebSite","@id":"https://commerces.clervaux.lu/de/#website","url":"https://commerces.clervaux.lu/de/","name":"Administration Communale de Clervaux","description":"Un site utilisant WordPress","potentialAction":[{"@type":"SearchAction","target":{"@type":"EntryPoint","urlTemplate":"https://commerces.clervaux.lu/de/?s={search_term_string}"},"query-input":"required name=search_term_string"}],"inLanguage":"de"}]}</script>
<!-- / Yoast SEO plugin. -->

Die Elternforen, eine Initiative des Erziehungs-und Bildungsministeriums (MENJE), sind Orte des Austauschs, der Information und der Unterstützung für alle Eltern. [&hellip;]
