{"id":5029,"date":"2026-03-12T10:06:56","date_gmt":"2026-03-12T09:06:56","guid":{"rendered":"https:\/\/commerces.clervaux.lu\/?post_type=listing&#038;p=5029"},"modified":"2026-03-12T15:16:22","modified_gmt":"2026-03-12T14:16:22","slug":"igtlux","status":"publish","type":"listing","link":"https:\/\/commerces.clervaux.lu\/de\/commerces\/igtlux\/","title":{"rendered":"IGTLUX"},"content":{"rendered":"\n<p>Unser Unternehmen wurde 2022 in Marnach gegr\u00fcndet und steht seitdem f\u00fcr praxisnahe und zuverl\u00e4ssige L\u00f6sungen in der Geb\u00e4udetechnik. Mit einem Team von vier bis f\u00fcnf Mitarbeitern betreuen wir Kunden in Luxemburg und der angrenzenden Grenzregion in Deutschland.<\/p>\n\n\n\n<p>Unsere Leistungen reichen von der kompletten Badsanierung \u00fcber Sanit\u00e4r- und Heizungsinstallationen bis hin zu Smart Home-Systemen (Loxone, KNX), W\u00e4rmepumpen und PV-Anlagen. Wir kombinieren handwerkliche Pr\u00e4zision mit moderner Technik \u2013 f\u00fcr Ergebnisse, die heute \u00fcberzeugen und auch in Zukunft Bestand haben.<\/p>\n\n\n\n<p>Gef\u00fchrt wird das Unternehmen von zwei Technikern mit unterschiedlichen Schwerpunkten: einer mit dem Abschluss als Techniker f\u00fcr Technische Geb\u00e4udeausr\u00fcstung, der andere als Techniker f\u00fcr Elektrotechnik. Diese Kombination erm\u00f6glicht uns, Projekte ganzheitlich zu betrachten \u2013 von der Planung \u00fcber die Umsetzung bis hin zur technischen Feinabstimmung.<\/p>\n\n\n\n<p>Unser Anspruch ist es, Kunden klare, funktionale und zukunftsf\u00e4hige L\u00f6sungen zu bieten. Ob im Badezimmer, bei der Heizungsmodernisierung oder in der Geb\u00e4udeautomation: Wir arbeiten zuverl\u00e4ssig, technisch versiert und immer auf die Anforderungen unserer Kunden zugeschnitten.<\/p>\n","protected":false},"featured_media":0,"template":"","listing_category":[710,5],"listing_location":[36],"listing_tag":[812],"class_list":["post-5029","listing","type-listing","status-publish","hentry","listing_category-handwerk","listing_category-service","listing_location-marnach","listing_tag-vente-de"],"acf":{"location":{"address":"12 Haaptstrooss, Marnach Clervaux, Luxembourg","lat":50.0538114,"lng":6.0615089,"zoom":14,"place_id":"ChIJKxvbzSUIwEcRlrpXpNEfMAQ","name":"12 Haaptstrooss","street_number":"12","street_name":"Haaptstrooss","city":"Klierf","state":"Kanton Klierf","post_code":"9764","country":"Luxembourg","country_short":"LU"},"phone":"+352 267 479 27","email":"info@igt-lux.lu","website":"https:\/\/www.igt-lux.lu\/","timings":"MO 09:00 - 17:00<br \/>\r\nDI 09:00 - 17:00<br \/>\r\nMI 09:00 - 17:00<br \/>\r\nDO 09:00 - 17:00<br \/>\r\nFR 09:00 - 17:00<br \/>\r\nSA Geschlossen<br \/>\r\nSO Geschlossen","timings_v2":[{"day":"Montag","slot":[{"value":" 09:00 - 17:00"}]},{"day":"Dienstag","slot":[{"value":" 09:00 - 17:00"}]},{"day":"Mittwoch","slot":[{"value":" 09:00 - 17:00"}]},{"day":"Donnerstag","slot":[{"value":" 09:00 - 17:00"}]},{"day":"Freitag","slot":[{"value":" 09:00 - 17:00"}]},{"day":"Samstag","slot":[{"value":"Geschlossen"}]},{"day":"Sonntag","slot":[{"value":"Geschlossen"}]}],"logo":{"ID":5030,"id":5030,"title":"igtlux_logo_transparent","filename":"igtlux_logo_transparent.png","filesize":24726,"url":"https:\/\/commerces.clervaux.lu\/wp-content\/uploads\/igtlux_logo_transparent.png","link":"https:\/\/commerces.clervaux.lu\/de\/commerces\/igtlux\/igtlux_logo_transparent\/","alt":"","author":"2","description":"","caption":"","name":"igtlux_logo_transparent","status":"inherit","uploaded_to":5029,"date":"2026-03-12 09:05:23","modified":"2026-03-12 09:05:23","menu_order":0,"mime_type":"image\/png","type":"image","subtype":"png","icon":"https:\/\/commerces.clervaux.lu\/wp-includes\/images\/media\/default.png","width":1200,"height":366,"sizes":{"thumbnail":"https:\/\/commerces.clervaux.lu\/wp-content\/uploads\/igtlux_logo_transparent-150x150.png","thumbnail-width":150,"thumbnail-height":150,"medium":"https:\/\/commerces.clervaux.lu\/wp-content\/uploads\/igtlux_logo_transparent-670x204.png","medium-width":670,"medium-height":204,"medium_large":"https:\/\/commerces.clervaux.lu\/wp-content\/uploads\/igtlux_logo_transparent-768x234.png","medium_large-width":768,"medium_large-height":234,"large":"https:\/\/commerces.clervaux.lu\/wp-content\/uploads\/igtlux_logo_transparent-1024x312.png","large-width":1024,"large-height":312,"1536x1536":"https:\/\/commerces.clervaux.lu\/wp-content\/uploads\/igtlux_logo_transparent.png","1536x1536-width":1200,"1536x1536-height":366,"2048x2048":"https:\/\/commerces.clervaux.lu\/wp-content\/uploads\/igtlux_logo_transparent.png","2048x2048-width":1200,"2048x2048-height":366,"landscape":"https:\/\/commerces.clervaux.lu\/wp-content\/uploads\/igtlux_logo_transparent.png","landscape-width":1200,"landscape-height":366}},"gallery":false,"video":""},"yoast_head":"<!-- This site is optimized with the Yoast SEO plugin v22.3 - https:\/\/yoast.com\/wordpress\/plugins\/seo\/ -->\n<title>IGTLUX - Administration Communale de Clervaux<\/title>\n<meta name=\"robots\" content=\"index, follow, max-snippet:-1, max-image-preview:large, max-video-preview:-1\" \/>\n<link rel=\"canonical\" href=\"https:\/\/commerces.clervaux.lu\/de\/commerces\/igtlux\/\" \/>\n<meta property=\"og:locale\" content=\"de_DE\" \/>\n<meta property=\"og:type\" content=\"article\" \/>\n<meta property=\"og:title\" content=\"IGTLUX - Administration Communale de Clervaux\" \/>\n<meta property=\"og:description\" content=\"Unser Unternehmen wurde 2022 in Marnach gegr\u00fcndet und steht seitdem f\u00fcr praxisnahe und zuverl\u00e4ssige L\u00f6sungen in der Geb\u00e4udetechnik. Mit einem [&hellip;]\" \/>\n<meta property=\"og:url\" content=\"https:\/\/commerces.clervaux.lu\/de\/commerces\/igtlux\/\" \/>\n<meta property=\"og:site_name\" content=\"Administration Communale de Clervaux\" \/>\n<meta property=\"article:modified_time\" content=\"2026-03-12T14:16:22+00:00\" \/>\n<meta name=\"twitter:card\" content=\"summary_large_image\" \/>\n<meta name=\"twitter:label1\" content=\"Gesch\u00e4tzte Lesezeit\" \/>\n\t<meta name=\"twitter:data1\" content=\"1\u00a0Minute\" \/>\n<script type=\"application\/ld+json\" class=\"yoast-schema-graph\">{\"@context\":\"https:\/\/schema.org\",\"@graph\":[{\"@type\":\"WebPage\",\"@id\":\"https:\/\/commerces.clervaux.lu\/de\/commerces\/igtlux\/\",\"url\":\"https:\/\/commerces.clervaux.lu\/de\/commerces\/igtlux\/\",\"name\":\"IGTLUX - Administration Communale de Clervaux\",\"isPartOf\":{\"@id\":\"https:\/\/commerces.clervaux.lu\/de\/#website\"},\"datePublished\":\"2026-03-12T09:06:56+00:00\",\"dateModified\":\"2026-03-12T14:16:22+00:00\",\"breadcrumb\":{\"@id\":\"https:\/\/commerces.clervaux.lu\/de\/commerces\/igtlux\/#breadcrumb\"},\"inLanguage\":\"de\",\"potentialAction\":[{\"@type\":\"ReadAction\",\"target\":[\"https:\/\/commerces.clervaux.lu\/de\/commerces\/igtlux\/\"]}]},{\"@type\":\"BreadcrumbList\",\"@id\":\"https:\/\/commerces.clervaux.lu\/de\/commerces\/igtlux\/#breadcrumb\",\"itemListElement\":[{\"@type\":\"ListItem\",\"position\":1,\"name\":\"Home\",\"item\":\"https:\/\/commerces.clervaux.lu\/de\/\"},{\"@type\":\"ListItem\",\"position\":2,\"name\":\"Commerces\",\"item\":\"https:\/\/commerces.clervaux.lu\/commerces\/\"},{\"@type\":\"ListItem\",\"position\":3,\"name\":\"Handwerk\",\"item\":\"https:\/\/commerces.clervaux.lu\/de\/type\/handwerk\/\"},{\"@type\":\"ListItem\",\"position\":4,\"name\":\"IGTLUX\"}]},{\"@type\":\"WebSite\",\"@id\":\"https:\/\/commerces.clervaux.lu\/de\/#website\",\"url\":\"https:\/\/commerces.clervaux.lu\/de\/\",\"name\":\"Administration Communale de Clervaux\",\"description\":\"Un site utilisant WordPress\",\"potentialAction\":[{\"@type\":\"SearchAction\",\"target\":{\"@type\":\"EntryPoint\",\"urlTemplate\":\"https:\/\/commerces.clervaux.lu\/de\/?s={search_term_string}\"},\"query-input\":\"required name=search_term_string\"}],\"inLanguage\":\"de\"}]}<\/script>\n<!-- \/ Yoast SEO plugin. -->","yoast_head_json":{"title":"IGTLUX - Administration Communale de Clervaux","robots":{"index":"index","follow":"follow","max-snippet":"max-snippet:-1","max-image-preview":"max-image-preview:large","max-video-preview":"max-video-preview:-1"},"canonical":"https:\/\/commerces.clervaux.lu\/de\/commerces\/igtlux\/","og_locale":"de_DE","og_type":"article","og_title":"IGTLUX - Administration Communale de Clervaux","og_description":"Unser Unternehmen wurde 2022 in Marnach gegr\u00fcndet und steht seitdem f\u00fcr praxisnahe und zuverl\u00e4ssige L\u00f6sungen in der Geb\u00e4udetechnik. Mit einem [&hellip;]","og_url":"https:\/\/commerces.clervaux.lu\/de\/commerces\/igtlux\/","og_site_name":"Administration Communale de Clervaux","article_modified_time":"2026-03-12T14:16:22+00:00","twitter_card":"summary_large_image","twitter_misc":{"Gesch\u00e4tzte Lesezeit":"1\u00a0Minute"},"schema":{"@context":"https:\/\/schema.org","@graph":[{"@type":"WebPage","@id":"https:\/\/commerces.clervaux.lu\/de\/commerces\/igtlux\/","url":"https:\/\/commerces.clervaux.lu\/de\/commerces\/igtlux\/","name":"IGTLUX - Administration Communale de Clervaux","isPartOf":{"@id":"https:\/\/commerces.clervaux.lu\/de\/#website"},"datePublished":"2026-03-12T09:06:56+00:00","dateModified":"2026-03-12T14:16:22+00:00","breadcrumb":{"@id":"https:\/\/commerces.clervaux.lu\/de\/commerces\/igtlux\/#breadcrumb"},"inLanguage":"de","potentialAction":[{"@type":"ReadAction","target":["https:\/\/commerces.clervaux.lu\/de\/commerces\/igtlux\/"]}]},{"@type":"BreadcrumbList","@id":"https:\/\/commerces.clervaux.lu\/de\/commerces\/igtlux\/#breadcrumb","itemListElement":[{"@type":"ListItem","position":1,"name":"Home","item":"https:\/\/commerces.clervaux.lu\/de\/"},{"@type":"ListItem","position":2,"name":"Commerces","item":"https:\/\/commerces.clervaux.lu\/commerces\/"},{"@type":"ListItem","position":3,"name":"Handwerk","item":"https:\/\/commerces.clervaux.lu\/de\/type\/handwerk\/"},{"@type":"ListItem","position":4,"name":"IGTLUX"}]},{"@type":"WebSite","@id":"https:\/\/commerces.clervaux.lu\/de\/#website","url":"https:\/\/commerces.clervaux.lu\/de\/","name":"Administration Communale de Clervaux","description":"Un site utilisant WordPress","potentialAction":[{"@type":"SearchAction","target":{"@type":"EntryPoint","urlTemplate":"https:\/\/commerces.clervaux.lu\/de\/?s={search_term_string}"},"query-input":"required name=search_term_string"}],"inLanguage":"de"}]}},"publishpress_future_action":{"enabled":false,"date":"2026-05-08 19:59:40","action":"draft","terms":[],"taxonomy":"listing_category"},"_links":{"self":[{"href":"https:\/\/commerces.clervaux.lu\/de\/wp-json\/wp\/v2\/listing\/5029","targetHints":{"allow":["GET"]}}],"collection":[{"href":"https:\/\/commerces.clervaux.lu\/de\/wp-json\/wp\/v2\/listing"}],"about":[{"href":"https:\/\/commerces.clervaux.lu\/de\/wp-json\/wp\/v2\/types\/listing"}],"wp:attachment":[{"href":"https:\/\/commerces.clervaux.lu\/de\/wp-json\/wp\/v2\/media?parent=5029"}],"wp:term":[{"taxonomy":"listing_category","embeddable":true,"href":"https:\/\/commerces.clervaux.lu\/de\/wp-json\/wp\/v2\/listing_category?post=5029"},{"taxonomy":"listing_location","embeddable":true,"href":"https:\/\/commerces.clervaux.lu\/de\/wp-json\/wp\/v2\/listing_location?post=5029"},{"taxonomy":"listing_tag","embeddable":true,"href":"https:\/\/commerces.clervaux.lu\/de\/wp-json\/wp\/v2\/listing_tag?post=5029"}],"curies":[{"name":"wp","href":"https:\/\/api.w.org\/{rel}","templated":true}]}}

<p>Unser Unternehmen wurde 2022 in Marnach gegründet und steht seitdem für praxisnahe und zuverlässige Lösungen in der Gebäudetechnik. Mit einem Team von vier bis fünf Mitarbeitern betreuen wir Kunden in Luxemburg und der angrenzenden Grenzregion in Deutschland.</p>



<p>Unsere Leistungen reichen von der kompletten Badsanierung über Sanitär- und Heizungsinstallationen bis hin zu Smart Home-Systemen (Loxone, KNX), Wärmepumpen und PV-Anlagen. Wir kombinieren handwerkliche Präzision mit moderner Technik – für Ergebnisse, die heute überzeugen und auch in Zukunft Bestand haben.</p>



<p>Geführt wird das Unternehmen von zwei Technikern mit unterschiedlichen Schwerpunkten: einer mit dem Abschluss als Techniker für Technische Gebäudeausrüstung, der andere als Techniker für Elektrotechnik. Diese Kombination ermöglicht uns, Projekte ganzheitlich zu betrachten – von der Planung über die Umsetzung bis hin zur technischen Feinabstimmung.</p>



<p>Unser Anspruch ist es, Kunden klare, funktionale und zukunftsfähige Lösungen zu bieten. Ob im Badezimmer, bei der Heizungsmodernisierung oder in der Gebäudeautomation: Wir arbeiten zuverlässig, technisch versiert und immer auf die Anforderungen unserer Kunden zugeschnitten.</p>

<!-- This site is optimized with the Yoast SEO plugin v22.3 - https://yoast.com/wordpress/plugins/seo/ -->
<title>IGTLUX - Administration Communale de Clervaux</title>
<meta name="robots" content="index, follow, max-snippet:-1, max-image-preview:large, max-video-preview:-1" />
<link rel="canonical" href="https://commerces.clervaux.lu/de/commerces/igtlux/" />
<meta property="og:locale" content="de_DE" />
<meta property="og:type" content="article" />
<meta property="og:title" content="IGTLUX - Administration Communale de Clervaux" />
<meta property="og:description" content="Unser Unternehmen wurde 2022 in Marnach gegründet und steht seitdem für praxisnahe und zuverlässige Lösungen in der Gebäudetechnik. Mit einem [&hellip;]" />
<meta property="og:url" content="https://commerces.clervaux.lu/de/commerces/igtlux/" />
<meta property="og:site_name" content="Administration Communale de Clervaux" />
<meta property="article:modified_time" content="2026-03-12T14:16:22+00:00" />
<meta name="twitter:card" content="summary_large_image" />
<meta name="twitter:label1" content="Geschätzte Lesezeit" />
	<meta name="twitter:data1" content="1 Minute" />
<script type="application/ld+json" class="yoast-schema-graph">{"@context":"https://schema.org","@graph":[{"@type":"WebPage","@id":"https://commerces.clervaux.lu/de/commerces/igtlux/","url":"https://commerces.clervaux.lu/de/commerces/igtlux/","name":"IGTLUX - Administration Communale de Clervaux","isPartOf":{"@id":"https://commerces.clervaux.lu/de/#website"},"datePublished":"2026-03-12T09:06:56+00:00","dateModified":"2026-03-12T14:16:22+00:00","breadcrumb":{"@id":"https://commerces.clervaux.lu/de/commerces/igtlux/#breadcrumb"},"inLanguage":"de","potentialAction":[{"@type":"ReadAction","target":["https://commerces.clervaux.lu/de/commerces/igtlux/"]}]},{"@type":"BreadcrumbList","@id":"https://commerces.clervaux.lu/de/commerces/igtlux/#breadcrumb","itemListElement":[{"@type":"ListItem","position":1,"name":"Home","item":"https://commerces.clervaux.lu/de/"},{"@type":"ListItem","position":2,"name":"Commerces","item":"https://commerces.clervaux.lu/commerces/"},{"@type":"ListItem","position":3,"name":"Handwerk","item":"https://commerces.clervaux.lu/de/type/handwerk/"},{"@type":"ListItem","position":4,"name":"IGTLUX"}]},{"@type":"WebSite","@id":"https://commerces.clervaux.lu/de/#website","url":"https://commerces.clervaux.lu/de/","name":"Administration Communale de Clervaux","description":"Un site utilisant WordPress","potentialAction":[{"@type":"SearchAction","target":{"@type":"EntryPoint","urlTemplate":"https://commerces.clervaux.lu/de/?s={search_term_string}"},"query-input":"required name=search_term_string"}],"inLanguage":"de"}]}</script>
<!-- / Yoast SEO plugin. -->

Unser Unternehmen wurde 2022 in Marnach gegründet und steht seitdem für praxisnahe und zuverlässige Lösungen in der Gebäudetechnik. Mit einem [&hellip;]
