{"id":2128,"date":"2020-02-06T14:20:22","date_gmt":"2020-02-06T13:20:22","guid":{"rendered":"https:\/\/commerces.clervaux.lu\/a-propos\/"},"modified":"2025-01-31T11:09:29","modified_gmt":"2025-01-31T10:09:29","slug":"a-propos","status":"publish","type":"page","link":"https:\/\/commerces.clervaux.lu\/de\/a-propos\/","title":{"rendered":"Pakt Pro Commerce"},"content":{"rendered":"<p><strong>Clerf: Eine innovative Gemeinde im Dienst der lokalen Gesch\u00e4fte<\/strong><\/p>\n<p>Die Gemeinde Clerf, bestehend aus 17 Ortschaften und mehr als 6000 Einwohnern, unterst\u00fctzt aktiv ihre Gesch\u00e4fte und Unternehmen. Sie setzt sich daf\u00fcr ein, die Bereiche Handel, Tourismus, Kultur und Gastronomie zu f\u00f6rdern und neu zu gestalten. Im Rahmen der Initiative <em>Pakt Pro Commerce*<\/em> engagiert sich die Gemeinde Clerf f\u00fcr die Entwicklung moderner L\u00f6sungen f\u00fcr den Einzelhandel.<\/p>\n<p>Das City Management der Gemeinde hat in diesem Sinne eine digitale Plattform geschaffen, die das gesamte lokale Angebot vereint: regionale K\u00fcche, Produkte aus der Region, Unterk\u00fcnfte, traditionelle und moderne Gesch\u00e4fte sowie Einkaufszonen in Marnach und Fischbach. Diese digitale Vitrine erm\u00f6glicht es den B\u00fcrgern und Besuchern, das gesamte lokale Angebot zu entdecken, w\u00e4hrend sie den H\u00e4ndlern nationale und internationale Sichtbarkeit verschafft.<\/p>\n<p><em>* Die Initiative Pakt PRO Commerce wurde im April 2016 vom Wirtschaftsministerium (MECO), der Handelskammer (CdC) und der luxemburgischen Handelskonf\u00f6deration (clc) ins Leben gerufen.<\/em><\/p>\n<p>&nbsp;<\/p>\n","protected":false},"excerpt":{"rendered":"<p>Clerf: Eine innovative Gemeinde im Dienst der lokalen Gesch\u00e4fte Die Gemeinde Clerf, bestehend aus 17 Ortschaften und mehr als 6000 [&hellip;]<\/p>\n","protected":false},"author":2,"featured_media":1188,"parent":0,"menu_order":2,"comment_status":"closed","ping_status":"closed","template":"","meta":{"_acf_changed":false,"footnotes":""},"class_list":["post-2128","page","type-page","status-publish","has-post-thumbnail","hentry"],"acf":[],"yoast_head":"<!-- This site is optimized with the Yoast SEO plugin v22.3 - https:\/\/yoast.com\/wordpress\/plugins\/seo\/ -->\n<title>Pakt Pro Commerce - Administration Communale de Clervaux<\/title>\n<meta name=\"robots\" content=\"index, follow, max-snippet:-1, max-image-preview:large, max-video-preview:-1\" \/>\n<link rel=\"canonical\" href=\"https:\/\/commerces.clervaux.lu\/a-propos\/\" \/>\n<meta property=\"og:locale\" content=\"de_DE\" \/>\n<meta property=\"og:type\" content=\"article\" \/>\n<meta property=\"og:title\" content=\"Pakt Pro Commerce - Administration Communale de Clervaux\" \/>\n<meta property=\"og:description\" content=\"Clerf: Eine innovative Gemeinde im Dienst der lokalen Gesch\u00e4fte Die Gemeinde Clerf, bestehend aus 17 Ortschaften und mehr als 6000 [&hellip;]\" \/>\n<meta property=\"og:url\" content=\"https:\/\/commerces.clervaux.lu\/a-propos\/\" \/>\n<meta property=\"og:site_name\" content=\"Administration Communale de Clervaux\" \/>\n<meta property=\"article:modified_time\" content=\"2025-01-31T10:09:29+00:00\" \/>\n<meta property=\"og:image\" content=\"https:\/\/commerces.clervaux.lu\/wp-content\/uploads\/1-DJI_0792-1024x682.jpg\" \/>\n\t<meta property=\"og:image:width\" content=\"1024\" \/>\n\t<meta property=\"og:image:height\" content=\"682\" \/>\n\t<meta property=\"og:image:type\" content=\"image\/jpeg\" \/>\n<meta name=\"twitter:card\" content=\"summary_large_image\" \/>\n<meta name=\"twitter:label1\" content=\"Gesch\u00e4tzte Lesezeit\" \/>\n\t<meta name=\"twitter:data1\" content=\"1\u00a0Minute\" \/>\n<script type=\"application\/ld+json\" class=\"yoast-schema-graph\">{\"@context\":\"https:\/\/schema.org\",\"@graph\":[{\"@type\":\"WebPage\",\"@id\":\"https:\/\/commerces.clervaux.lu\/a-propos\/\",\"url\":\"https:\/\/commerces.clervaux.lu\/a-propos\/\",\"name\":\"Pakt Pro Commerce - Administration Communale de Clervaux\",\"isPartOf\":{\"@id\":\"https:\/\/commerces.clervaux.lu\/de\/#website\"},\"primaryImageOfPage\":{\"@id\":\"https:\/\/commerces.clervaux.lu\/a-propos\/#primaryimage\"},\"image\":{\"@id\":\"https:\/\/commerces.clervaux.lu\/a-propos\/#primaryimage\"},\"thumbnailUrl\":\"https:\/\/commerces.clervaux.lu\/wp-content\/uploads\/1-DJI_0792.jpg\",\"datePublished\":\"2020-02-06T13:20:22+00:00\",\"dateModified\":\"2025-01-31T10:09:29+00:00\",\"breadcrumb\":{\"@id\":\"https:\/\/commerces.clervaux.lu\/a-propos\/#breadcrumb\"},\"inLanguage\":\"de\",\"potentialAction\":[{\"@type\":\"ReadAction\",\"target\":[\"https:\/\/commerces.clervaux.lu\/a-propos\/\"]}]},{\"@type\":\"ImageObject\",\"inLanguage\":\"de\",\"@id\":\"https:\/\/commerces.clervaux.lu\/a-propos\/#primaryimage\",\"url\":\"https:\/\/commerces.clervaux.lu\/wp-content\/uploads\/1-DJI_0792.jpg\",\"contentUrl\":\"https:\/\/commerces.clervaux.lu\/wp-content\/uploads\/1-DJI_0792.jpg\",\"width\":2560,\"height\":1705,\"caption\":\"Vue Clerf \/ Page A propos\"},{\"@type\":\"BreadcrumbList\",\"@id\":\"https:\/\/commerces.clervaux.lu\/a-propos\/#breadcrumb\",\"itemListElement\":[{\"@type\":\"ListItem\",\"position\":1,\"name\":\"Home\",\"item\":\"https:\/\/commerces.clervaux.lu\/de\/\"},{\"@type\":\"ListItem\",\"position\":2,\"name\":\"Pakt Pro Commerce\"}]},{\"@type\":\"WebSite\",\"@id\":\"https:\/\/commerces.clervaux.lu\/de\/#website\",\"url\":\"https:\/\/commerces.clervaux.lu\/de\/\",\"name\":\"Administration Communale de Clervaux\",\"description\":\"Un site utilisant WordPress\",\"potentialAction\":[{\"@type\":\"SearchAction\",\"target\":{\"@type\":\"EntryPoint\",\"urlTemplate\":\"https:\/\/commerces.clervaux.lu\/de\/?s={search_term_string}\"},\"query-input\":\"required name=search_term_string\"}],\"inLanguage\":\"de\"}]}<\/script>\n<!-- \/ Yoast SEO plugin. -->","yoast_head_json":{"title":"Pakt Pro Commerce - Administration Communale de Clervaux","robots":{"index":"index","follow":"follow","max-snippet":"max-snippet:-1","max-image-preview":"max-image-preview:large","max-video-preview":"max-video-preview:-1"},"canonical":"https:\/\/commerces.clervaux.lu\/a-propos\/","og_locale":"de_DE","og_type":"article","og_title":"Pakt Pro Commerce - Administration Communale de Clervaux","og_description":"Clerf: Eine innovative Gemeinde im Dienst der lokalen Gesch\u00e4fte Die Gemeinde Clerf, bestehend aus 17 Ortschaften und mehr als 6000 [&hellip;]","og_url":"https:\/\/commerces.clervaux.lu\/a-propos\/","og_site_name":"Administration Communale de Clervaux","article_modified_time":"2025-01-31T10:09:29+00:00","og_image":[{"width":1024,"height":682,"url":"https:\/\/commerces.clervaux.lu\/wp-content\/uploads\/1-DJI_0792-1024x682.jpg","type":"image\/jpeg"}],"twitter_card":"summary_large_image","twitter_misc":{"Gesch\u00e4tzte Lesezeit":"1\u00a0Minute"},"schema":{"@context":"https:\/\/schema.org","@graph":[{"@type":"WebPage","@id":"https:\/\/commerces.clervaux.lu\/a-propos\/","url":"https:\/\/commerces.clervaux.lu\/a-propos\/","name":"Pakt Pro Commerce - Administration Communale de Clervaux","isPartOf":{"@id":"https:\/\/commerces.clervaux.lu\/de\/#website"},"primaryImageOfPage":{"@id":"https:\/\/commerces.clervaux.lu\/a-propos\/#primaryimage"},"image":{"@id":"https:\/\/commerces.clervaux.lu\/a-propos\/#primaryimage"},"thumbnailUrl":"https:\/\/commerces.clervaux.lu\/wp-content\/uploads\/1-DJI_0792.jpg","datePublished":"2020-02-06T13:20:22+00:00","dateModified":"2025-01-31T10:09:29+00:00","breadcrumb":{"@id":"https:\/\/commerces.clervaux.lu\/a-propos\/#breadcrumb"},"inLanguage":"de","potentialAction":[{"@type":"ReadAction","target":["https:\/\/commerces.clervaux.lu\/a-propos\/"]}]},{"@type":"ImageObject","inLanguage":"de","@id":"https:\/\/commerces.clervaux.lu\/a-propos\/#primaryimage","url":"https:\/\/commerces.clervaux.lu\/wp-content\/uploads\/1-DJI_0792.jpg","contentUrl":"https:\/\/commerces.clervaux.lu\/wp-content\/uploads\/1-DJI_0792.jpg","width":2560,"height":1705,"caption":"Vue Clerf \/ Page A propos"},{"@type":"BreadcrumbList","@id":"https:\/\/commerces.clervaux.lu\/a-propos\/#breadcrumb","itemListElement":[{"@type":"ListItem","position":1,"name":"Home","item":"https:\/\/commerces.clervaux.lu\/de\/"},{"@type":"ListItem","position":2,"name":"Pakt Pro Commerce"}]},{"@type":"WebSite","@id":"https:\/\/commerces.clervaux.lu\/de\/#website","url":"https:\/\/commerces.clervaux.lu\/de\/","name":"Administration Communale de Clervaux","description":"Un site utilisant WordPress","potentialAction":[{"@type":"SearchAction","target":{"@type":"EntryPoint","urlTemplate":"https:\/\/commerces.clervaux.lu\/de\/?s={search_term_string}"},"query-input":"required name=search_term_string"}],"inLanguage":"de"}]}},"_links":{"self":[{"href":"https:\/\/commerces.clervaux.lu\/de\/wp-json\/wp\/v2\/pages\/2128","targetHints":{"allow":["GET"]}}],"collection":[{"href":"https:\/\/commerces.clervaux.lu\/de\/wp-json\/wp\/v2\/pages"}],"about":[{"href":"https:\/\/commerces.clervaux.lu\/de\/wp-json\/wp\/v2\/types\/page"}],"author":[{"embeddable":true,"href":"https:\/\/commerces.clervaux.lu\/de\/wp-json\/wp\/v2\/users\/2"}],"replies":[{"embeddable":true,"href":"https:\/\/commerces.clervaux.lu\/de\/wp-json\/wp\/v2\/comments?post=2128"}],"version-history":[{"count":0,"href":"https:\/\/commerces.clervaux.lu\/de\/wp-json\/wp\/v2\/pages\/2128\/revisions"}],"wp:featuredmedia":[{"embeddable":true,"href":"https:\/\/commerces.clervaux.lu\/de\/wp-json\/wp\/v2\/media\/1188"}],"wp:attachment":[{"href":"https:\/\/commerces.clervaux.lu\/de\/wp-json\/wp\/v2\/media?parent=2128"}],"curies":[{"name":"wp","href":"https:\/\/api.w.org\/{rel}","templated":true}]}}

<p><strong>Clerf: Eine innovative Gemeinde im Dienst der lokalen Geschäfte</strong></p>
<p>Die Gemeinde Clerf, bestehend aus 17 Ortschaften und mehr als 6000 Einwohnern, unterstützt aktiv ihre Geschäfte und Unternehmen. Sie setzt sich dafür ein, die Bereiche Handel, Tourismus, Kultur und Gastronomie zu fördern und neu zu gestalten. Im Rahmen der Initiative <em>Pakt Pro Commerce*</em> engagiert sich die Gemeinde Clerf für die Entwicklung moderner Lösungen für den Einzelhandel.</p>
<p>Das City Management der Gemeinde hat in diesem Sinne eine digitale Plattform geschaffen, die das gesamte lokale Angebot vereint: regionale Küche, Produkte aus der Region, Unterkünfte, traditionelle und moderne Geschäfte sowie Einkaufszonen in Marnach und Fischbach. Diese digitale Vitrine ermöglicht es den Bürgern und Besuchern, das gesamte lokale Angebot zu entdecken, während sie den Händlern nationale und internationale Sichtbarkeit verschafft.</p>
<p><em>* Die Initiative Pakt PRO Commerce wurde im April 2016 vom Wirtschaftsministerium (MECO), der Handelskammer (CdC) und der luxemburgischen Handelskonföderation (clc) ins Leben gerufen.</em></p>
<p>&nbsp;</p>

<p>Clerf: Eine innovative Gemeinde im Dienst der lokalen Geschäfte Die Gemeinde Clerf, bestehend aus 17 Ortschaften und mehr als 6000 [&hellip;]</p>

<!-- This site is optimized with the Yoast SEO plugin v22.3 - https://yoast.com/wordpress/plugins/seo/ -->
<title>Pakt Pro Commerce - Administration Communale de Clervaux</title>
<meta name="robots" content="index, follow, max-snippet:-1, max-image-preview:large, max-video-preview:-1" />
<link rel="canonical" href="https://commerces.clervaux.lu/a-propos/" />
<meta property="og:locale" content="de_DE" />
<meta property="og:type" content="article" />
<meta property="og:title" content="Pakt Pro Commerce - Administration Communale de Clervaux" />
<meta property="og:description" content="Clerf: Eine innovative Gemeinde im Dienst der lokalen Geschäfte Die Gemeinde Clerf, bestehend aus 17 Ortschaften und mehr als 6000 [&hellip;]" />
<meta property="og:url" content="https://commerces.clervaux.lu/a-propos/" />
<meta property="og:site_name" content="Administration Communale de Clervaux" />
<meta property="article:modified_time" content="2025-01-31T10:09:29+00:00" />
<meta property="og:image" content="https://commerces.clervaux.lu/wp-content/uploads/1-DJI_0792-1024x682.jpg" />
	<meta property="og:image:width" content="1024" />
	<meta property="og:image:height" content="682" />
	<meta property="og:image:type" content="image/jpeg" />
<meta name="twitter:card" content="summary_large_image" />
<meta name="twitter:label1" content="Geschätzte Lesezeit" />
	<meta name="twitter:data1" content="1 Minute" />
<script type="application/ld+json" class="yoast-schema-graph">{"@context":"https://schema.org","@graph":[{"@type":"WebPage","@id":"https://commerces.clervaux.lu/a-propos/","url":"https://commerces.clervaux.lu/a-propos/","name":"Pakt Pro Commerce - Administration Communale de Clervaux","isPartOf":{"@id":"https://commerces.clervaux.lu/de/#website"},"primaryImageOfPage":{"@id":"https://commerces.clervaux.lu/a-propos/#primaryimage"},"image":{"@id":"https://commerces.clervaux.lu/a-propos/#primaryimage"},"thumbnailUrl":"https://commerces.clervaux.lu/wp-content/uploads/1-DJI_0792.jpg","datePublished":"2020-02-06T13:20:22+00:00","dateModified":"2025-01-31T10:09:29+00:00","breadcrumb":{"@id":"https://commerces.clervaux.lu/a-propos/#breadcrumb"},"inLanguage":"de","potentialAction":[{"@type":"ReadAction","target":["https://commerces.clervaux.lu/a-propos/"]}]},{"@type":"ImageObject","inLanguage":"de","@id":"https://commerces.clervaux.lu/a-propos/#primaryimage","url":"https://commerces.clervaux.lu/wp-content/uploads/1-DJI_0792.jpg","contentUrl":"https://commerces.clervaux.lu/wp-content/uploads/1-DJI_0792.jpg","width":2560,"height":1705,"caption":"Vue Clerf / Page A propos"},{"@type":"BreadcrumbList","@id":"https://commerces.clervaux.lu/a-propos/#breadcrumb","itemListElement":[{"@type":"ListItem","position":1,"name":"Home","item":"https://commerces.clervaux.lu/de/"},{"@type":"ListItem","position":2,"name":"Pakt Pro Commerce"}]},{"@type":"WebSite","@id":"https://commerces.clervaux.lu/de/#website","url":"https://commerces.clervaux.lu/de/","name":"Administration Communale de Clervaux","description":"Un site utilisant WordPress","potentialAction":[{"@type":"SearchAction","target":{"@type":"EntryPoint","urlTemplate":"https://commerces.clervaux.lu/de/?s={search_term_string}"},"query-input":"required name=search_term_string"}],"inLanguage":"de"}]}</script>
<!-- / Yoast SEO plugin. -->

Clerf: Eine innovative Gemeinde im Dienst der lokalen Geschäfte Die Gemeinde Clerf, bestehend aus 17 Ortschaften und mehr als 6000 [&hellip;]
